{"text_format":"1","workbook":"xlsx","n_sheets":11,"sheets":["JMF SUBMITTAL FORM","JMF INPUT SHEET","STATUS LETTER","LOOKUP TABLES","AGG MATL CD LIST","RM_NAME_CODE","AGG PROD LIST","AGG MATL LIST","Cm MATL LIST","ADMIX PS LIST","ADMIX PRODUCT LIST"],"not_rendered":{"charts":0,"images":1,"macros":1,"external_links":0,"defined_names":29,"comments":0,"pivot_tables":0},"unopened":[],"bounds":{"document_bytes":16777216,"sheet_cells":100000,"rows_first":2000,"rows_last":500,"rows_between":2000,"halvings":0,"cell_chars":16384,"cell_head_chars":4096},"cells_cut":0,"cells_raw":0,"read":"whole","date_system":"1900"}

{"sheet":"JMF SUBMITTAL FORM","index":0,"n_rows":150,"n_cols":36,"rows_kept":150,"cut":false,"hidden":false,"merged":[[94,0,121,1],[93,0,93,36],[112,14,112,16],[112,19,112,21],[112,9,112,11],[110,25,110,26],[85,18,85,19],[98,19,98,21],[108,9,108,11],[97,27,120,28],[114,14,114,16],[110,14,110,16],[120,2,120,7],[120,9,120,11],[100,2,100,7],[112,2,112,7],[106,9,106,11],[104,9,104,11],[100,25,100,26],[102,25,102,26],[118,9,118,11],[102,2,102,7],[104,2,104,7],[106,2,106,7],[140,28,140,29],[138,31,138,34],[81,0,81,36],[91,3,91,5],[89,3,89,5],[87,3,87,5],[85,3,85,5],[91,6,91,8],[89,6,89,8],[87,6,87,8],[85,6,85,8],[87,29,87,32],[85,29,85,32],[89,18,89,19],[91,18,91,19],[85,21,85,23],[87,21,87,23],[132,22,132,27],[82,0,92,1],[102,29,102,31],[100,29,100,31],[98,29,98,31],[98,9,98,11],[98,14,98,16],[39,3,39,16],[108,14,108,16],[98,24,98,26],[108,19,108,21],[95,23,96,27],[87,18,87,19],[47,26,47,31],[65,26,65,30],[68,27,68,31],[106,25,106,26],[108,25,108,26],[104,25,104,26],[63,6,63,7],[63,9,63,13],[63,14,63,15],[63,17,63,21],[55,3,55,11],[53,3,53,11],[53,13,53,24],[55,30,55,31],[53,30,53,31],[89,25,89,27],[87,25,87,27],[85,25,85,27],[41,3,41,16],[45,18,45,24],[43,18,43,24],[70,32,70,34],[95,8,96,12],[95,13,96,17],[95,18,96,22],[82,3,82,14],[82,21,82,32],[70,13,70,25],[72,3,72,11],[70,3,70,11],[72,32,72,34],[76,32,76,34],[74,32,74,34],[76,27,76,31],[51,3,51,11],[51,13,51,24],[45,32,45,34],[43,32,43,34],[41,32,41,34],[91,29,91,32],[57,32,57,34],[55,32,55,34],[53,32,53,34],[59,13,59,24],[57,13,57,24],[55,13,55,24],[62,22,64,24],[63,32,63,34],[63,26,63,31],[55,26,55,27],[53,26,53,27],[61,32,61,34],[61,28,61,31],[61,1,61,17],[72,0,72,2],[76,0,76,2],[70,27,70,31],[72,27,72,31],[74,27,74,31],[74,0,74,2],[74,13,74,25],[72,13,72,25],[83,25,83,27],[83,15,83,19],[83,5,83,9],[70,0,70,2],[83,10,83,12],[124,5,124,7],[116,9,116,11],[110,9,110,11],[120,19,120,21],[118,19,118,21],[116,19,116,21],[114,19,114,21],[110,19,110,21],[120,14,120,16],[108,2,108,7],[110,2,110,7],[74,3,74,11],[76,13,76,25],[82,16,82,20],[102,19,102,21],[100,19,100,21],[106,14,106,16],[104,14,104,16],[106,19,106,21],[104,19,104,21],[100,24,120,24],[98,2,98,7],[114,2,114,7],[116,2,116,7],[76,3,76,11],[118,2,118,7],[91,10,91,12],[89,10,89,12],[102,14,102,16],[100,14,100,16],[89,21,89,23],[91,21,91,23],[91,25,91,27],[102,9,102,11],[126,17,126,19],[110,29,110,31],[108,29,108,31],[106,29,106,31],[104,29,104,31],[126,22,126,27],[124,22,124,27],[112,25,112,26],[118,14,118,16],[116,14,116,16],[138,28,138,29],[136,30,136,35],[134,22,134,25],[136,22,136,25],[128,28,128,30],[126,28,126,30],[128,17,128,19],[114,9,114,11],[126,11,126,13],[134,11,134,13],[124,28,124,30],[114,25,114,26],[116,25,116,26],[118,25,118,26],[120,25,120,26],[124,17,124,19],[124,11,124,13],[136,26,136,28],[134,26,134,28],[132,28,132,29],[130,22,130,27],[130,28,130,29],[128,22,128,27],[128,11,128,13],[126,5,126,7],[128,5,128,7],[126,32,126,35],[128,32,128,35],[130,32,130,35],[132,32,132,35],[59,30,59,31],[57,30,57,31],[57,0,57,2],[65,1,65,13],[59,32,59,34],[68,0,68,2],[122,0,122,36],[66,13,66,25],[68,13,68,25],[68,3,68,11],[63,2,63,5],[57,26,57,27],[59,0,59,2],[59,3,59,11],[57,3,57,11],[59,26,59,27],[89,29,89,32],[100,9,100,11],[140,5,140,7],[130,17,130,19],[130,5,130,7],[130,11,130,13],[132,5,132,7],[132,11,132,13],[134,5,134,7],[138,11,138,13],[138,17,138,19],[140,11,140,13],[140,17,140,19],[132,17,132,19],[134,17,134,19],[136,11,136,13],[136,17,136,19],[136,5,136,7],[138,5,138,7],[11,7,11,20],[15,7,15,20],[13,7,13,20],[23,0,23,36],[17,0,17,36],[24,0,24,8],[24,9,24,16],[18,0,18,36],[20,24,20,25],[20,18,20,20],[22,18,22,20],[22,21,22,23],[22,1,22,6],[20,1,20,6],[13,22,13,29],[15,22,15,29],[15,30,15,35],[13,30,13,35],[11,22,11,25],[11,26,11,35],[11,1,11,6],[20,32,20,33],[20,34,20,35],[24,18,24,21],[13,1,13,6],[15,1,15,6],[39,32,39,34],[39,18,39,24],[43,29,43,30],[41,29,41,30],[45,26,45,27],[43,26,43,27],[41,26,41,27],[24,22,24,24],[24,25,24,27],[29,30,29,34],[30,29,31,35],[33,0,33,36],[38,0,38,36],[39,0,39,2],[45,35,45,36],[41,0,41,2],[45,0,45,2],[45,3,45,16],[43,3,43,16],[20,7,20,10],[26,7,26,10],[26,12,26,15],[0,0,0,36],[9,0,9,36],[2,7,2,23],[4,7,4,23],[6,7,6,23],[6,30,6,35],[4,30,4,35],[2,30,2,35],[2,25,2,29],[4,25,4,29],[6,25,6,29],[2,1,2,6],[3,1,3,6],[4,1,4,6],[6,1,6,6],[8,0,8,36],[49,1,49,15],[51,26,51,27],[145,0,156,1],[145,2,156,19],[145,20,156,21],[147,31,149,35],[153,31,155,35],[138,21,138,27],[140,21,140,27],[142,11,142,13],[142,17,142,19],[142,5,142,7],[144,0,144,36],[147,23,147,29],[145,23,145,29],[149,23,149,29],[151,23,151,29],[123,0,143,1],[53,0,53,2],[55,0,55,2],[65,31,65,35],[68,32,68,34],[66,27,66,31],[66,3,66,11],[48,0,48,36],[43,0,43,2],[37,3,37,16],[37,18,37,24],[35,0,35,36],[36,1,36,14],[37,31,37,35],[34,0,34,15],[22,7,22,10],[37,26,37,27],[37,29,37,30],[37,0,37,2],[47,35,47,36],[45,29,45,30],[47,1,47,13],[39,29,39,30],[39,26,39,27],[47,14,47,16],[47,32,47,34],[41,18,41,24],[36,26,36,30],[43,35,43,36],[41,35,41,36],[39,35,39,36],[20,12,20,17],[22,12,22,17],[26,16,26,18],[26,20,26,23],[22,24,22,26],[26,24,26,35],[26,1,26,6],[36,33,36,34],[34,26,34,33],[34,34,34,36],[20,29,20,31],[20,21,20,23],[28,0,28,36],[20,27,20,28]]}
["CONCRETE PRODUCER INFORMATION"]
[]
[null,"Company Name",null,null,null,null,null,null,null,null,null,null,null,null,null,null,null,null,null,null,null,null,null,null,null,"P/S Number",null,null,null,null,{"$f":"IF(ISBLANK(H3),\" \",VLOOKUP(H3,RM_NAME_CODE!A:B,2,0))","v":" "}]
[]
[null,"Rep Name",null,null,null,null,null,null,null,null,null,null,null,null,null,null,null,null,null,null,null,null,null,null,null,"Plant Phone"]
[]
[null,"email address",null,null,null,null,null,null,null,null,null,null,null,null,null,null,null,null,null,null,null,null,null,null,null,"Cell Phone"]
[]
[]
["TESTING LABORATORY INFORMATION"]
[]
[null,"Lab Name",null,null,null,null,null,null,null,null,null,null,null,null,null,null,null,null,null,null,null,null,"Location"]
[]
[null,"Lab Rep",null,null,null,null,null,null,null,null,null,null,null,null,null,null,null,null,null,null,null,null,"Phone"]
[]
[null,"e mail Address",null,null,null,null,null,null,null,null,null,null,null,null,null,null,null,null,null,null,null,null,"AMRL Certified"]
[]
[]
["CONCRETE CLASS AND PERFROMANCE REQUIREMENTS"]
[]
[null,"Class",null,null,null,null,null,null,null,null,null,null,"Design Strength",null,null,null,null,null,{"$f":"IF(ISBLANK(H21),\" \",VLOOKUP(H21,'LOOKUP TABLES'!B4:I13,3,0))","v":" "},null,null,null,null,null,"psi",null,null,"Age",null,{"$f":"IF(ISBLANK($H$21),\" \",VLOOKUP($H$21,'LOOKUP TABLES'!$B$4:$I$13,4,0))","v":" "},null,null,null,null,"DAYS"]
[]
[null,"Material Code",null,null,null,null,null,{"$f":"IF(ISBLANK(H21),\" \",VLOOKUP(H21,'LOOKUP TABLES'!B4:I13,2,0))","v":" "},null,null,null,null,"Permeability",null,null,null,null,null,{"$f":"IF(ISBLANK($H$21),\" \",VLOOKUP($H$21,'LOOKUP TABLES'!$B$4:$I$13,5,0))","v":" "},null,null,null,null,null,"coulombs"]
[]
["Gradation Requirement: ",null,null,null,null,null,null,null,null,{"$f":"IF(ISBLANK($H$21),\" \",VLOOKUP($H$21,'LOOKUP TABLES'!$B$4:$I$13,6,0))","v":" "},null,null,null,null,null,null,null,null,"Overdesign",null,null,null,{"$f":"IF(ISBLANK(H21),\" \",VLOOKUP(H21,'LOOKUP TABLES'!B4:I13,8,0))","v":" "},null,null,{"$f":"IF(ISBLANK(V21),\" \",IF(V21>5000,(1.1*V21)+700,V21+1200))","v":" "}]
[]
[null,"Project Number",null,null,null,null,null,null,null,null,null,null,"Plan Page",null,null,null,null,null,null,null,"Description"]
[]
[]
[null,null,null,null,null,null,null,null,null,null,null,null,null,null,null,null,null,null,null,null,null,null,null,null,null,null,null,null,2,null,"RELATED JMF"]
[]
[]
[]
[]
["CONCRETE MIX DESIGN (PER CUBIC YARD)",null,null,null,null,null,null,null,null,null,null,null,null,null,null,null,null,null,null,null,null,null,null,null,null,null,"ABSOLUTE VOLUME=",null,null,null,null,null,null,null,{"$f":"'JMF INPUT SHEET'!K6","v":1.6199999999999999}]
[]
[null,"AGGREGATES ",null,null,null,null,null,null,null,null,null,null,null,null,null,null,null,null,null,null,null,null,null,null,null,null,"Gravity List"]
[null,null,null,"SOURCE - LOCATION",null,null,null,null,null,null,null,null,null,null,null,null,null,null,"SIZE & TYPE",null,null,null,null,null,null,null,"SP GR",null,null,"ABS",null,"DESIGN WT"]
[]
["AGG 1",null,null,null,null,null,null,null,null,null,null,null,null,null,null,null,null,null,null,null,null,null,null,null,null,null,null,null,null,null,null,null,null,null,null,{"$f":"IF(ISBLANK(AG40),\" \",AG40/AG48)","v":" "}]
[]
["AGG 2",null,null,null,null,null,null,null,null,null,null,null,null,null,null,null,null,null,null,null,null,null,null,null,null,null,null,null,null,null,null,null,null,null,null,{"$f":"IF(ISBLANK(AG42),\" \",AG42/AG48)","v":" "}]
[]
["AGG 3",null,null,null,null,null,null,null,null,null,null,null,null,null,null,null,null,null,null,null,null,null,null,null,null,null,null,null,null,null,null,null,null,null,null,{"$f":"IF(ISBLANK(AG44),\" \",AG44/AG48)","v":" "}]
[]
["AGG 4",null,null,null,null,null,null,null,null,null,null,null,null,null,null,null,null,null,null,null,null,null,null,null,null,null,null,null,null,null,null,null,null,null,null,{"$f":"IF(ISBLANK(AG46),\" \",AG46/AG48)","v":" "}]
[]
[null,"AGGREGATE CORRECTION FACTOR  (ACF)",null,null,null,null,null,null,null,null,null,null,null,null,null,null,null,null,null,null,null,null,null,null,null,null,"TOTAL AGG WT =",null,null,null,null,null,{"$f":"SUM(AG40,AG42,AG44,AG46)","v":0}]
[]
[null,"CEMENTITIOUS MATERIALS"]
[]
[null,null,null,"TYPE/GRADE/CLASS",null,null,null,null,null,null,null,null,null,"SOURCE",null,null,null,null,null,null,null,null,null,null,null,null,"SP GR"]
[]
["Cm 1",null,null,null,null,null,null,null,null,null,null,null,null,null,null,null,null,null,null,null,null,null,null,null,null,null,null,null,null,null,{"$f":"IF(ISBLANK(AG54),\" \",AG54/AG$62)","v":" "}]
[]
["Cm 2",null,null,null,null,null,null,null,null,null,null,null,null,null,null,null,null,null,null,null,null,null,null,null,null,null,null,null,null,null,{"$f":"IF(ISBLANK(AG56),\" \",AG56/AG$62)","v":" "}]
[]
["Cm 3",null,null,null,null,null,null,null,null,null,null,null,null,null,null,null,null,null,null,null,null,null,null,null,null,null,null,null,null,null,{"$f":"IF(ISBLANK(AG58),\" \",AG58/AG$62)","v":" "}]
[]
["Cm 4",null,null,null,null,null,null,null,null,null,null,null,null,null,null,null,null,null,null,null,null,null,null,null,null,null,null,null,null,null,{"$f":"IF(ISBLANK(AG60),\" \",AG60/AG$62)","v":" "}]
[]
[null,"AIR / SLUMP / WATER",null,null,null,null,null,null,null,null,null,null,null,null,null,null,null,null,null,null,null,null,null,null,null,null,null,null,"TOTAL Cm",null,null,null,{"$f":"SUM(AG54,AG56,AG58,AG60)","v":0}]
[null,null,null,null,null,null,null,null,null,null,null,null,null,null,null,null,null,null,null,null,null,null,{"$f":"AG64/AG62","v":{"$error":"#DIV/0!"}}]
[null,null,"DESIGN AIR",null,null,null,0.06,null,null,"DESIGN SLUMP",null,null,null,null,null,null,"in",{"$f":"IF(ISBLANK(AG64),\" \",\"W / Cm RATIO\")","v":" "},null,null,null,null,null,null,null,null,"WATER (lbs)"]
[]
[null,"ADMIXTURES",null,null,null,null,null,null,null,null,null,null,null,null,null,null,null,null,null,null,null,null,null,null,null,null,"QPL ",null,null,null,null,"DOSAGE RATE"]
[null,null,null,"COMPANY",null,null,null,null,null,null,null,null,null,"BRANDNAME",null,null,null,null,null,null,null,null,null,null,null,null,null,"TYPE",null,null,null,null,"OZ / CWT"]
[]
["ADMIX 1"]
[]
["ADMIX 2"]
[]
["ADMIX 3"]
[]
["ADMIX 4"]
[]
["ADMIX 5"]
[]
[]
[]
[]
[]
["SINGLE MIX",null,null,"STANDARD MIXES",null,null,null,null,null,null,null,null,null,null,null,null,{"$f":"H21","v":0},null,null,null,null,"HIGH EARLY STRENGTH MIXES"]
[null,null,null,null,null,"STRENGTH",null,null,null,null,"PERM",null,null,null,null,"TEST RESULTS",null,null,null,null,null,null,null,null,null,"M.O.R.",null,null,null,"MATURITY"]
[]
[null,null,null,"3 DAY",null,null,null,null,null,null,null,null,null,null,null,"AIR",null,null,null,null,null,{"$f":"IF(ISBLANK($Q$83),\" \",IF($Q$83=\"QC MS\",\"20 HR\",\"3 HR\"))","v":"3 HR"}]
[]
[null,null,null,"7 DAY",null,null,null,null,null,null,null,null,null,null,null,"SLUMP",null,null,null,null,null,{"$f":"IF(ISBLANK($Q$83),\" \",IF($Q$83=\"QC MS\",\"24 HR\",\"4 HR\"))","v":"4 HR"}]
[]
[null,null,null,"28 DAY",null,null,null,null,null,null,null,null,null,null,null,"UNIT WT",null,null,null,null,null,{"$f":"IF(ISBLANK($Q$83),\" \",IF($Q$83=\"QC MS\",\"28 HR\",\"6 HR\"))","v":"6 HR"}]
[]
[null,null,null,"56 DAY",null,null,null,null,null,null,null,null,null,null,null,"ACF",null,null,null,null,null,{"$f":"IF(ISBLANK($Q$83),\" \",IF($Q$83=\"QC MS\",\" \",\"8 HR\"))","v":"8 HR"}]
[]
[]
["3-POINT CURVE"]
[null,null,null,null,null,null,null,null,"MIX 1\nLOW W/C",null,null,null,null,"MIX 2\nMID W/C",null,null,null,null,"MIX 3\nHIGH W/C",null,null,null,null,"CHOSEN \nW/Cm"]
[]
[null,null,null,null,null,null,null,null,null,null,null,null,null,null,null,null,null,null,null,null,null,null,null,null,null,null,null,"DEVIATION FROM PROPOSED MIX"]
[null,null,"W/Cm RATIO",null,null,null,null,null,null,null,null,null,null,null,null,null,null,null,null,null,null,null,null,null,null,null,null,null,null,{"$f":"IF(ISBLANK(Y99),\"SELECT\",W63-Y99)","v":"SELECT"}]
[]
[null,null,"Cm CONTENT",null,null,null,null,null,null,null,null,null,null,null,null,null,null,null,null,null,null,null,null,null,"ESTIMATED VALUES",{"$f":"IF(ISBLANK(Y99),\" \",IF(Y$99<O$99,J101-(J101-O101)*((Y$99-J$99)/(O$99-J$99)),O101-(O101-T101)*((Y$99-O$99)/(T$99-O$99))))","v":" "},null,null,null,{"$f":"IF(ISBLANK(Y99),\" \",(AG62-Z101)/Z101)","v":" "}]
[]
[null,null,"WATER CONTENT",null,null,null,null,null,null,null,null,null,null,null,null,null,null,null,null,null,null,null,null,null,null,{"$f":"IF(ISBLANK(Z101),\" \",IF(Y$99<O$99,J103-(J103-O103)*((Y$99-J$99)/(O$99-J$99)),O103-(O103-T103)*((Y$99-O$99)/(T$99-O$99))))","v":{"$error":"#DIV/0!"}},null,null,null,{"$f":"IF(ISBLANK(Y99),\" \",(AG64-Z103)/Z103)","v":" "}]
[]
[null,null,"AGG 1",null,null,null,null,null,null,null,null,null,null,null,null,null,null,null,null,null,null,null,null,null,null,{"$f":"IF(ISBLANK(Z103),\" \",IF(Y$99<O$99,J105-(J105-O105)*((Y$99-J$99)/(O$99-J$99)),O105-(O105-T105)*((Y$99-O$99)/(T$99-O$99))))","v":{"$error":"#DIV/0!"}},null,null,null,{"$f":"IF(ISBLANK($Y$99),\" \",(AG40-Z105)/Z105)","v":" "}]
[]
[null,null,"AGG 2",null,null,null,null,null,null,null,null,null,null,null,null,null,null,null,null,null,null,null,null,null,null,{"$f":"IF(ISBLANK(Z105),\" \",IF(Y$99<O$99,J107-(J107-O107)*((Y$99-J$99)/(O$99-J$99)),O107-(O107-T107)*((Y$99-O$99)/(T$99-O$99))))","v":{"$error":"#DIV/0!"}},null,null,null,{"$f":"IF(ISBLANK($Y$99),\" \",(AG42-Z107)/Z107)","v":" "}]
[]
[null,null,"AGG 3",null,null,null,null,null,null,null,null,null,null,null,null,null,null,null,null,null,null,null,null,null,null,{"$f":"IF(ISBLANK(Z107),\" \",IF(Y$99<O$99,J109-(J109-O109)*((Y$99-J$99)/(O$99-J$99)),O109-(O109-T109)*((Y$99-O$99)/(T$99-O$99))))","v":{"$error":"#DIV/0!"}},null,null,null,{"$f":"IF(ISBLANK($Y$99),\" \",(AG44-Z109)/Z109)","v":" "}]
[]
[null,null,"AGG 4",null,null,null,null,null,null,null,null,null,null,null,null,null,null,null,null,null,null,null,null,null,null,{"$f":"IF(ISBLANK(Z109),\" \",IF(Y$99<O$99,J111-(J111-O111)*((Y$99-J$99)/(O$99-J$99)),O111-(O111-T111)*((Y$99-O$99)/(T$99-O$99))))","v":{"$error":"#DIV/0!"}},null,null,null,{"$f":"IF(ISBLANK($Y$99),\" \",(AG46-Z111)/Z111)","v":" "}]
[]
[null,null,"3 DAY PSI",null,null,null,null,null,null,null,null,null,null,null,null,null,null,null,null,null,null,null,null,null,null,{"$f":"IF(ISBLANK(Z109),\" \",IF(Y$99<O$99,J113-(J113-O113)*((Y$99-J$99)/(O$99-J$99)),O113-(O113-T113)*((Y$99-O$99)/(T$99-O$99))))","v":{"$error":"#DIV/0!"}}]
[]
[null,null,"7 DAY PSI",null,null,null,null,null,null,null,null,null,null,null,null,null,null,null,null,null,null,null,null,null,null,{"$f":"IF(ISBLANK(Z111),\" \",IF(Y$99<O$99,J115-(J115-O115)*((Y$99-J$99)/(O$99-J$99)),O115-(O115-T115)*((Y$99-O$99)/(T$99-O$99))))","v":{"$error":"#DIV/0!"}}]
[]
[null,null,"28 DAY PSI",null,null,null,null,null,null,null,null,null,null,null,null,null,null,null,null,null,null,null,null,null,null,{"$f":"IF(ISBLANK(Z115),\" \",IF(Y$99<O$99,J117-(J117-O117)*((Y$99-J$99)/(O$99-J$99)),O117-(O117-T117)*((Y$99-O$99)/(T$99-O$99))))","v":{"$error":"#DIV/0!"}}]
[]
[null,null,"TIME TO 400 M.O.R. ",null,null,null,null,null,null,null,null,null,null,null,null,null,null,null,null,null,null,null,null,null,null,{"$f":"IF(ISBLANK(Z117),\" \",IF(Y$99<O$99,J119-(J119-O119)*((Y$99-J$99)/(O$99-J$99)),O119-(O119-T119)*((Y$99-O$99)/(T$99-O$99))))","v":{"$error":"#DIV/0!"}}]
[]
[null,null,"PERMEABILITY",null,null,null,null,null,null,null,null,null,null,null,null,null,null,null,null,null,null,null,null,null,null,{"$f":"IF(ISBLANK(Z119),\" \",IF(Y$99<O$99,J121-(J121-O121)*((Y$99-J$99)/(O$99-J$99)),O121-(O121-T121)*((Y$99-O$99)/(T$99-O$99))))","v":{"$error":"#DIV/0!"}}]
[]
[]
["FIELD DATA"]
[null,null,null,1,null,null,null,null,null,11,null,null,null,null,null,21,null,null,null,null,null,null,"DESIGN f'c"]
[]
[null,null,null,2,null,null,null,null,null,12,null,null,null,null,null,22,null,null,null,null,null,null,"AVG. STRENGTH",null,null,null,null,null,{"$f":"AVERAGE(F125,F127,F129,F131,F133,F135,F137,F139,F141,F143,L125,L127,L129,L131,L133,L135,L137,L139,L141,L143,R125,R131,R133,R135,R137,R139,R141,R143,R127,R129)","v":{"$error":"#DIV/0!"}},null,null,null,"3 DAY"]
[]
[null,null,null,3,null,null,null,null,null,13,null,null,null,null,null,23,null,null,null,null,null,null,"STD DEV",null,null,null,null,null,{"$f":"STDEVA(R143,R141,R139,R137,R135,R133,R131,R129,R127,R125,L143,L141,L139,L137,L135,L133,L131,L129,L127,L125,F125,F127,F129,F131,F133,F135,F137,F139,F141,F143)","v":{"$error":"#DIV/0!"}}]
[]
[null,null,null,4,null,null,null,null,null,14,null,null,null,null,null,24,null,null,null,null,null,null,"n VALUE",null,null,null,null,null,{"$f":"COUNT(F125,F127,F129,F131,F133,F135,F137,F139,F141,F143,L125,L127,L129,L131,L133,L135,L137,L139,L141,L143,R125,R127,R129,R133,R135,R137,R139,R141,R143,R131)","v":0},null,null,null,"7 DAY"]
[]
[null,null,null,5,null,null,null,null,null,15,null,null,null,null,null,25,null,null,null,null,null,null,"k VALUE",null,null,null,null,null,{"$f":"IF(ISBLANK(AC131),\" \",VLOOKUP(AC131,K_VALUES,2,0))","v":{"$error":"#N/A"}}]
[]
[null,null,null,6,null,null,null,null,null,16,null,null,null,null,null,26,null,null,null,null,null,null,"ACI FRMLA 1",null,null,null,{"$f":"IF(AC125<5001,'LOOKUP TABLES'!K3,'LOOKUP TABLES'!K6)","v":{"$error":"#N/A"}}]
[]
[null,null,null,7,null,null,null,null,null,17,null,null,null,null,null,27,null,null,null,null,null,null,"ACI FRMLA 2",null,null,null,{"$f":"IF(AC125<5001,'LOOKUP TABLES'!K4,'LOOKUP TABLES'!K7)","v":{"$error":"#N/A"}},null,null,null,"WITHOUT DATA"]
[]
[null,null,null,8,null,null,null,null,null,18,null,null,null,null,null,28,null,null,null,null,null,"ACI MIN. OVERDESIGN",null,null,null,null,null,null,{"$f":"IF(AC125<5001,'LOOKUP TABLES'!L4,'LOOKUP TABLES'!L7)","v":{"$error":"#N/A"}},null,null,{"$f":"IF(AC125<5001,'LOOKUP TABLES'!K9,'LOOKUP TABLES'!K10)","v":1200}]
[]
[null,null,null,9,null,null,null,null,null,19,null,null,null,null,null,29,null,null,null,null,null,"PWL FOR THIS DATA",null,null,null,null,null,null,{"$f":"1-_xlfn.NORM.DIST(AC125,AC127,AC129,1)","v":{"$error":"#DIV/0!"}}]
[]
[null,null,null,10,null,null,null,null,null,20,null,null,null,null,null,30]
[]
[]
["REMARKS",null,null,null,null,null,null,null,null,null,null,null,null,null,null,null,null,null,null,null,"SUBMIT",null,null,"Today's Date"]
[]
[null,null,null,null,null,null,null,null,null,null,null,null,null,null,null,null,null,null,null,null,null,null,null,{"$f":"TODAY()","v":"2015-03-03"}]
[]
[null,null,null,null,null,null,null,null,null,null,null,null,null,null,null,null,null,null,null,null,null,null,null,"Date Submitted:"]

{"sheet":"JMF INPUT SHEET","index":1,"n_rows":40,"n_cols":12,"rows_kept":40,"cut":false,"hidden":false,"merged":[[19,11,19,13],[22,11,22,13],[21,11,21,13],[20,11,20,13],[23,10,23,12],[7,8,8,9],[7,10,8,10],[9,8,10,9],[9,10,10,10],[11,8,12,9],[11,10,12,10],[1,10,2,10],[3,8,4,9],[3,10,4,10],[5,8,6,9],[5,10,6,10],[34,0,39,7],[21,2,21,3],[21,0,21,1],[20,0,20,1],[19,0,19,1],[31,0,31,1],[30,0,30,1],[29,0,29,1],[28,0,28,1],[27,0,27,1],[26,0,26,1],[23,0,23,1],[22,0,22,1],[29,8,29,9],[30,8,30,9],[31,8,31,9],[18,1,18,2],[17,0,17,4],[13,6,13,7],[14,6,14,7],[15,6,15,7],[17,5,17,13],[33,0,33,7],[33,8,33,13],[32,0,32,1],[25,0,25,4],[22,2,22,4],[23,2,23,3],[24,0,24,1],[26,10,26,12],[25,10,25,12],[24,10,24,12],[27,8,27,9],[28,8,28,9],[0,5,0,6],[0,8,0,10],[1,11,12,13],[0,11,0,13],[12,6,12,7],[1,5,1,6],[2,5,2,6],[3,5,3,6],[4,5,4,6],[11,6,11,7],[5,5,5,6],[8,5,8,6],[7,5,7,6],[6,5,6,6],[10,6,10,7],[1,8,2,9]]}
[null,"SSD WT","SP GR","ABS VOL","% BY MASS","MATERIAL",null,"MATL CODE","CONRETE PROPERTIES",null,null,"SUBMITTER REMARKS"]
["AGG 1",{"$f":"'JMF SUBMITTAL FORM'!AG40","v":0},{"$f":"'JMF SUBMITTAL FORM'!AA40","v":0},{"$f":"IF(B2=0,0,B2/(62.4*C2))","v":0},{"$f":"B2/SUM(B$2,B$3,B$4,B$5)","v":{"$error":"#DIV/0!"}},{"$f":"IF(ISBLANK('JMF SUBMITTAL FORM'!S40),\" \",'JMF SUBMITTAL FORM'!S40)","v":" "},null,null,"TOTAL AGG WT",null,{"$f":"SUM(B2:B5)","v":0},{"$f":"'JMF SUBMITTAL FORM'!C146","v":0}]
["AGG 2",{"$f":"'JMF SUBMITTAL FORM'!AG42","v":0},{"$f":"'JMF SUBMITTAL FORM'!AA42","v":0},0,{"$f":"B3/SUM(B$2,B$3,B$4,B$5)","v":{"$error":"#DIV/0!"}},{"$f":"IF(ISBLANK('JMF SUBMITTAL FORM'!S42),\" \",'JMF SUBMITTAL FORM'!S42)","v":" "}]
["AGG 3",{"$f":"'JMF SUBMITTAL FORM'!AG44","v":0},{"$f":"'JMF SUBMITTAL FORM'!AA44","v":0},0,{"$f":"B4/SUM(B$2,B$3,B$4,B$5)","v":{"$error":"#DIV/0!"}},{"$f":"IF(ISBLANK('JMF SUBMITTAL FORM'!S44),\" \",'JMF SUBMITTAL FORM'!S44)","v":" "},null,null,"TOTAL Cm WT",null,{"$f":"SUM(B6:B9)","v":0}]
["AGG 4",{"$f":"'JMF SUBMITTAL FORM'!AG46","v":0},{"$f":"'JMF SUBMITTAL FORM'!AA46","v":0},0,{"$f":"B5/SUM(B$2,B$3,B$4,B$5)","v":{"$error":"#DIV/0!"}},{"$f":"IF(ISBLANK('JMF SUBMITTAL FORM'!S46),\" \",'JMF SUBMITTAL FORM'!S46)","v":" "}]
["Cm 1",{"$f":"'JMF SUBMITTAL FORM'!AG54","v":0},{"$f":"'JMF SUBMITTAL FORM'!AA54","v":0},0,{"$f":"B6/SUM(B$6,B$7,B$8,B$9)","v":{"$error":"#DIV/0!"}},{"$f":"IF(ISBLANK('JMF SUBMITTAL FORM'!D54),\" \",'JMF SUBMITTAL FORM'!D54)","v":" "},null,{"$f":"IF(ISBLANK('JMF SUBMITTAL FORM'!D54),\" \",VLOOKUP('JMF SUBMITTAL FORM'!D54,CM_NAME_CODES,3,0))","v":" "},"ABS VOLUME",null,{"$f":"D16","v":1.6199999999999999}]
["Cm 2",{"$f":"'JMF SUBMITTAL FORM'!AG56","v":0},{"$f":"'JMF SUBMITTAL FORM'!AA56","v":0},0,{"$f":"B7/SUM(B$6,B$7,B$8,B$9)","v":{"$error":"#DIV/0!"}},{"$f":"IF(ISBLANK('JMF SUBMITTAL FORM'!D56),\" \",'JMF SUBMITTAL FORM'!D56)","v":" "},null,{"$f":"IF(ISBLANK('JMF SUBMITTAL FORM'!D56),\" \",VLOOKUP('JMF SUBMITTAL FORM'!D56,CM_NAME_CODES,3,0))","v":" "}]
["Cm 3",{"$f":"'JMF SUBMITTAL FORM'!AG58","v":0},{"$f":"'JMF SUBMITTAL FORM'!AA58","v":0},0,{"$f":"B8/SUM(B$6,B$7,B$8,B$9)","v":{"$error":"#DIV/0!"}},{"$f":"IF(ISBLANK('JMF SUBMITTAL FORM'!D58),\" \",'JMF SUBMITTAL FORM'!D58)","v":" "},null,{"$f":"IF(ISBLANK('JMF SUBMITTAL FORM'!D58),\" \",VLOOKUP('JMF SUBMITTAL FORM'!D58,CM_NAME_CODES,3,0))","v":" "},"WEIGHT/YD3",null,{"$f":"SUM(K4,K2,B10)","v":0}]
["Cm 4",{"$f":"'JMF SUBMITTAL FORM'!AG60","v":0},{"$f":"'JMF SUBMITTAL FORM'!AA60","v":0},0,{"$f":"B9/SUM(B$6,B$7,B$8,B$9)","v":{"$error":"#DIV/0!"}},{"$f":"IF(ISBLANK('JMF SUBMITTAL FORM'!D60),\" \",'JMF SUBMITTAL FORM'!D60)","v":" "},null,{"$f":"IF(ISBLANK('JMF SUBMITTAL FORM'!D60),\" \",VLOOKUP('JMF SUBMITTAL FORM'!D60,CM_NAME_CODES,3,0))","v":" "}]
["H2O",{"$f":"'JMF SUBMITTAL FORM'!AG64","v":0},1,{"$f":"B10/(62.4*C10)","v":0},"AGG VOL.",null,null,null,"THEO UNIT WT",null,{"$f":"K8/K6","v":0}]
["AIR",{"$f":"'JMF SUBMITTAL FORM'!G64","v":0.06},null,{"$f":"27*B11","v":1.6199999999999999},{"$f":"SUM(D2:D5)","v":0},"LISTED","CERTIFIED AS"]
["ADMIX 1",{"$f":"IF(ISBLANK('JMF SUBMITTAL FORM'!AG69),\" \",'JMF SUBMITTAL FORM'!AG69*('JMF SUBMITTAL FORM'!AG62/100))","v":" "},{"$f":"IF(ISBLANK('JMF SUBMITTAL FORM'!AG69),\" \",'JMF SUBMITTAL FORM'!AG69)","v":" "},null,"PASTE VOL.",{"$f":"IF(ISBLANK('JMF SUBMITTAL FORM'!AB69),\" \",'JMF SUBMITTAL FORM'!AB69)","v":" "},{"$f":"IF(ISBLANK('JMF SUBMITTAL FORM'!N69),\" \",VLOOKUP('JMF SUBMITTAL FORM'!N69,ADMIX_VLOOK,3,0))","v":" "},null,"MAX W/Cm RATIO",null,{"$f":"'JMF SUBMITTAL FORM'!W63","v":{"$error":"#DIV/0!"}}]
["ADMIX 2",{"$f":"IF(ISBLANK('JMF SUBMITTAL FORM'!AG71),\" \",'JMF SUBMITTAL FORM'!AG71*('JMF SUBMITTAL FORM'!AG$62/100))","v":" "},{"$f":"IF(ISBLANK('JMF SUBMITTAL FORM'!AG71),\" \",'JMF SUBMITTAL FORM'!AG71)","v":" "},"TOTAL VOL",{"$f":"SUM(D6:D11)+D15","v":1.6199999999999999},{"$f":"IF(ISBLANK('JMF SUBMITTAL FORM'!AB71),\" \",'JMF SUBMITTAL FORM'!AB71)","v":" "},{"$f":"IF(ISBLANK('JMF SUBMITTAL FORM'!N71),\" \",VLOOKUP('JMF SUBMITTAL FORM'!N71,ADMIX_VLOOK,3,0))","v":" "}]
["ADMIX 3",{"$f":"IF(ISBLANK('JMF SUBMITTAL FORM'!AG73),\" \",'JMF SUBMITTAL FORM'!AG73*('JMF SUBMITTAL FORM'!AG$62/100))","v":" "},{"$f":"IF(ISBLANK('JMF SUBMITTAL FORM'!AG73),\" \",'JMF SUBMITTAL FORM'!AG73)","v":" "},{"$f":"SUM(D2:D11)","v":1.6199999999999999},null,{"$f":"IF(ISBLANK('JMF SUBMITTAL FORM'!AB73),\" \",'JMF SUBMITTAL FORM'!AB73)","v":" "},{"$f":"IF(ISBLANK('JMF SUBMITTAL FORM'!N73),\" \",VLOOKUP('JMF SUBMITTAL FORM'!N73,ADMIX_VLOOK,3,0))","v":" "}]
["ADMIX 4",{"$f":"IF(ISBLANK('JMF SUBMITTAL FORM'!AG75),\" \",'JMF SUBMITTAL FORM'!AG75*('JMF SUBMITTAL FORM'!AG$62/100))","v":" "},{"$f":"IF(ISBLANK('JMF SUBMITTAL FORM'!AG75),\" \",'JMF SUBMITTAL FORM'!AG75)","v":" "},{"$f":"SUM(B13,B14,B15,B16)/(128*7.49)","v":0},null,{"$f":"IF(ISBLANK('JMF SUBMITTAL FORM'!AB75),\" \",'JMF SUBMITTAL FORM'!AB75)","v":" "},{"$f":"IF(ISBLANK('JMF SUBMITTAL FORM'!N75),\" \",VLOOKUP('JMF SUBMITTAL FORM'!N75,ADMIX_VLOOK,3,0))","v":" "}]
["ADMIX 5",{"$f":"IF(ISBLANK('JMF SUBMITTAL FORM'!AG77),\" \",'JMF SUBMITTAL FORM'!AG77*('JMF SUBMITTAL FORM'!AG$62/100))","v":" "},{"$f":"IF(ISBLANK('JMF SUBMITTAL FORM'!AG77),\" \",'JMF SUBMITTAL FORM'!AG77)","v":" "},{"$f":"SUM(D14:D15)","v":1.6199999999999999},null,{"$f":"IF(ISBLANK('JMF SUBMITTAL FORM'!AB77),\" \",'JMF SUBMITTAL FORM'!AB77)","v":" "},{"$f":"IF(ISBLANK('JMF SUBMITTAL FORM'!N77),\" \",VLOOKUP('JMF SUBMITTAL FORM'!N77,ADMIX_VLOOK,3,0))","v":" "}]
[]
["JMF DESCRIPTION",null,null,null,null,"JMF MATERIALS"]
["JMF #",null,null,null,null,"MATERIAL","MATL CD","P/S CODE","SP GR","SSD WT","ABS"]
["MAT'L CODE",null,{"$f":"'JMF SUBMITTAL FORM'!H23","v":" "},null,null,"AGG 1",{"$f":"IF(ISBLANK('JMF SUBMITTAL FORM'!S40),\" \",VLOOKUP('JMF SUBMITTAL FORM'!S40,'AGG MATL CD LIST'!A:C,3,0))","v":" "},{"$f":"IF(ISBLANK('JMF SUBMITTAL FORM'!D40),\" \",VLOOKUP('JMF SUBMITTAL FORM'!D40,'AGG PROD LIST'!A:B,2,0))","v":" "},{"$f":"IF(ISBLANK('JMF SUBMITTAL FORM'!AA40),\" \",'JMF SUBMITTAL FORM'!AA40)","v":" "},{"$f":"IF(ISBLANK('JMF SUBMITTAL FORM'!AG40),\" \",'JMF SUBMITTAL FORM'!AG40)","v":" "},{"$f":"IF(ISBLANK('JMF SUBMITTAL FORM'!AD40),\" \",'JMF SUBMITTAL FORM'!AD40)","v":" "},{"$f":"IF(ISBLANK('JMF SUBMITTAL FORM'!D40),\" \",'JMF SUBMITTAL FORM'!D40)","v":" "}]
["P/S CODE",null,{"$f":"'JMF SUBMITTAL FORM'!AE3","v":" "},null,null,"AGG 2",{"$f":"IF(ISBLANK('JMF SUBMITTAL FORM'!S42),\" \",VLOOKUP('JMF SUBMITTAL FORM'!S42,'AGG MATL CD LIST'!A:C,3,0))","v":" "},{"$f":"IF(ISBLANK('JMF SUBMITTAL FORM'!D42),\" \",VLOOKUP('JMF SUBMITTAL FORM'!D42,'AGG PROD LIST'!A:B,2,0))","v":" "},{"$f":"IF(ISBLANK('JMF SUBMITTAL FORM'!AA42),\" \",'JMF SUBMITTAL FORM'!AA42)","v":" "},{"$f":"IF(ISBLANK('JMF SUBMITTAL FORM'!AG42),\" \",'JMF SUBMITTAL FORM'!AG42)","v":" "},{"$f":"IF(ISBLANK('JMF SUBMITTAL FORM'!AD42),\" \",'JMF SUBMITTAL FORM'!AD42)","v":" "},{"$f":"IF(ISBLANK('JMF SUBMITTAL FORM'!D42),\" \",'JMF SUBMITTAL FORM'!D42)","v":" "}]
["PRODUCER NAME",null,{"$f":"'JMF SUBMITTAL FORM'!H3","v":0},null,null,"AGG 3",{"$f":"IF(ISBLANK('JMF SUBMITTAL FORM'!S44),\" \",VLOOKUP('JMF SUBMITTAL FORM'!S44,'AGG MATL CD LIST'!A:C,3,0))","v":" "},{"$f":"IF(ISBLANK('JMF SUBMITTAL FORM'!D44),\" \",VLOOKUP('JMF SUBMITTAL FORM'!D44,'AGG PROD LIST'!A:B,2,0))","v":" "},{"$f":"IF(ISBLANK('JMF SUBMITTAL FORM'!AA44),\" \",'JMF SUBMITTAL FORM'!AA44)","v":" "},{"$f":"IF(ISBLANK('JMF SUBMITTAL FORM'!AG44),\" \",'JMF SUBMITTAL FORM'!AG44)","v":" "},{"$f":"IF(ISBLANK('JMF SUBMITTAL FORM'!AD44),\" \",'JMF SUBMITTAL FORM'!AD44)","v":" "},{"$f":"IF(ISBLANK('JMF SUBMITTAL FORM'!D44),\" \",'JMF SUBMITTAL FORM'!D44)","v":" "}]
["DESIGN INFO",null,{"$f":"'JMF SUBMITTAL FORM'!Y27","v":0},null,null,"AGG 4",{"$f":"IF(ISBLANK('JMF SUBMITTAL FORM'!S46),\" \",VLOOKUP('JMF SUBMITTAL FORM'!S46,'AGG MATL CD LIST'!A:C,3,0))","v":" "},{"$f":"IF(ISBLANK('JMF SUBMITTAL FORM'!D46),\" \",VLOOKUP('JMF SUBMITTAL FORM'!D46,'AGG PROD LIST'!A:B,2,0))","v":" "},{"$f":"IF(ISBLANK('JMF SUBMITTAL FORM'!AA46),\" \",'JMF SUBMITTAL FORM'!AA46)","v":" "},{"$f":"IF(ISBLANK('JMF SUBMITTAL FORM'!AG46),\" \",'JMF SUBMITTAL FORM'!AG46)","v":" "},{"$f":"IF(ISBLANK('JMF SUBMITTAL FORM'!AD46),\" \",'JMF SUBMITTAL FORM'!AD46)","v":" "},{"$f":"IF(ISBLANK('JMF SUBMITTAL FORM'!D46),\" \",'JMF SUBMITTAL FORM'!D46)","v":" "}]
["CLASS",null,{"$f":"'JMF SUBMITTAL FORM'!H21","v":0},null,null,"Cm 1",{"$f":"IF(ISBLANK('JMF SUBMITTAL FORM'!D54),\" \",VLOOKUP('JMF SUBMITTAL FORM'!D54,'LOOKUP TABLES'!B16:E29,4,0))","v":" "},{"$f":"IF(ISBLANK('JMF SUBMITTAL FORM'!N54),\" \",VLOOKUP('JMF SUBMITTAL FORM'!N54,'Cm MATL LIST'!B:C,2,0))","v":" "},{"$f":"IF(ISBLANK('JMF SUBMITTAL FORM'!AA54),\" \",'JMF SUBMITTAL FORM'!AA54)","v":" "},{"$f":"IF(ISBLANK('JMF SUBMITTAL FORM'!AG54),\" \",'JMF SUBMITTAL FORM'!AG54)","v":" "},{"$f":"IF(ISBLANK('JMF SUBMITTAL FORM'!N54),\" \",'JMF SUBMITTAL FORM'!N54)","v":" "}]
["DATE SUBMITTED",null,{"$f":"'JMF SUBMITTAL FORM'!AF146","v":"00:00:00"},null,null,"Cm 2",{"$f":"IF(ISBLANK('JMF SUBMITTAL FORM'!D56),\" \",VLOOKUP('JMF SUBMITTAL FORM'!D56,'LOOKUP TABLES'!B16:E29,4,0))","v":" "},{"$f":"IF(ISBLANK('JMF SUBMITTAL FORM'!N56),\" \",VLOOKUP('JMF SUBMITTAL FORM'!N56,'Cm MATL LIST'!B:C,2,0))","v":" "},{"$f":"IF(ISBLANK('JMF SUBMITTAL FORM'!AA56),\" \",'JMF SUBMITTAL FORM'!AA56)","v":" "},{"$f":"IF(ISBLANK('JMF SUBMITTAL FORM'!AG56),\" \",'JMF SUBMITTAL FORM'!AG56)","v":" "},{"$f":"IF(ISBLANK('JMF SUBMITTAL FORM'!N56),\" \",'JMF SUBMITTAL FORM'!N56)","v":" "}]
["JMF PROPERTIES",null,null,null,null,"Cm 3",{"$f":"IF(ISBLANK('JMF SUBMITTAL FORM'!D58),\" \",VLOOKUP('JMF SUBMITTAL FORM'!D58,'LOOKUP TABLES'!B16:E29,4,0))","v":" "},{"$f":"IF(ISBLANK('JMF SUBMITTAL FORM'!N58),\" \",VLOOKUP('JMF SUBMITTAL FORM'!N58,'Cm MATL LIST'!B:C,2,0))","v":" "},{"$f":"IF(ISBLANK('JMF SUBMITTAL FORM'!AA58),\" \",'JMF SUBMITTAL FORM'!AA58)","v":" "},{"$f":"IF(ISBLANK('JMF SUBMITTAL FORM'!AG58),\" \",'JMF SUBMITTAL FORM'!AG58)","v":" "},{"$f":"IF(ISBLANK('JMF SUBMITTAL FORM'!N58),\" \",'JMF SUBMITTAL FORM'!N58)","v":" "}]
["AVG REQ'D STRENGTH",null,{"$f":"IF(ISNUMBER('JMF SUBMITTAL FORM'!W25),'JMF SUBMITTAL FORM'!W25,'JMF SUBMITTAL FORM'!Z25)","v":" "},null,null,"Cm 4",{"$f":"IF(ISBLANK('JMF SUBMITTAL FORM'!D60),\" \",VLOOKUP('JMF SUBMITTAL FORM'!D60,'LOOKUP TABLES'!B16:E29,4,0))","v":" "},{"$f":"IF(ISBLANK('JMF SUBMITTAL FORM'!N60),\" \",VLOOKUP('JMF SUBMITTAL FORM'!N60,'Cm MATL LIST'!B:C,2,0))","v":" "},{"$f":"IF(ISBLANK('JMF SUBMITTAL FORM'!AA60),\" \",'JMF SUBMITTAL FORM'!AA60)","v":" "},{"$f":"IF(ISBLANK('JMF SUBMITTAL FORM'!AG60),\" \",'JMF SUBMITTAL FORM'!AG60)","v":" "},{"$f":"IF(ISBLANK('JMF SUBMITTAL FORM'!N60),\" \",'JMF SUBMITTAL FORM'!N60)","v":" "}]
["DESIGN STRENGTH",null,{"$f":"IF('JMF SUBMITTAL FORM'!S21=\"SPECIFY\",'JMF SUBMITTAL FORM'!V21,'JMF SUBMITTAL FORM'!S21)","v":" "},null,null,"ADMIX 1",{"$f":"IF(ISBLANK('JMF SUBMITTAL FORM'!AB69),\" \",VLOOKUP('JMF SUBMITTAL FORM'!AB69,ADMIX_TYPE_CODES,3,0))","v":" "},{"$f":"IF(ISBLANK('JMF SUBMITTAL FORM'!D69),\" \",VLOOKUP('JMF SUBMITTAL FORM'!D69,ADMIX_PS_CD_LOOKUP,2,0))","v":" "},{"$f":"IF(ISBLANK('JMF SUBMITTAL FORM'!D69),\" \",'JMF SUBMITTAL FORM'!D69)","v":" "}]
["THEO UNIT WT",null,{"$f":"K10","v":0},"LB/CF",null,"ADMIX 2",{"$f":"IF(ISBLANK('JMF SUBMITTAL FORM'!AB71),\" \",VLOOKUP('JMF SUBMITTAL FORM'!AB71,ADMIX_TYPE_CODES,3,0))","v":" "},{"$f":"IF(ISBLANK('JMF SUBMITTAL FORM'!D71),\" \",VLOOKUP('JMF SUBMITTAL FORM'!D71,ADMIX_PS_CD_LOOKUP,2,0))","v":" "},{"$f":"IF(ISBLANK('JMF SUBMITTAL FORM'!D71),\" \",'JMF SUBMITTAL FORM'!D71)","v":" "}]
["MAX W/Cm RATIO",null,{"$f":"'JMF SUBMITTAL FORM'!W63","v":{"$error":"#DIV/0!"}},null,null,"ADMIX 3",{"$f":"IF(ISBLANK('JMF SUBMITTAL FORM'!AB73),\" \",VLOOKUP('JMF SUBMITTAL FORM'!AB73,ADMIX_TYPE_CODES,3,0))","v":" "},{"$f":"IF(ISBLANK('JMF SUBMITTAL FORM'!D73),\" \",VLOOKUP('JMF SUBMITTAL FORM'!D73,ADMIX_PS_CD_LOOKUP,2,0))","v":" "},{"$f":"IF(ISBLANK('JMF SUBMITTAL FORM'!D73),\" \",'JMF SUBMITTAL FORM'!D73)","v":" "}]
["TOTAL WT/YD3",null,{"$f":"K8","v":0},"LB/CY",null,"ADMIX 4",{"$f":"IF(ISBLANK('JMF SUBMITTAL FORM'!AB75),\" \",VLOOKUP('JMF SUBMITTAL FORM'!AB75,ADMIX_TYPE_CODES,3,0))","v":" "},{"$f":"IF(ISBLANK('JMF SUBMITTAL FORM'!D75),\" \",VLOOKUP('JMF SUBMITTAL FORM'!D75,ADMIX_PS_CD_LOOKUP,2,0))","v":" "},{"$f":"IF(ISBLANK('JMF SUBMITTAL FORM'!D75),\" \",'JMF SUBMITTAL FORM'!D75)","v":" "}]
["DESIGN AIR",null,{"$f":"'JMF SUBMITTAL FORM'!G64*100","v":6},null,null,"ADMIX 5",{"$f":"IF(ISBLANK('JMF SUBMITTAL FORM'!AB77),\" \",VLOOKUP('JMF SUBMITTAL FORM'!AB77,ADMIX_TYPE_CODES,3,0))","v":" "},{"$f":"IF(ISBLANK('JMF SUBMITTAL FORM'!D77),\" \",VLOOKUP('JMF SUBMITTAL FORM'!D77,ADMIX_PS_CD_LOOKUP,2,0))","v":" "},{"$f":"IF(ISBLANK('JMF SUBMITTAL FORM'!D77),\" \",'JMF SUBMITTAL FORM'!D77)","v":" "}]
["DESIGN SLUMP",null,{"$f":"'JMF SUBMITTAL FORM'!O64","v":0},"INCH"]
["REMARKS",null,null,null,null,null,null,null,"OFFICE OF MATERIALS MANAGEMENT USE ONLY"]
[null,null,null,null,null,null,null,null,"RCV'D DT",{"$f":"SUBMIT_DATE","v":"00:00:00"},"BY",1]
[null,null,null,null,null,null,null,null,"RVW'D DT"]
[null,null,null,null,null,null,null,null,"ENTER DT"]
[null,null,null,null,null,null,null,null,"STATUS DT"]
[null,null,null,null,null,null,null,null,"REVIEW","ENTER","TOTAL"]
[null,null,null,null,null,null,null,null,{"$f":"IF(ISBLANK(J36),\" \",J36-J35)","v":" "},{"$f":"IF(ISBLANK(J37),\" \",J37-J36)","v":" "},{"$f":"IF(ISBLANK(J38),\" \",J38-J35)","v":" "}]

{"sheet":"STATUS LETTER","index":2,"n_rows":39,"n_cols":11,"rows_kept":39,"cut":false,"hidden":false,"merged":[[28,1,28,2],[4,0,4,2],[5,1,5,4],[5,5,5,6],[9,5,9,6],[8,5,8,6],[7,5,7,6],[6,5,6,6],[9,1,9,4],[12,1,12,4],[7,1,7,4],[6,1,6,4],[8,1,8,4],[10,0,10,2],[11,1,11,4],[19,5,19,6],[18,1,18,4],[18,5,18,6],[19,1,19,4],[23,1,23,4],[22,1,22,4],[21,1,21,4],[20,1,20,4],[23,5,23,6],[22,5,22,6],[21,5,21,6],[20,5,20,6],[0,7,0,8],[0,5,0,6],[17,0,17,2],[16,5,16,6],[1,0,1,2],[2,0,2,2],[1,3,1,6],[2,3,2,4],[11,5,11,6],[15,5,15,6],[14,5,14,6],[13,5,13,6],[12,5,12,6],[15,1,15,4],[14,1,14,4],[13,1,13,4],[25,1,25,2],[25,4,25,5],[26,4,26,5],[27,4,27,5],[27,6,27,10],[0,1,0,2],[38,0,47,10],[19,7,23,10],[30,1,30,10],[31,1,36,10],[24,0,24,10],[3,0,3,10],[1,8,2,10],[1,7,2,7],[26,1,26,2],[16,2,16,3],[7,10,9,10],[13,10,15,10],[25,7,25,8],[26,7,26,8],[27,1,27,2]]}
["Date:",{"$f":"'JMF INPUT SHEET'!J36","v":"00:00:00"},null,null,null,"SUBMITTAL STATUS:",null,{"$f":"IF('JMF INPUT SHEET'!L35=1,\"APPROVED\",IF('JMF INPUT SHEET'!L35=2,\"PENDING\",\"NOT APPROVED\"))","v":"APPROVED"}]
["PRODUCER/SUPPLIER:",null,null,{"$f":"'JMF SUBMITTAL FORM'!H3","v":0},null,null,null,"JMF #",{"$f":"'JMF INPUT SHEET'!B19","v":0}]
["CLASS OF CONCRETE:",null,null,{"$f":"'JMF SUBMITTAL FORM'!H21","v":0}]
["MIX DESIGN"]
["AGGREGATES:",null,null,null,null,null,null,null,null,"SSD"]
[null,"Source",null,null,null,"Size / Type",null,"Sp. Gr.","Abs.","Design Wt"]
[null,{"$f":"IF(ISBLANK('JMF SUBMITTAL FORM'!D40),\" \",'JMF SUBMITTAL FORM'!D40)","v":" "},null,null,null,{"$f":"IF(ISBLANK('JMF SUBMITTAL FORM'!S40),\" \",'JMF SUBMITTAL FORM'!S40)","v":" "},null,{"$f":"IF(ISBLANK('JMF SUBMITTAL FORM'!AA40),\" \",'JMF SUBMITTAL FORM'!AA40)","v":" "},{"$f":"IF(ISBLANK('JMF SUBMITTAL FORM'!AD40),\" \",'JMF SUBMITTAL FORM'!AD40)","v":" "},{"$f":"IF(ISBLANK('JMF SUBMITTAL FORM'!AG40),\" \",'JMF SUBMITTAL FORM'!AG40)","v":" "},"TOTAL"]
[null,{"$f":"IF(ISBLANK('JMF SUBMITTAL FORM'!D42),\" \",'JMF SUBMITTAL FORM'!D42)","v":" "},null,null,null,{"$f":"IF(ISBLANK('JMF SUBMITTAL FORM'!S42),\" \",'JMF SUBMITTAL FORM'!S42)","v":" "},null,{"$f":"IF(ISBLANK('JMF SUBMITTAL FORM'!AA42),\" \",'JMF SUBMITTAL FORM'!AA42)","v":" "},{"$f":"IF(ISBLANK('JMF SUBMITTAL FORM'!AD42),\" \",'JMF SUBMITTAL FORM'!AD42)","v":" "},{"$f":"IF(ISBLANK('JMF SUBMITTAL FORM'!AG42),\" \",'JMF SUBMITTAL FORM'!AG42)","v":" "},{"$f":"'JMF INPUT SHEET'!K2","v":0}]
[null,{"$f":"'JMF SUBMITTAL FORM'!D44","v":0},null,null,null,{"$f":"IF(ISBLANK('JMF SUBMITTAL FORM'!S44),\" \",'JMF SUBMITTAL FORM'!S44)","v":" "},null,{"$f":"IF(ISBLANK('JMF SUBMITTAL FORM'!AA44),\" \",'JMF SUBMITTAL FORM'!AA44)","v":" "},{"$f":"IF(ISBLANK('JMF SUBMITTAL FORM'!AD44),\" \",'JMF SUBMITTAL FORM'!AD44)","v":" "},{"$f":"IF(ISBLANK('JMF SUBMITTAL FORM'!AG44),\" \",'JMF SUBMITTAL FORM'!AG44)","v":" "}]
[null,{"$f":"IF(ISBLANK('JMF SUBMITTAL FORM'!D46),\" \",'JMF SUBMITTAL FORM'!D46)","v":" "},null,null,null,{"$f":"IF(ISBLANK('JMF SUBMITTAL FORM'!S46),\" \",'JMF SUBMITTAL FORM'!S46)","v":" "},null,{"$f":"IF(ISBLANK('JMF SUBMITTAL FORM'!AA46),\" \",'JMF SUBMITTAL FORM'!AA46)","v":" "},{"$f":"IF(ISBLANK('JMF SUBMITTAL FORM'!AD46),\" \",'JMF SUBMITTAL FORM'!AD46)","v":" "},{"$f":"IF(ISBLANK('JMF SUBMITTAL FORM'!AG46),\" \",'JMF SUBMITTAL FORM'!AG46)","v":" "}]
["CEMENTITIOUS MATERIALS:"]
[null,"Source",null,null,null,"Material",null,"Sp. Gr."]
[null,{"$f":"IF(ISBLANK('JMF SUBMITTAL FORM'!N54),\" \",'JMF SUBMITTAL FORM'!N54)","v":" "},null,null,null,{"$f":"IF(ISBLANK('JMF SUBMITTAL FORM'!D54),\" \",'JMF SUBMITTAL FORM'!D54)","v":" "},null,{"$f":"IF(ISBLANK('JMF SUBMITTAL FORM'!AA54),\" \",'JMF SUBMITTAL FORM'!AA54)","v":" "},null,{"$f":"IF(ISBLANK('JMF SUBMITTAL FORM'!AG54),\" \",'JMF SUBMITTAL FORM'!AG54)","v":" "},"TOTAL"]
[null,{"$f":"IF(ISBLANK('JMF SUBMITTAL FORM'!N56),\" \",'JMF SUBMITTAL FORM'!N56)","v":" "},null,null,null,{"$f":"IF(ISBLANK('JMF SUBMITTAL FORM'!D56),\" \",'JMF SUBMITTAL FORM'!D56)","v":" "},null,{"$f":"IF(ISBLANK('JMF SUBMITTAL FORM'!AA56),\" \",'JMF SUBMITTAL FORM'!AA56)","v":" "},null,{"$f":"IF(ISBLANK('JMF SUBMITTAL FORM'!AG56),\" \",'JMF SUBMITTAL FORM'!AG56)","v":" "},{"$f":"'JMF INPUT SHEET'!K4","v":0}]
[null,{"$f":"IF(ISBLANK('JMF SUBMITTAL FORM'!N58),\" \",'JMF SUBMITTAL FORM'!N58)","v":" "},null,null,null,{"$f":"IF(ISBLANK('JMF SUBMITTAL FORM'!D58),\" \",'JMF SUBMITTAL FORM'!D58)","v":" "},null,{"$f":"IF(ISBLANK('JMF SUBMITTAL FORM'!AA58),\" \",'JMF SUBMITTAL FORM'!AA58)","v":" "},null,{"$f":"IF(ISBLANK('JMF SUBMITTAL FORM'!AG58),\" \",'JMF SUBMITTAL FORM'!AG58)","v":" "}]
[null,{"$f":"IF(ISBLANK('JMF SUBMITTAL FORM'!N60),\" \",'JMF SUBMITTAL FORM'!N60)","v":" "},null,null,null,{"$f":"IF(ISBLANK('JMF SUBMITTAL FORM'!D60),\" \",'JMF SUBMITTAL FORM'!D60)","v":" "},null,{"$f":"IF(ISBLANK('JMF SUBMITTAL FORM'!AA60),\" \",'JMF SUBMITTAL FORM'!AA60)","v":" "},null,{"$f":"IF(ISBLANK('JMF SUBMITTAL FORM'!AG60),\" \",'JMF SUBMITTAL FORM'!AG60)","v":" "}]
[null,null,"DESIGN AIR:",null,{"$f":"'JMF SUBMITTAL FORM'!G64","v":0.06},"MAXIMUM W/Cm:",null,{"$f":"'JMF SUBMITTAL FORM'!W63","v":{"$error":"#DIV/0!"}},"Water",{"$f":"'JMF SUBMITTAL FORM'!AG64","v":0}]
["ADMIXTURES:"]
[null,"Source",null,null,null,"Admix Type"]
[null,{"$f":"IF(ISBLANK('JMF SUBMITTAL FORM'!D69),\" \",'JMF SUBMITTAL FORM'!D69)","v":" "},null,null,null,{"$f":"IF(ISBLANK('JMF SUBMITTAL FORM'!AB69),\" \",'JMF SUBMITTAL FORM'!AB69)","v":" "},null,"Dose the admixtures according to the Manufacturer's recommendations; contract requirements; and project needs."]
[null,{"$f":"IF(ISBLANK('JMF SUBMITTAL FORM'!D71),\" \",'JMF SUBMITTAL FORM'!D71)","v":" "},null,null,null,{"$f":"IF(ISBLANK('JMF SUBMITTAL FORM'!AB71),\" \",'JMF SUBMITTAL FORM'!AB71)","v":" "}]
[null,{"$f":"IF(ISBLANK('JMF SUBMITTAL FORM'!D73),\" \",'JMF SUBMITTAL FORM'!D73)","v":" "},null,null,null,{"$f":"IF(ISBLANK('JMF SUBMITTAL FORM'!AB73),\" \",'JMF SUBMITTAL FORM'!AB73)","v":" "}]
[null,{"$f":"IF(ISBLANK('JMF SUBMITTAL FORM'!D75),\" \",'JMF SUBMITTAL FORM'!D75)","v":" "},null,null,null,{"$f":"IF(ISBLANK('JMF SUBMITTAL FORM'!AB75),\" \",'JMF SUBMITTAL FORM'!AB75)","v":" "}]
[null,{"$f":"IF(ISBLANK('JMF SUBMITTAL FORM'!D77),\" \",'JMF SUBMITTAL FORM'!D77)","v":" "},null,null,null,{"$f":"IF(ISBLANK('JMF SUBMITTAL FORM'!AB77),\" \",'JMF SUBMITTAL FORM'!AB77)","v":" "}]
["CONCRETE PROPERTIES"]
[null,"DESIGN STRENGTH (psi)",null,{"$f":"'JMF INPUT SHEET'!C28","v":" "},"AGG. CORR. FACTOR",null,{"$f":"'JMF SUBMITTAL FORM'!O48","v":0},"THEORETICAL UNIT WT",null,{"$f":"'JMF INPUT SHEET'!K10","v":0}]
[null,"28 DAY STRENGTH (psi)",null,{"$f":"IF('JMF SUBMITTAL FORM'!F80=4,\" \",IF('JMF SUBMITTAL FORM'!F80=1,'JMF SUBMITTAL FORM'!G90,IF('JMF SUBMITTAL FORM'!F80=2,'JMF SUBMITTAL FORM'!Z117,IF('JMF SUBMITTAL FORM'!F80=3,'JMF SUBMITTAL FORM'!AC127,\" \"))))","v":" "},"TOTAL WEIGHT",null,{"$f":"'JMF INPUT SHEET'!K8","v":0},"ABSOLUTE VOLUME",null,{"$f":"'JMF INPUT SHEET'!K6","v":1.6199999999999999}]
[null,"3 DAY STRENGTH (psi)",null,{"$f":"IF('JMF SUBMITTAL FORM'!F80=4,\" \",IF('JMF SUBMITTAL FORM'!F80=1,'JMF SUBMITTAL FORM'!G86,IF('JMF SUBMITTAL FORM'!F80=2,'JMF SUBMITTAL FORM'!Z113,IF('JMF SUBMITTAL FORM'!F80=3,'JMF SUBMITTAL FORM'!AG129,\" \"))))","v":" "},"SPECIAL DESIGN INFO:",null,{"$f":"IF(ISBLANK('JMF SUBMITTAL FORM'!Y27),\"NONE \",'JMF SUBMITTAL FORM'!Y27)","v":"NONE "}]
[null,"7 DAY STRENGTH (psi)",null,{"$f":"IF('JMF SUBMITTAL FORM'!F80=4,\" \",IF('JMF SUBMITTAL FORM'!F80=1,'JMF SUBMITTAL FORM'!G88,IF('JMF SUBMITTAL FORM'!F80=2,'JMF SUBMITTAL FORM'!Z115,IF('JMF SUBMITTAL FORM'!F80=3,'JMF SUBMITTAL FORM'!AG133,\" \"))))","v":" "}]
["REMARKS:"]
[null,"Check the above information for accuracy.  Notify OMM within 3 business days of incorrect information."]
[null,{"$f":"IF(ISBLANK('JMF INPUT SHEET'!A35),\" \",'JMF INPUT SHEET'!A35)","v":" "}]
[]
[]
[]
[]
[]
[]
["The aggregate design weights provided above are in Saturated Surface Dry (SSD) condition.  Adjustments to the batch weights and mix water are to be made to compensate for the moisture of the aggregates during mixing to assure that the specified W/Cm ratio is not exceeded.  \n\nChanges to aggregate, cementitious material or admixture sources require a new JMF #."]

{"sheet":"LOOKUP TABLES","index":3,"n_rows":32,"n_cols":12,"rows_kept":32,"cut":false,"hidden":true,"merged":[[1,9,1,11],[7,9,7,11],[14,1,14,3],[4,6,4,7],[3,6,3,7],[2,6,2,7],[1,1,1,8],[14,5,14,7],[12,6,12,7],[11,6,11,7],[7,6,7,7],[10,6,10,7],[9,6,9,7],[8,6,8,7],[6,6,6,7],[5,6,5,7],[29,1,29,2],[14,9,14,10],[34,1,34,2],[33,1,33,2],[32,1,32,2],[31,1,31,2],[30,1,30,2]]}
[]
[null,"CLASS_LIST",null,null,null,null,null,null,null,"ACI FORMULAS"]
[null,"CLASS","MTL CD","DSGN PSI","AGE","PERM","GRADATION RQMT",null,"ACI PSI","F1 < 5000",{"$f":"'JMF SUBMITTAL FORM'!AC125+(1.34*'JMF SUBMITTAL FORM'!AC133*'JMF SUBMITTAL FORM'!AC129)","v":{"$error":"#N/A"}},"GREATER"]
[null,"QC 1","215QC1",4000,"28 DAYS",2000,"WELL-GRADED",null,5200,"F2 < 5000",{"$f":"'JMF SUBMITTAL FORM'!AC125+(2.33*'JMF SUBMITTAL FORM'!AC133*'JMF SUBMITTAL FORM'!AC129)-500","v":{"$error":"#N/A"}},{"$f":"MAX(K3,K4)","v":{"$error":"#N/A"}}]
[null,"QC 2","215QC2",4500,"28 DAYS",1500,"WELL-GRADED",null,5700]
[null,"QC 3","215QC3","SPECIFY","SPECIFY","PER PLAN","WELL-GRADED",null,"CALC","F1 > 5000",{"$f":"'JMF SUBMITTAL FORM'!AC125+(1.34*'JMF SUBMITTAL FORM'!AC133*'JMF SUBMITTAL FORM'!AC129)","v":{"$error":"#N/A"}},"GREATER"]
[null,"QC 4","215QC4","SPECIFY","SPECIFY","PER PLAN","WELL-GRADED",null,"CALC","F2 > 5000",{"$f":"('JMF SUBMITTAL FORM'!AC125*0.9)+(2.33*'JMF SUBMITTAL FORM'!AC133*'JMF SUBMITTAL FORM'!AC129)","v":{"$error":"#N/A"}},{"$f":"MAX(K6,K7)","v":{"$error":"#N/A"}}]
[null,"QC 5","215QC5",4500,"28 DAYS","N/A","1\" OR 1/2\" NOM. MAX SIZE",null,5700,"WITH NO DATA"]
[null,"QC MISC","215QCMI",4000,"28 DAYS","N/A","1\" NOM. MAX SIZE",null,"85 PWL","F< 5000",{"$f":"'JMF SUBMITTAL FORM'!AC125+1200","v":1200}]
[null,"QC MS","215QCMS","400 MOR","24 HRS","N/A","1\" NOM. MAX SIZE",null,"N/A","F> 5000",{"$f":"(1.1*'JMF SUBMITTAL FORM'!AC125)+700","v":700}]
[null,"QC FS","215QCFS","400 MOR","4 HRS","N/A","1\" NOM. MAX SIZE",null,"N/A"]
[]
[]
[]
[null,"CM_NAMES_CODES",null,null,"TEXT","ADMIX_TYPE_CODES ",null,null,null,"K_VALUES"]
[null,"CEMENT TYPE 1",null,37504,37504,"AEA",null,42001,null,"n","k"]
[null,"CEMENT TYPE 1A",null,37501,37501,"A",null,42101,null,15,1.1599999999999999]
[null,"CEMENT TYPE 2",null,37502,37502,"B",null,42102,null,16,1.1399999999999999]
[null,"CEMENT TYPE 3",null,37505,37505,"C",null,42103,null,17,1.1299999999999999]
[null,"CEMENT SPECIAL",null,375121,375121,"D",null,42104,null,18,1.1100000000000001]
[null,"CEMENT TYPE 1SM",null,37506,37506,"E",null,42105,null,19,1.1000000000000001]
[null,"CEMENT TYPE K",null,37508,37508,"F",null,42106,null,20,1.08]
[null,"FLY ASH CLASS C",null,2002,"002002","G",null,42107,null,21,1.07]
[null,"FLY ASH CLASS F",null,2003,"002003","SCC",null,42117,null,22,1.06]
[null,"GGBF SLAG GR 100",null,37603,"37603","CaCL 94-97%",null,42201,null,23,1.05]
[null,"GGBF SLAG GR 120",null,37604,"37604","CaCL 70-80%",null,42202,null,24,1.04]
[null,"MICRO SILICA",null,37601,"37601","LATEX",null,42301,null,25,1.03]
[null,"BLENDED CEMENT 1L",null,"375L","375L","CORR INHIB",null,43301,null,26,1.02]
[null,"MICROLITE-HPCB",null,"37601","37601","ANTI WASHOUT",null,42203,null,27,1.02]
[null,null,null,null,null,"WATERPROOF",null,42116,null,28,1.01]
[null,null,null,null,null,"NON-SHRINK",null,43501,null,29,1.01]
[null,null,null,null,null,null,null,null,null,30,1]

{"sheet":"AGG MATL CD LIST","index":4,"n_rows":55,"n_cols":3,"rows_kept":55,"cut":false,"hidden":true,"merged":[]}
["SPECIAL AGG 02","02D011","02D011"]
["Shale 703.02",20008,"020008"]
["SAND, NATURAL AI/02","021SD23","021SD23"]
["SAND, NATURAL /02","021SD2","021SD2"]
["SAND STONE /02","025SD2","025SD2"]
["CR GRAVEL SAND /02","024SD2","024SD2"]
["9 GRAVEL 9/02",23009,"023009"]
["89 CRUSHED STONE",25089,"025089"]
["8 GRAVEL 8SS/02(.25)",230081,"0230081"]
["8 GRAVEL 8SS/02",230080,"0230080"]
["8 GRAVEL 8/02",23008,"023008"]
["8 GRAVEL 451-452 02",230082,"0230082"]
["8 CR STONE 8SS/02",250080,"0250080"]
["8 CR STONE 8/02",25008,"025008"]
["8 CR ST 8SS/02 (.25)",250081,"0250081"]
["8 CR GRAVEL 8SS/02",240080,"0240080"]
["8 CR GRAVEL 8/02",24008,"024008"]
["8 CR GR 8SS/02 (.25)",240081,"0240081"]
["8 ACBF SLAG 8SS/02",260080,"0260080"]
["8 ACBF SLAG 8/02",26008,"026008"]
["8 ACBF SL 8SS/02 .25",260081,"0260081"]
["78 CR STONE 78/02",25078,"025078"]
["78 CR GRAVEL 78/02",24078,"024078"]
["7 CR STONE 7SS/02",250070,"0250070"]
["7 CR STONE 7/02",25007,"025007"]
["7 ACBF SLAG 7/02",26007,"026007"]
["68 GR 68/02",23068,"023068"]
["68 CR STONE 68/02",25068,"025068"]
["67 GRAVEL 67SS/02",230670,"0230670"]
["67 GRAVEL 67/02",23067,"023067"]
["67 GR 451-452/02",230672,"0230672"]
["67 CR STONE 67SS/02",250670,"0250670"]
["67 CR STONE 67/02",25067,"025067"]
["67 CR ST 451-452",250672,"0250672"]
["67 CR GRAVEL 67SS/02",240670,"0240670"]
["67 CR GRAVEL 67/02",24067,"024067"]
["67 CR GR 451-452",240672,"0240672"]
["67 ACBF SLAG 67/02",26067,"026067"]
["6 GRAVEL 6/02",23006,"023006"]
["6 CR STONE 6/02",25006,"025006"]
["6 ACBF SLAG 6/02",26006,"026006"]
["57 GRAVEL 57SS/02",230570,"0230570"]
["57 GRAVEL 57/02",23057,"023057"]
["57 GR 451-452/02",230572,"0230572"]
["57 CR STONE 57SS/02",250570,"0250570"]
["57 CR STONE 57/02",25057,"025057"]
["57 CR ST 451-452",250572,"0250572"]
["57 CR GRAVEL 57SS/02",240570,"0240570"]
["57 CR GRAVEL 57/02",24057,"024057"]
["57 CR GR 451-452",240572,"0240572"]
["57 ACBF SLAG 57SS/02",260570,"0260570"]
["57 ACBF SLAG 57/02",26057,"026057"]
["467 CR STONE 467/02",25467,"025467"]
["4 CR STONE 4/02",25004,"025004"]
["357 CR STONE 4/02",25357,"025357"]

{"sheet":"RM_NAME_CODE","index":5,"n_rows":104,"n_cols":2,"rows_kept":104,"cut":false,"hidden":true,"merged":[[1,3,1,5]]}
["A K READY MIX","3329Q-01"]
["ABC CONCRETE","3201Q-01"]
["ADAMS BROS","2915Q-01"]
["ALL OHIO RM","2629Q-01"]
["ALLEGA","3602Q-01"]
["ANDERSON","3001Q-01"]
["ASHTABULA","2850Q-01"]
["ASSOCIATED","2732Q-01"]
["BAKER-SHINDLER READY MIX","2508Q-01"]
["BESSEMER","2855Q-01"]
["BRYCE HILL","3105Q-01"]
["BUCKEYE RM","2901Q-01"]
["CALDWELL RM","2912Q-01"]
["CAMDEN RM","3227Q-01"]
["CARR BROS","3603Q-01"]
["CASHEN READY MIX","3633Q-01"]
["CEMENT PRODUCTS","2736Q-01"]
["CENTER","2510Q-01"]
["CENTRAL RM","3120Q-01"]
["CINCINNATI RM","3221Q-01"]
["CITY","2843Q-01"]
["CONSUMERS","2710Q-01"]
["CREMEANS CONCRETE","03408Q-01"]
["D W DICKEY","3506Q-01"]
["DAUCH","2707Q-01"]
["DIANO SUPPLY","2827Q-01"]
["E&B PAVING, INC.","2659Q-01"]
["ELLIS BROS","2917Q-01"]
["ELYRIA CONC (ECI)","2650Q-01"]
["ELYRIA CONCRETE","2660Q-01"]
["ERNST","3110Q-01"]
["ESSROC RM","3011Q-01"]
["FEIKERT","3509Q-01"]
["FOREST RUN RM","3412Q-01"]
["FRENCH'S","2800Q-01"]
["GRAFTON","2716Q-01"]
["HANSON RM","4801Q-01"]
["HENSEL READY MIX","2501Q-01"]
["HILLTOP PC","3210Q-01"]
["HOCKING VALLY","2903Q-01"]
["HOLMES REDIMIX","3529Q-01"]
["HULL BUILDERS","2718Q-01"]
["HURON CEM PROD","2704Q-01"]
["HY-TEK","2703Q-01"]
["IRVING CONCRETE","2502Q-01"]
["IRVING MATL","3202Q-01"]
["JIM'S CONC","3415Q-01"]
["K & L","2503Q-01"]
["KOKOSING MAT'S","1915Q-02"]
["KUHLMAN","2611Q-01"]
["LAKE ERIE RM","2656Q-01"]
["LANCASTER COAL","2929Q-01"]
["M&R REDI-MIX","2614Q-01"]
["MACK","2714Q-01"]
["MAYSVILLE RM","3328Q-01"]
["MCGOVNEY","3309Q-01"]
["MEDINA","2722Q-01"]
["MORITZ","2701Q-01"]
["NATIONAL L&S","2507Q-01"]
["NISSEN","2616Q-01"]
["OHIO R/M","3131Q-01"]
["OK COAL","2922Q-01"]
["ORRVILLE","2728Q-01"]
["OSBORNE","3610Q-01"]
["PAHL RM","2617Q-01"]
["PALMER BROS","2621Q-01"]
["PAUL R LIPP & SONS","3531Q-01"]
["PEPCON","3109Q-01"]
["PHILLIPS R-MIX/XENIA","3145Q-01"]
["PICKETT","3317Q-01"]
["PIQUA","3112Q-01"]
["QUALITY BLOCK","2730Q-01"]
["QUALITY RM","2511Q-01"]
["RELIABLE RM","2860Q-01"]
["ROCKPORT RM","3631Q-01"]
["ROSS COUNTY","3313Q-01"]
["SARDINIA","3223Q-01"]
["SARDINIA RM","3114Q-01"]
["SCIOTO RM","2936Q-01"]
["SHELLY & SANDS","8528Q-01"]
["SIDLEY","2801Q-01"]
["SMALL'S","2923Q-01"]
["SMITH CONC","3416Q-01"]
["SPRING CREEK","3130Q-01"]
["SPURLINO","3138Q-01"]
["ST MARYS RM","3126Q-01"]
["ST. HENRY","3116Q-01"]
["STALDER CONC","3428Q-01"]
["STAMM CONTRACTING","2818Q-01"]
["STOCKER CONC","3516Q-01"]
["TC REDI MIX","2839Q-01"]
["TECH READY MIX","3627Q-01"]
["TERMINAL RM","2712Q-01"]
["TOP CAT","2904Q-01"]
["TOW PATH","3321Q-01"]
["TRI-COUNTY CONC","3630Q-01"]
["TRI-SON","3530Q-01"]
["TWIN CITIES","3519Q-01"]
["WARREN","2821Q-01"]
["WEIRTON ICE & COAL","3522Q-01"]
["WELLS GROUP","3319Q-01"]
["WESTVIEW CONC","3620Q-01"]
["WILLIAMS","2627Q-01"]
["WINTERS","3315Q-01"]

{"sheet":"AGG PROD LIST","index":6,"n_rows":261,"n_cols":2,"rows_kept":261,"cut":false,"hidden":true,"merged":[]}
["ALBERT EXCAVATING-COSHOCTON  (04432-01)","04432-01"]
["ALLEGHENY-HARRISVILLE,PA  (04385-01)","04385-01"]
["ALLEGHENY-SLIPPERY ROCK,PA  (04376-01)","04376-01"]
["ALLIED CORP-MASSILLON  (04339-01)","04339-01"]
["ALLIED CORP-PETERSBURG  (04372-01)","04372-01"]
["AMERICAN S&G#4-MASSILLON  (04303-01)","04303-01"]
["ARCH-BATAVIA  (04791-01)","04791-01"]
["AREA AGG-WOODVILLE  (04163-01)","04163-01"]
["BALLENTINE-MANTUA  (04378-01)","04378-01"]
["BARRETT (LS)-SIDNEY  (4623B-01)","4623B-01"]
["BARRETT(GR)-HARDIN  (04624-01)","04624-01"]
["BARRETT(LS)-SIDNEY  (4623A-01)","4623A-01"]
["BARRETT-FAIRBORN  (04608-01)","04608-01"]
["BARRETT-MEDWAY  (04743-01)","04743-01"]
["BARRETT-RICHMOND,IN  (04747-01)","04747-01"]
["BARRETT-RICHMOND,IN  (4747A-01)","4747A-01"]
["BARRETT-W.CARROLLTON  (04613-01)","04613-01"]
["BARTLEY&BOLIN-LAKEVILLE  (05060-01)","05060-01"]
["BDM RECYCLING-WARREN  (04347-01)","04347-01"]
["BECK S&G-RAVENNA  (04305-01)","04305-01"]
["BELPRE S&G-LITTLE HOCKING  (04950-01)","04950-01"]
["BEST SAND-CHARDON  (05107-01)","05107-01"]
["BLUFFTON-BLUFFTON  (04001-01)","04001-01"]
["BRUGMANN,O-MANTUA  (04306-01)","04306-01"]
["CANTON AGG-CANTON  (04307-01)","04307-01"]
["CARDINAL-PERRYSBURG  (04158-01)","04158-01"]
["CARMEUSE-BLACK RIVER  (04741-01)","04741-01"]
["CARMEUSE-CEDARVILLE  (05115-01)","05115-01"]
["CARMEUSE-MAYSVILLE  (04738-01)","04738-01"]
["CARMEUSE-PT.INLAND  (05106-01)","05106-01"]
["CARMUESE-CALCITE  (05116-01)","05116-01"]
["CCR S&G-LODI  (04211-01)","04211-01"]
["CLAY CENTER-CLAY CENTER  (04116-01)","04116-01"]
["CLEVELAND SLAG-CLEVELAND  (05147-01)","05147-01"]
["CLINTON-S.WELLSTON  (4907A-01)","4907A-01"]
["CON-AG-ST.MARY'S  (04632-01)","04632-01"]
["CUSTAR STONE-LOWER BENCH-CUSTAR  (04113-01)","04113-01"]
["CUSTAR STONE-UPPER BENCH-CUSTAR  (4113A-01)","4113A-01"]
["D&K MATLS-MOGADORE  (04397-01)","04397-01"]
["DIGERONIMO AGGREGATES-INDEPENDENCE  (05119-01)","05119-01"]
["DRUMMOND ISLE STONE-DRUMMOND  (05111-01)","05111-01"]
["DUFF-HUNTSVILLE  (04638-01)","04638-01"]
["E.FAIRFIELD-PETERSBURG  (04364-01)","04364-01"]
["EAGLE MATERIALS, LLC. PLANT 5  (04730-01)","04730-01"]
["ENON S&G-ENON  (04611-01)","04611-01"]
["ERIE MATLS-SANDUSKY  (04206-01)","04206-01"]
["ERVIN HILL-HILLSBORO  (04839-01)","04839-01"]
["EVANS SAND & GRAVEL  (04788-01)","04788-01"]
["FEIKERT-FREDERICKSBURG  (05009-01)","05009-01"]
["FOUREMANS-GREENVILLE  (04630-01)","04630-01"]
["GEORGETOWN S&G-GEORGETOWN, PA  (05001-01)","05001-01"]
["GEORGETOWN S&G-GEORGETOWN, PA  (5001A-01)","5001A-01"]
["GERKEN MATLS-WALDRON,MI  (04120-01)","04120-01"]
["GERKEN MATLS-WALDRON,MI  (4120A-01)","4120A-01"]
["GLACIAL-JONESVILE,MI  (04156-01)","04156-01"]
["GS MATERIALS-CLINTON,MI  (04128-01)","04128-01"]
["GS MATERIALS-MOSCOW, MI  (04152-01)","04152-01"]
["GS MATERIALS-TECUMSEH,MI  (04159-01)","04159-01"]
["HANSON WAGNER-SANDUSKY  (4204A-01)","4204A-01"]
["HANSON-CORAOPOLIS  (05049-01)","05049-01"]
["HILLTOP BASIC-PATRIOT,IN  (04719-01)","04719-01"]
["HILLTOP BASIC-PATRIOT,IN  (4719A-01)","4719A-01"]
["HILLTOP-BATTLETOWN  (04771-01)","04771-01"]
["HOCKING VALLEY-LOGAN  (04927-01)","04927-01"]
["HOLMES-HOLMESVILLE  (05057-01)","05057-01"]
["HOLMES-MILLERSBURG  (05017-01)","05017-01"]
["HUGO SAND-KENT  (04315-01)","04315-01"]
["IMI-CAMBRIDGE  (04792-01)","04792-01"]
["IMI-CONNERSVILLE  (04750-01)","04750-01"]
["IRVING-ANGOLA,IN  (04161-01)","04161-01"]
["IRVING-WOLCOTTVILE,IN  (04162-01)","04162-01"]
["J.D. DIVERSIFIED SERVICES, INC.  (04308-01)","04308-01"]
["JEFFERSON-STREETSBORO  (04316-01)","04316-01"]
["JONES MATERIAL-GROVE CITY  (04539-01)","04539-01"]
["K.C.I. S&G-LOGAN  (04953-01)","04953-01"]
["KIMBLE CLAY&LS-E.SPARTA  (05068-01)","05068-01"]
["KIRBY S&G-U.SANDUSKY  (04023-01)","04023-01"]
["LAFARGE-MANITOULIN  (05114-01)","05114-01"]
["LAFARGE-MARBLEHEAD  (04105-01)","04105-01"]
["LAFARGE-PRESQUE ISLE,MI  (05109-01)","05109-01"]
["LAFARGE-W. MIFFLIN  (04363-01)","04363-01"]
["LAKELAND AGGREGATES  (04319-01)","04319-01"]
["LAKESIDE S&G-MANTUA  (04320-01)","04320-01"]
["LATHAM LS-LATHAM  (04818-01)","04818-01"]
["LEHIGH HANSON-ANGOLA  (04139-01)","04139-01"]
["LEHIGH HANSON-BLOOMVILLE  (04114-01)","04114-01"]
["LEHIGH HANSON-CASTALIA  (4205B-01)","4205B-01"]
["LEHIGH HANSON-CASTALIA  (4205C-01)","4205C-01"]
["LEHIGH HANSON-CASTALIA  (4205D-01)","4205D-01"]
["LEHIGH HANSON-CLEVES  (04772-01)","04772-01"]
["LEHIGH HANSON-GRAYSON,KY  (4837A-01)","4837A-01"]
["LEHIGH HANSON-HILLSBORO  (04815-01)","04815-01"]
["LEHIGH HANSON-PAULDING  (04002-01)","04002-01"]
["LEHIGH HANSON-PAULDING  (4002A-01)","4002A-01"]
["LEHIGH HANSON-PEEBLES  (04820-01)","04820-01"]
["LEHIGH HANSON-SARGENTS  (04811-01)","04811-01"]
["LEHIGH HANSON-SYLVANIA  (04111-01)","04111-01"]
["LEHIGH HANSON-WATERVILLE  (04110-01)","04110-01"]
["LEHIGH HANSON-WINCHESTER  (04833-01)","04833-01"]
["LEHIGH HANSON-WOODBURN,IN  (04025-01)","04025-01"]
["LETART-GALLIPOLIS,WV  (04912-01)","04912-01"]
["MAR-ZANE#1-ZANESVILLE  (04416-01)","04416-01"]
["MAR-ZANE#14-MELCO  (04212-01)","04212-01"]
["MAR-ZANE#14-MELCO  (4212A-01)","4212A-01"]
["MAR-ZANE#16-RAVENNA  (04373-01)","04373-01"]
["MAR-ZANE#8-HAYDENVILLE  (04903-01)","04903-01"]
["MAR-ZANE-BARBERTON  (04330-01)","04330-01"]
["MAR-ZANE-CHILLICOTHE  (04807-01)","04807-01"]
["MAR-ZANE-LOGAN  (04959-01)","04959-01"]
["MAR-ZANE-LOGAN  (4959A-01)","4959A-01"]
["MARTIN MARIETTA-CEDARVILLE  (04737-01)","04737-01"]
["MARTIN MARIETTA-ELIZABETHTOWN  (04749-01)","04749-01"]
["MARTIN MARIETTA-FAIRBORN  (04601-01)","04601-01"]
["MARTIN MARIETTA-FAIRFIELD  (04703-01)","04703-01"]
["MARTIN MARIETTA-FAIRFIELD  (4703A-01)","4703A-01"]
["MARTIN MARIETTA-FRANKLIN  (04705-01)","04705-01"]
["MARTIN MARIETTA-HAMILTON  (04708-01)","04708-01"]
["MARTIN MARIETTA-LEBANON  (04780-01)","04780-01"]
["MARTIN MARIETTA-PETERSBURG,KY  (04782-01)","04782-01"]
["MARTIN MARIETTA-PETROLEUM  (04954-01)","04954-01"]
["MARTIN MARIETTA-PHILLIPSBURG  (04604-01)","04604-01"]
["MARTIN MARIETTA-RACINE  (04915-01)","04915-01"]
["MARTIN MARIETTA-ROSS  (04715-01)","04715-01"]
["MARTIN MARIETTA-SABINA  (04785-01)","04785-01"]
["MARTIN MARIETTA-SPRING VALLEY  (04784-01)","04784-01"]
["MARTIN MARIETTA-TROY  (04607-01)","04607-01"]
["MARTIN MARIETTA-WOODVILLE  (04106-01)","04106-01"]
["MARTIN QUARRY-NEW PHILADELPHIA  (05035-01)","05035-01"]
["MASSILLON WASHED-NAVARRE  (04322-01)","04322-01"]
["MASSILLON#2-MASSILLON  (04352-01)","04352-01"]
["MECHANICSBURG-MECHANICSBURG  (04637-01)","04637-01"]
["MELVIN STONE CO-OAK HILL  (04822-01)","04822-01"]
["MELVIN-BOWERSVILLE  (04777-01)","04777-01"]
["MELVIN-CIRCLEVILLE  (04526-01)","04526-01"]
["MELVIN-MELVIN  (04721-01)","04721-01"]
["MELVIN-WILLIAMSPORT  (04511-01)","04511-01"]
["MGQ-OLD FORT  (04107-01)","04107-01"]
["MIDVALE-MIDVALE  (05029-01)","05029-01"]
["MILTON-LUDLOW FALLS  (04612-01)","04612-01"]
["MORROW S&G-MORROW  (04723-01)","04723-01"]
["MULZER CR-CAPE SANDY  (04932-01)","04932-01"]
["MULZER CR-CHARLESTOWN  (04933-01)","04933-01"]
["MULZER-NEW AMSTERDAM  (04769-01)","04769-01"]
["NATIONAL L&S-BUCKLAND  (4636B-01)","4636B-01"]
["NATIONAL L&S-CAREY C-6  (04030-01)","04030-01"]
["NATIONAL L&S-CHESTERVILLE S&G  (04521-01)","04521-01"]
["NATIONAL L&S-DELAWARE  (04505-01)","04505-01"]
["NATIONAL L&S-FINDLAY  (04007-01)","04007-01"]
["NATIONAL L&S-LIMA  (04008-01)","04008-01"]
["NATIONAL L&S-MARION  (04512-01)","04512-01"]
["NATIONAL L&S-MARION  (4512A-01)","4512A-01"]
["NATIONAL L&S-RIMER  (04027-01)","04027-01"]
["NATIONAL-BUCYRUS  (04202-01)","04202-01"]
["NATIONAL-U.SANDUSKY  (04019-01)","04019-01"]
["NEERS S&G-BELLEFONTAINE  (04629-01)","04629-01"]
["NELSON S&G-KINGSVILLE  (04301-01)","04301-01"]
["NEWARK MATERIALS LLC.-NEWARK  (04434-01)","04434-01"]
["NEWTON AGG-DOVER  (05020-01)","05020-01"]
["NORTHERN KENTUCKY-PETERSBURG  (04745-01)","04745-01"]
["NORTHERN KENTUCKY-PETERSBURG  (4745A-01)","4745A-01"]
["OEDER S&G-LEBANON  (04724-01)","04724-01"]
["OLEN CORP-COLUMBUS CR GR  (04509-01)","04509-01"]
["OLEN CORP-COLUMBUS LIMESTONE  (04538-01)","04538-01"]
["OLEN CORP-COLUMBUS40%  (4509A-01)","4509A-01"]
["OLEN CORP-FREDERICKTOWN  (04420-01)","04420-01"]
["OLEN CORP-ST.LOUISVILLE  (04410-01)","04410-01"]
["OLEN CORP-WOOSTER  (04215-01)","04215-01"]
["OLEN CORP-WOOSTER  (4215A-01)","4215A-01"]
["OLEN-UPPER SANDUSKY  (04004-01)","04004-01"]
["OLEN-UPPER SANDUSKY  (4004A-01)","4004A-01"]
["ONTARIO ROCK-ONTARIO  (04144-01)","04144-01"]
["OSTER S&G-BOLIVAR#2  (05027-01)","05027-01"]
["OSTER S&G-MASSILLON  (04325-01)","04325-01"]
["PHILLIPS COMPANIES-VANDALIA  (04614-01)","04614-01"]
["PHILLIPS-XENIA  (04725-01)","04725-01"]
["PHOENIX-MAGNOLIA  (05064-01)","05064-01"]
["PIQUA MINERALS-PIQUA  (04615-01)","04615-01"]
["POEPPELMAN-BRADFORD  (04631-01)","04631-01"]
["PORTAGE-MANTUA  (04389-01)","04389-01"]
["PRECISION-PORTAGE  (04133-01)","04133-01"]
["PUTNAM AGGREGATES-OTTAWA  (04011-01)","04011-01"]
["QUALITY-WAPAKONETA  (04633-01)","04633-01"]
["R.W.SIDLEY S&G-N.KINGSVILLE  (04335-01)","04335-01"]
["R.W.SIDLEY-THOMPSON  (05113-01)","05113-01"]
["RIVER S&G-VANCEBURG  (04845-01)","04845-01"]
["RIVERSIDE-BATTLETOWN  (04937-01)","04937-01"]
["ROCK BOTTOM-PLEASANT  (04153-01)","04153-01"]
["ROUND LAKE-ADDISON  (04122-01)","04122-01"]
["RUPP-MARSHALLVILLE  (04214-01)","04214-01"]
["S.COLUMBUS AGG-LOCKBOURNE  (04522-01)","04522-01"]
["SHAMROCK S&G-TRENTON  (04726-01)","04726-01"]
["SHELLY MATERIALS-ZANESVILLE  (4414A-01)","4414A-01"]
["SHELLY MATLS-BELLE CENTER  (04626-01)","04626-01"]
["SHELLY MATLS-CHILLICOTHE-1  (04804-01)","04804-01"]
["SHELLY MATLS-COLUMBUS GR  (04503-01)","04503-01"]
["SHELLY MATLS-COLUMBUS LS  (04502-01)","04502-01"]
["SHELLY MATLS-COSHOCTON  (04403-01)","04403-01"]
["SHELLY MATLS-E.FULTONHAM  (04413-01)","04413-01"]
["SHELLY MATLS-FOREST  (04020-01)","04020-01"]
["SHELLY MATLS-LANCASTER  (04411-01)","04411-01"]
["SHELLY MATLS-LOCKBOURNE  (04523-01)","04523-01"]
["SHELLY MATLS-MANTUA  (04390-01)","04390-01"]
["SHELLY MATLS-NEWARK  (04407-01)","04407-01"]
["SHELLY MATLS-OSTRANDER  (04519-01)","04519-01"]
["SHELLY MATLS-PORTLAND  (04958-01)","04958-01"]
["SHELLY MATLS-REEDSVILLE  (04945-01)","04945-01"]
["SHELLY MATLS-SPRINGFIELD  (04652-01)","04652-01"]
["SHELLY MATLS-WILLOW ISLAND  (04948-01)","04948-01"]
["SHELLY MATLS-YORK CENTER  (04513-01)","04513-01"]
["SIMAK-N.KINGSVILLE  (04380-01)","04380-01"]
["SMALLS S&G-GAMBIER  (04419-01)","04419-01"]
["SMELTER SD-THESSALON  (04126-01)","04126-01"]
["SOBER S&G-ROOTSTOWN  (04377-01)","04377-01"]
["SOEHNLEN-BEACH CITY  (05069-01)","05069-01"]
["SOUTH S&G-PIKETON  (04805-01)","04805-01"]
["STAFFORD GR-BUTLER  (04135-01)","04135-01"]
["STANSLEY-GENOA  (04118-01)","04118-01"]
["STEIN-LORAIN,ACBF SL  (04208-01)","04208-01"]
["STOCKER-GNADENHUTTEN  (09552-01)","09552-01"]
["STOCKER-PT.WASHINGTON  (05038-01)","05038-01"]
["STONECO-ANN ARBOR,MI  (04160-01)","04160-01"]
["STONECO-CELINA  (04622-01)","04622-01"]
["STONECO-LIME CITY  (04101-01)","04101-01"]
["STONECO-MAUMEE  (04123-01)","04123-01"]
["STONECO-MOSCOW,MI  (04131-01)","04131-01"]
["STONECO-OAKWOOD  (04012-01)","04012-01"]
["STONECO-OTTAWA LAKE, MI  (04132-01)","04132-01"]
["STONECO-PORTAGE  (04103-01)","04103-01"]
["STONECO-SCOTT  (04013-01)","04013-01"]
["SUBTROPILIS-PETERSBURG  (04394-01)","04394-01"]
["SUFFIELD-MOGADORE  (04399-01)","04399-01"]
["TERRA-MERCER,PA  (04396-01)","04396-01"]
["THREE RIVERS AGGREGATE, LLC.-SLIPPERY ROCK #2  (04395-01)","04395-01"]
["THREE RIVERS AGGREGATE, LLC.-WAMPUM QUARRY  (04388-01)","04388-01"]
["THREE RIVERS AGGREGATES, LLC - BLACK RUN  (04375-01)","04375-01"]
["THREE RIVERS AGGREGATES, LLC. - PALMER QUARRY  (04398-01)","04398-01"]
["THREE RIVERS AGGREGATES, LLC.- MERCER QUARRY  (04349-01)","04349-01"]
["TIGER S&G-MASSILLON  (04344-01)","04344-01"]
["TOW PATH-FRANKFORT  (04841-01)","04841-01"]
["TOW PATH-LUCASVILLE  (04838-01)","04838-01"]
["TUBE CITY-MIDDLETOWN  (04707-01)","04707-01"]
["TUFFCO-PLAIN CITY  (04516-01)","04516-01"]
["U.S. AGGREGATES, INC.-DECATUR  (04005-01)","04005-01"]
["U.S. AGGREGATES-RICHMOND,IN  (04709-01)","04709-01"]
["UNITED AGG-DANVILLE  (04405-01)","04405-01"]
["UNITED AGG-MT.VERNON  (04409-01)","04409-01"]
["URBANA MATLS-URBANA  (04628-01)","04628-01"]
["WALHONDLING VALLEY SAND & GRAVEL-WALHONDLING  (04433-01)","04433-01"]
["WATSON-CLEVES  (04787-01)","04787-01"]
["WATSON-HARRISON#2  (04779-01)","04779-01"]
["WATSON-MIDDLETOWN  (04744-01)","04744-01"]
["WATSON-ROSS  (04729-01)","04729-01"]
["WEBER S&G-EDGERTON  (04117-01)","04117-01"]
["WEIDLE S&G-GERMANTOWN  (04650-01)","04650-01"]
["WELCH S&G-HAMILTON  (04733-01)","04733-01"]
["WEST MILLGROVE STONE-W.MILLGROVE  (04108-01)","04108-01"]
["WEST MILLGROVE STONE-W.MILLGROVE  (4108A-01)","4108A-01"]
["WESTFALL-CIRCLEVILLE  (04535-01)","04535-01"]
["WYANDOT-CAREY  (04017-01)","04017-01"]
["XL S&G-NEGLEY  (05039-01)","05039-01"]
["YOUNGS S&G-LOUDONVILLE  (04201-01)","04201-01"]

{"sheet":"AGG MATL LIST","index":7,"n_rows":917,"n_cols":4,"rows_kept":917,"cut":false,"hidden":true,"merged":[]}
["ALBERT EXCAVATING-COSHOCTON  (04432-01)","04432-01",23057,"57 GRAVEL 57/02"]
["ALBERT EXCAVATING-COSHOCTON  (04432-01)","04432-01",23008,"8 GRAVEL 8/02"]
["ALBERT EXCAVATING-COSHOCTON  (04432-01)","04432-01","021SD2","SAND, NATURAL /02"]
["ALLEGHENY-HARRISVILLE,PA  (04385-01)","04385-01",25057,"57 CR STONE 57/02"]
["ALLEGHENY-HARRISVILLE,PA  (04385-01)","04385-01",250570,"57 CR STONE 57SS/02"]
["ALLEGHENY-HARRISVILLE,PA  (04385-01)","04385-01",250081,"8 CR ST 8SS/02 (.25)"]
["ALLEGHENY-HARRISVILLE,PA  (04385-01)","04385-01",25008,"8 CR STONE 8/02"]
["ALLEGHENY-HARRISVILLE,PA  (04385-01)","04385-01",250080,"8 CR STONE 8SS/02"]
["ALLEGHENY-SLIPPERY ROCK,PA  (04376-01)","04376-01",25057,"57 CR STONE 57/02"]
["ALLEGHENY-SLIPPERY ROCK,PA  (04376-01)","04376-01",25067,"67 CR STONE 67/02"]
["ALLEGHENY-SLIPPERY ROCK,PA  (04376-01)","04376-01",25008,"8 CR STONE 8/02"]
["ALLIED CORP-MASSILLON  (04339-01)","04339-01",23057,"57 GRAVEL 57/02"]
["ALLIED CORP-MASSILLON  (04339-01)","04339-01",23008,"8 GRAVEL 8/02"]
["ALLIED CORP-MASSILLON  (04339-01)","04339-01","021SD2","SAND, NATURAL /02"]
["ALLIED CORP-MASSILLON  (04339-01)","04339-01","021SD23","SAND, NATURAL AI/02"]
["ALLIED CORP-PETERSBURG  (04372-01)","04372-01",250572,"57 CR ST 451-452"]
["ALLIED CORP-PETERSBURG  (04372-01)","04372-01",25057,"57 CR STONE 57/02"]
["ALLIED CORP-PETERSBURG  (04372-01)","04372-01",250570,"57 CR STONE 57SS/02"]
["ALLIED CORP-PETERSBURG  (04372-01)","04372-01",25008,"8 CR STONE 8/02"]
["AMERICAN S&G#4-MASSILLON  (04303-01)","04303-01",23057,"57 GRAVEL 57/02"]
["AMERICAN S&G#4-MASSILLON  (04303-01)","04303-01",230570,"57 GRAVEL 57SS/02"]
["AMERICAN S&G#4-MASSILLON  (04303-01)","04303-01",23008,"8 GRAVEL 8/02"]
["AMERICAN S&G#4-MASSILLON  (04303-01)","04303-01",230080,"8 GRAVEL 8SS/02"]
["AMERICAN S&G#4-MASSILLON  (04303-01)","04303-01",230081,"8 GRAVEL 8SS/02(.25)"]
["AMERICAN S&G#4-MASSILLON  (04303-01)","04303-01","021SD2","SAND, NATURAL /02"]
["AMERICAN S&G#4-MASSILLON  (04303-01)","04303-01","021SD23","SAND, NATURAL AI/02"]
["ARCH-BATAVIA  (04791-01)","04791-01",250572,"57 CR ST 451-452"]
["ARCH-BATAVIA  (04791-01)","04791-01",25057,"57 CR STONE 57/02"]
["ARCH-BATAVIA  (04791-01)","04791-01",250570,"57 CR STONE 57SS/02"]
["ARCH-BATAVIA  (04791-01)","04791-01",25067,"67 CR STONE 67/02"]
["ARCH-BATAVIA  (04791-01)","04791-01",250081,"8 CR ST 8SS/02 (.25)"]
["ARCH-BATAVIA  (04791-01)","04791-01",25008,"8 CR STONE 8/02"]
["ARCH-BATAVIA  (04791-01)","04791-01",250080,"8 CR STONE 8SS/02"]
["AREA AGG-WOODVILLE  (04163-01)","04163-01",25357,"357 CR STONE 4/02"]
["AREA AGG-WOODVILLE  (04163-01)","04163-01",250572,"57 CR ST 451-452"]
["AREA AGG-WOODVILLE  (04163-01)","04163-01",25057,"57 CR STONE 57/02"]
["AREA AGG-WOODVILLE  (04163-01)","04163-01",250570,"57 CR STONE 57SS/02"]
["AREA AGG-WOODVILLE  (04163-01)","04163-01",250081,"8 CR ST 8SS/02 (.25)"]
["AREA AGG-WOODVILLE  (04163-01)","04163-01",25008,"8 CR STONE 8/02"]
["AREA AGG-WOODVILLE  (04163-01)","04163-01",250080,"8 CR STONE 8SS/02"]
["AREA AGG-WOODVILLE  (04163-01)","04163-01","025SD2","SAND STONE /02"]
["BALLENTINE-MANTUA  (04378-01)","04378-01","021SD2","SAND, NATURAL /02"]
["BARRETT (LS)-SIDNEY  (4623B-01)","4623B-01",250572,"57 CR ST 451-452"]
["BARRETT (LS)-SIDNEY  (4623B-01)","4623B-01",25057,"57 CR STONE 57/02"]
["BARRETT (LS)-SIDNEY  (4623B-01)","4623B-01",25008,"8 CR STONE 8/02"]
["BARRETT (LS)-SIDNEY  (4623B-01)","4623B-01","025SD2","SAND STONE /02"]
["BARRETT(GR)-HARDIN  (04624-01)","04624-01","021SD2","SAND, NATURAL /02"]
["BARRETT(GR)-HARDIN  (04624-01)","04624-01","021SD23","SAND, NATURAL AI/02"]
["BARRETT(LS)-SIDNEY  (4623A-01)","4623A-01",250572,"57 CR ST 451-452"]
["BARRETT(LS)-SIDNEY  (4623A-01)","4623A-01",25057,"57 CR STONE 57/02"]
["BARRETT(LS)-SIDNEY  (4623A-01)","4623A-01",250570,"57 CR STONE 57SS/02"]
["BARRETT(LS)-SIDNEY  (4623A-01)","4623A-01",250081,"8 CR ST 8SS/02 (.25)"]
["BARRETT(LS)-SIDNEY  (4623A-01)","4623A-01",25008,"8 CR STONE 8/02"]
["BARRETT(LS)-SIDNEY  (4623A-01)","4623A-01",250080,"8 CR STONE 8SS/02"]
["BARRETT-FAIRBORN  (04608-01)","04608-01",230572,"57 GR 451-452/02"]
["BARRETT-FAIRBORN  (04608-01)","04608-01",23057,"57 GRAVEL 57/02"]
["BARRETT-FAIRBORN  (04608-01)","04608-01",230570,"57 GRAVEL 57SS/02"]
["BARRETT-FAIRBORN  (04608-01)","04608-01",23008,"8 GRAVEL 8/02"]
["BARRETT-FAIRBORN  (04608-01)","04608-01",230080,"8 GRAVEL 8SS/02"]
["BARRETT-FAIRBORN  (04608-01)","04608-01",230081,"8 GRAVEL 8SS/02(.25)"]
["BARRETT-FAIRBORN  (04608-01)","04608-01","021SD2","SAND, NATURAL /02"]
["BARRETT-FAIRBORN  (04608-01)","04608-01","021SD23","SAND, NATURAL AI/02"]
["BARRETT-MEDWAY  (04743-01)","04743-01",23057,"57 GRAVEL 57/02"]
["BARRETT-MEDWAY  (04743-01)","04743-01",230570,"57 GRAVEL 57SS/02"]
["BARRETT-MEDWAY  (04743-01)","04743-01",23008,"8 GRAVEL 8/02"]
["BARRETT-MEDWAY  (04743-01)","04743-01",230080,"8 GRAVEL 8SS/02"]
["BARRETT-MEDWAY  (04743-01)","04743-01",230081,"8 GRAVEL 8SS/02(.25)"]
["BARRETT-MEDWAY  (04743-01)","04743-01","021SD2","SAND, NATURAL /02"]
["BARRETT-MEDWAY  (04743-01)","04743-01","021SD23","SAND, NATURAL AI/02"]
["BARRETT-RICHMOND,IN  (4747A-01)","4747A-01",250572,"57 CR ST 451-452"]
["BARRETT-RICHMOND,IN  (4747A-01)","4747A-01",25057,"57 CR STONE 57/02"]
["BARRETT-RICHMOND,IN  (4747A-01)","4747A-01",25008,"8 CR STONE 8/02"]
["BARRETT-W.CARROLLTON  (04613-01)","04613-01",230572,"57 GR 451-452/02"]
["BARRETT-W.CARROLLTON  (04613-01)","04613-01",23057,"57 GRAVEL 57/02"]
["BARRETT-W.CARROLLTON  (04613-01)","04613-01",230570,"57 GRAVEL 57SS/02"]
["BARRETT-W.CARROLLTON  (04613-01)","04613-01",23008,"8 GRAVEL 8/02"]
["BARRETT-W.CARROLLTON  (04613-01)","04613-01",230080,"8 GRAVEL 8SS/02"]
["BARRETT-W.CARROLLTON  (04613-01)","04613-01","021SD2","SAND, NATURAL /02"]
["BARRETT-W.CARROLLTON  (04613-01)","04613-01","021SD23","SAND, NATURAL AI/02"]
["BARTLEY&BOLIN-LAKEVILLE  (05060-01)","05060-01","021SD2","SAND, NATURAL /02"]
["BARTLEY&BOLIN-LAKEVILLE  (05060-01)","05060-01","021SD23","SAND, NATURAL AI/02"]
["BECK S&G-RAVENNA  (04305-01)","04305-01","021SD2","SAND, NATURAL /02"]
["BECK S&G-RAVENNA  (04305-01)","04305-01","021SD23","SAND, NATURAL AI/02"]
["BELPRE S&G-LITTLE HOCKING  (04950-01)","04950-01",23057,"57 GRAVEL 57/02"]
["BELPRE S&G-LITTLE HOCKING  (04950-01)","04950-01",230570,"57 GRAVEL 57SS/02"]
["BELPRE S&G-LITTLE HOCKING  (04950-01)","04950-01",23008,"8 GRAVEL 8/02"]
["BELPRE S&G-LITTLE HOCKING  (04950-01)","04950-01","021SD2","SAND, NATURAL /02"]
["BEST SAND-CHARDON  (05107-01)","05107-01",23008,"8 GRAVEL 8/02"]
["BLUFFTON-BLUFFTON  (04001-01)","04001-01",250572,"57 CR ST 451-452"]
["BLUFFTON-BLUFFTON  (04001-01)","04001-01",25057,"57 CR STONE 57/02"]
["BLUFFTON-BLUFFTON  (04001-01)","04001-01",25008,"8 CR STONE 8/02"]
["BRUGMANN,O-MANTUA  (04306-01)","04306-01",23008,"8 GRAVEL 8/02"]
["BRUGMANN,O-MANTUA  (04306-01)","04306-01",230080,"8 GRAVEL 8SS/02"]
["BRUGMANN,O-MANTUA  (04306-01)","04306-01","021SD2","SAND, NATURAL /02"]
["BRUGMANN,O-MANTUA  (04306-01)","04306-01","021SD23","SAND, NATURAL AI/02"]
["CANTON AGG-CANTON  (04307-01)","04307-01",23008,"8 GRAVEL 8/02"]
["CANTON AGG-CANTON  (04307-01)","04307-01",230080,"8 GRAVEL 8SS/02"]
["CANTON AGG-CANTON  (04307-01)","04307-01",230081,"8 GRAVEL 8SS/02(.25)"]
["CANTON AGG-CANTON  (04307-01)","04307-01","021SD2","SAND, NATURAL /02"]
["CANTON AGG-CANTON  (04307-01)","04307-01","021SD23","SAND, NATURAL AI/02"]
["CARDINAL-PERRYSBURG  (04158-01)","04158-01",250572,"57 CR ST 451-452"]
["CARDINAL-PERRYSBURG  (04158-01)","04158-01",25057,"57 CR STONE 57/02"]
["CARDINAL-PERRYSBURG  (04158-01)","04158-01",250570,"57 CR STONE 57SS/02"]
["CARDINAL-PERRYSBURG  (04158-01)","04158-01",250081,"8 CR ST 8SS/02 (.25)"]
["CARDINAL-PERRYSBURG  (04158-01)","04158-01",25008,"8 CR STONE 8/02"]
["CARDINAL-PERRYSBURG  (04158-01)","04158-01",250080,"8 CR STONE 8SS/02"]
["CARMEUSE-BLACK RIVER  (04741-01)","04741-01",250081,"8 CR ST 8SS/02 (.25)"]
["CARMEUSE-BLACK RIVER  (04741-01)","04741-01",25008,"8 CR STONE 8/02"]
["CARMEUSE-BLACK RIVER  (04741-01)","04741-01",250080,"8 CR STONE 8SS/02"]
["CARMEUSE-CEDARVILLE  (05115-01)","05115-01",25057,"57 CR STONE 57/02"]
["CARMEUSE-CEDARVILLE  (05115-01)","05115-01",250570,"57 CR STONE 57SS/02"]
["CARMEUSE-CEDARVILLE  (05115-01)","05115-01",25067,"67 CR STONE 67/02"]
["CARMEUSE-CEDARVILLE  (05115-01)","05115-01",250670,"67 CR STONE 67SS/02"]
["CARMEUSE-CEDARVILLE  (05115-01)","05115-01",250081,"8 CR ST 8SS/02 (.25)"]
["CARMEUSE-CEDARVILLE  (05115-01)","05115-01",25008,"8 CR STONE 8/02"]
["CARMEUSE-CEDARVILLE  (05115-01)","05115-01",250080,"8 CR STONE 8SS/02"]
["CARMEUSE-MAYSVILLE  (04738-01)","04738-01",250081,"8 CR ST 8SS/02 (.25)"]
["CARMEUSE-MAYSVILLE  (04738-01)","04738-01",25008,"8 CR STONE 8/02"]
["CARMEUSE-MAYSVILLE  (04738-01)","04738-01",250080,"8 CR STONE 8SS/02"]
["CARMEUSE-PT.INLAND  (05106-01)","05106-01",25057,"57 CR STONE 57/02"]
["CARMEUSE-PT.INLAND  (05106-01)","05106-01",250570,"57 CR STONE 57SS/02"]
["CARMEUSE-PT.INLAND  (05106-01)","05106-01",250081,"8 CR ST 8SS/02 (.25)"]
["CARMEUSE-PT.INLAND  (05106-01)","05106-01",25008,"8 CR STONE 8/02"]
["CARMEUSE-PT.INLAND  (05106-01)","05106-01",250080,"8 CR STONE 8SS/02"]
["CARMUESE-CALCITE  (05116-01)","05116-01",25057,"57 CR STONE 57/02"]
["CARMUESE-CALCITE  (05116-01)","05116-01",250570,"57 CR STONE 57SS/02"]
["CARMUESE-CALCITE  (05116-01)","05116-01",250081,"8 CR ST 8SS/02 (.25)"]
["CARMUESE-CALCITE  (05116-01)","05116-01",25008,"8 CR STONE 8/02"]
["CARMUESE-CALCITE  (05116-01)","05116-01",250080,"8 CR STONE 8SS/02"]
["CCR S&G-LODI  (04211-01)","04211-01","021SD2","SAND, NATURAL /02"]
["CLAY CENTER-CLAY CENTER  (04116-01)","04116-01",25057,"57 CR STONE 57/02"]
["CLAY CENTER-CLAY CENTER  (04116-01)","04116-01",250570,"57 CR STONE 57SS/02"]
["CLAY CENTER-CLAY CENTER  (04116-01)","04116-01",250081,"8 CR ST 8SS/02 (.25)"]
["CLAY CENTER-CLAY CENTER  (04116-01)","04116-01",25008,"8 CR STONE 8/02"]
["CLAY CENTER-CLAY CENTER  (04116-01)","04116-01",250080,"8 CR STONE 8SS/02"]
["CLEVELAND SLAG-CLEVELAND  (05147-01)","05147-01",26057,"57 ACBF SLAG 57/02"]
["CLEVELAND SLAG-CLEVELAND  (05147-01)","05147-01",260570,"57 ACBF SLAG 57SS/02"]
["CLINTON-S.WELLSTON  (4907A-01)","4907A-01",25057,"57 CR STONE 57/02"]
["CLINTON-S.WELLSTON  (4907A-01)","4907A-01",25008,"8 CR STONE 8/02"]
["CON-AG-ST.MARY'S  (04632-01)","04632-01",25057,"57 CR STONE 57/02"]
["CON-AG-ST.MARY'S  (04632-01)","04632-01",250570,"57 CR STONE 57SS/02"]
["CON-AG-ST.MARY'S  (04632-01)","04632-01",25067,"67 CR STONE 67/02"]
["CON-AG-ST.MARY'S  (04632-01)","04632-01",250081,"8 CR ST 8SS/02 (.25)"]
["CON-AG-ST.MARY'S  (04632-01)","04632-01",25008,"8 CR STONE 8/02"]
["CON-AG-ST.MARY'S  (04632-01)","04632-01",250080,"8 CR STONE 8SS/02"]
["CUSTAR STONE-UPPER BENCH-CUSTAR  (4113A-01)","4113A-01",250572,"57 CR ST 451-452"]
["CUSTAR STONE-UPPER BENCH-CUSTAR  (4113A-01)","4113A-01",25057,"57 CR STONE 57/02"]
["CUSTAR STONE-UPPER BENCH-CUSTAR  (4113A-01)","4113A-01",250570,"57 CR STONE 57SS/02"]
["CUSTAR STONE-UPPER BENCH-CUSTAR  (4113A-01)","4113A-01",250672,"67 CR ST 451-452"]
["CUSTAR STONE-UPPER BENCH-CUSTAR  (4113A-01)","4113A-01",25067,"67 CR STONE 67/02"]
["CUSTAR STONE-UPPER BENCH-CUSTAR  (4113A-01)","4113A-01",250081,"8 CR ST 8SS/02 (.25)"]
["CUSTAR STONE-UPPER BENCH-CUSTAR  (4113A-01)","4113A-01",25008,"8 CR STONE 8/02"]
["CUSTAR STONE-UPPER BENCH-CUSTAR  (4113A-01)","4113A-01",250080,"8 CR STONE 8SS/02"]
["D&K MATLS-MOGADORE  (04397-01)","04397-01","021SD2","SAND, NATURAL /02"]
["DIGERONIMO AGGREGATES-INDEPENDENCE  (05119-01)","05119-01",20008,"Shale 703.02"]
["DRUMMOND ISLE STONE-DRUMMOND  (05111-01)","05111-01",25057,"57 CR STONE 57/02"]
["DRUMMOND ISLE STONE-DRUMMOND  (05111-01)","05111-01",250570,"57 CR STONE 57SS/02"]
["DRUMMOND ISLE STONE-DRUMMOND  (05111-01)","05111-01",25008,"8 CR STONE 8/02"]
["DUFF-HUNTSVILLE  (04638-01)","04638-01",25057,"57 CR STONE 57/02"]
["DUFF-HUNTSVILLE  (04638-01)","04638-01",250570,"57 CR STONE 57SS/02"]
["DUFF-HUNTSVILLE  (04638-01)","04638-01",250081,"8 CR ST 8SS/02 (.25)"]
["DUFF-HUNTSVILLE  (04638-01)","04638-01",25008,"8 CR STONE 8/02"]
["DUFF-HUNTSVILLE  (04638-01)","04638-01",250080,"8 CR STONE 8SS/02"]
["E.FAIRFIELD-PETERSBURG  (04364-01)","04364-01",250572,"57 CR ST 451-452"]
["E.FAIRFIELD-PETERSBURG  (04364-01)","04364-01",25008,"8 CR STONE 8/02"]
["E.FAIRFIELD-PETERSBURG  (04364-01)","04364-01",250080,"8 CR STONE 8SS/02"]
["EAGLE MATERIALS, LLC. PLANT 5  (04730-01)","04730-01",23057,"57 GRAVEL 57/02"]
["EAGLE MATERIALS, LLC. PLANT 5  (04730-01)","04730-01",230570,"57 GRAVEL 57SS/02"]
["EAGLE MATERIALS, LLC. PLANT 5  (04730-01)","04730-01",23008,"8 GRAVEL 8/02"]
["EAGLE MATERIALS, LLC. PLANT 5  (04730-01)","04730-01",230080,"8 GRAVEL 8SS/02"]
["EAGLE MATERIALS, LLC. PLANT 5  (04730-01)","04730-01",230081,"8 GRAVEL 8SS/02(.25)"]
["EAGLE MATERIALS, LLC. PLANT 5  (04730-01)","04730-01","021SD2","SAND, NATURAL /02"]
["ENON S&G-ENON  (04611-01)","04611-01",230572,"57 GR 451-452/02"]
["ENON S&G-ENON  (04611-01)","04611-01",23057,"57 GRAVEL 57/02"]
["ENON S&G-ENON  (04611-01)","04611-01",230570,"57 GRAVEL 57SS/02"]
["ENON S&G-ENON  (04611-01)","04611-01",23008,"8 GRAVEL 8/02"]
["ENON S&G-ENON  (04611-01)","04611-01",230080,"8 GRAVEL 8SS/02"]
["ENON S&G-ENON  (04611-01)","04611-01","021SD2","SAND, NATURAL /02"]
["ERIE MATLS-SANDUSKY  (04206-01)","04206-01",25057,"57 CR STONE 57/02"]
["ERIE MATLS-SANDUSKY  (04206-01)","04206-01",250570,"57 CR STONE 57SS/02"]
["ERIE MATLS-SANDUSKY  (04206-01)","04206-01",250081,"8 CR ST 8SS/02 (.25)"]
["ERIE MATLS-SANDUSKY  (04206-01)","04206-01",25008,"8 CR STONE 8/02"]
["ERIE MATLS-SANDUSKY  (04206-01)","04206-01",250080,"8 CR STONE 8SS/02"]
["ERVIN HILL-HILLSBORO  (04839-01)","04839-01",23057,"57 GRAVEL 57/02"]
["ERVIN HILL-HILLSBORO  (04839-01)","04839-01",23008,"8 GRAVEL 8/02"]
["ERVIN HILL-HILLSBORO  (04839-01)","04839-01","021SD2","SAND, NATURAL /02"]
["EVANS SAND & GRAVEL  (04788-01)","04788-01",23057,"57 GRAVEL 57/02"]
["EVANS SAND & GRAVEL  (04788-01)","04788-01",23008,"8 GRAVEL 8/02"]
["EVANS SAND & GRAVEL  (04788-01)","04788-01","021SD2","SAND, NATURAL /02"]
["FEIKERT-FREDERICKSBURG  (05009-01)","05009-01",23008,"8 GRAVEL 8/02"]
["FEIKERT-FREDERICKSBURG  (05009-01)","05009-01",230080,"8 GRAVEL 8SS/02"]
["FEIKERT-FREDERICKSBURG  (05009-01)","05009-01",230081,"8 GRAVEL 8SS/02(.25)"]
["FEIKERT-FREDERICKSBURG  (05009-01)","05009-01","021SD2","SAND, NATURAL /02"]
["FOUREMANS-GREENVILLE  (04630-01)","04630-01","021SD2","SAND, NATURAL /02"]
["FOUREMANS-GREENVILLE  (04630-01)","04630-01","021SD23","SAND, NATURAL AI/02"]
["GEORGETOWN S&G-GEORGETOWN, PA  (05001-01)","05001-01",23057,"57 GRAVEL 57/02"]
["GEORGETOWN S&G-GEORGETOWN, PA  (05001-01)","05001-01",23008,"8 GRAVEL 8/02"]
["GEORGETOWN S&G-GEORGETOWN, PA  (05001-01)","05001-01","021SD2","SAND, NATURAL /02"]
["GEORGETOWN S&G-GEORGETOWN, PA  (5001A-01)","5001A-01",24008,"8 CR GRAVEL 8/02"]
["GERKEN MATLS-WALDRON,MI  (04120-01)","04120-01",23057,"57 GRAVEL 57/02"]
["GERKEN MATLS-WALDRON,MI  (04120-01)","04120-01","021SD2","SAND, NATURAL /02"]
["GERKEN MATLS-WALDRON,MI  (04120-01)","04120-01","021SD23","SAND, NATURAL AI/02"]
["GERKEN MATLS-WALDRON,MI  (4120A-01)","4120A-01",240572,"57 CR GR 451-452"]
["GERKEN MATLS-WALDRON,MI  (4120A-01)","4120A-01",24057,"57 CR GRAVEL 57/02"]
["GLACIAL-JONESVILE,MI  (04156-01)","04156-01","021SD2","SAND, NATURAL /02"]
["GS MATERIALS-CLINTON,MI  (04128-01)","04128-01","021SD2","SAND, NATURAL /02"]
["GS MATERIALS-CLINTON,MI  (04128-01)","04128-01","021SD23","SAND, NATURAL AI/02"]
["GS MATERIALS-MOSCOW, MI  (04152-01)","04152-01","021SD2","SAND, NATURAL /02"]
["GS MATERIALS-TECUMSEH,MI  (04159-01)","04159-01",23008,"8 GRAVEL 8/02"]
["GS MATERIALS-TECUMSEH,MI  (04159-01)","04159-01","021SD2","SAND, NATURAL /02"]
["HANSON WAGNER-SANDUSKY  (4204A-01)","4204A-01",25004,"4 CR STONE 4/02"]
["HANSON WAGNER-SANDUSKY  (4204A-01)","4204A-01",25057,"57 CR STONE 57/02"]
["HANSON WAGNER-SANDUSKY  (4204A-01)","4204A-01",250570,"57 CR STONE 57SS/02"]
["HANSON WAGNER-SANDUSKY  (4204A-01)","4204A-01",250081,"8 CR ST 8SS/02 (.25)"]
["HANSON WAGNER-SANDUSKY  (4204A-01)","4204A-01",25008,"8 CR STONE 8/02"]
["HANSON WAGNER-SANDUSKY  (4204A-01)","4204A-01",250080,"8 CR STONE 8SS/02"]
["HANSON-CORAOPOLIS  (05049-01)","05049-01",23057,"57 GRAVEL 57/02"]
["HANSON-CORAOPOLIS  (05049-01)","05049-01",23008,"8 GRAVEL 8/02"]
["HANSON-CORAOPOLIS  (05049-01)","05049-01","021SD2","SAND, NATURAL /02"]
["HILLTOP BASIC-PATRIOT,IN  (04719-01)","04719-01",230572,"57 GR 451-452/02"]
["HILLTOP BASIC-PATRIOT,IN  (04719-01)","04719-01",23057,"57 GRAVEL 57/02"]
["HILLTOP BASIC-PATRIOT,IN  (04719-01)","04719-01",230570,"57 GRAVEL 57SS/02"]
["HILLTOP BASIC-PATRIOT,IN  (04719-01)","04719-01",23008,"8 GRAVEL 8/02"]
["HILLTOP BASIC-PATRIOT,IN  (04719-01)","04719-01",230080,"8 GRAVEL 8SS/02"]
["HILLTOP BASIC-PATRIOT,IN  (04719-01)","04719-01",230081,"8 GRAVEL 8SS/02(.25)"]
["HILLTOP BASIC-PATRIOT,IN  (04719-01)","04719-01",23009,"9 GRAVEL 9/02"]
["HILLTOP BASIC-PATRIOT,IN  (04719-01)","04719-01","021SD2","SAND, NATURAL /02"]
["HILLTOP BASIC-PATRIOT,IN  (4719A-01)","4719A-01",24057,"57 CR GRAVEL 57/02"]
["HILLTOP BASIC-PATRIOT,IN  (4719A-01)","4719A-01",240081,"8 CR GR 8SS/02 (.25)"]
["HILLTOP BASIC-PATRIOT,IN  (4719A-01)","4719A-01",240080,"8 CR GRAVEL 8SS/02"]
["HILLTOP-BATTLETOWN  (04771-01)","04771-01",25057,"57 CR STONE 57/02"]
["HOCKING VALLEY-LOGAN  (04927-01)","04927-01","021SD2","SAND, NATURAL /02"]
["HOLMES-HOLMESVILLE  (05057-01)","05057-01","021SD2","SAND, NATURAL /02"]
["HOLMES-MILLERSBURG  (05017-01)","05017-01","021SD2","SAND, NATURAL /02"]
["HUGO SAND-KENT  (04315-01)","04315-01","021SD2","SAND, NATURAL /02"]
["IMI-CAMBRIDGE  (04792-01)","04792-01",23057,"57 GRAVEL 57/02"]
["IMI-CAMBRIDGE  (04792-01)","04792-01",230570,"57 GRAVEL 57SS/02"]
["IMI-CAMBRIDGE  (04792-01)","04792-01",23008,"8 GRAVEL 8/02"]
["IMI-CAMBRIDGE  (04792-01)","04792-01",230080,"8 GRAVEL 8SS/02"]
["IMI-CAMBRIDGE  (04792-01)","04792-01","021SD2","SAND, NATURAL /02"]
["IMI-CONNERSVILLE  (04750-01)","04750-01",23057,"57 GRAVEL 57/02"]
["IMI-CONNERSVILLE  (04750-01)","04750-01",23008,"8 GRAVEL 8/02"]
["IMI-CONNERSVILLE  (04750-01)","04750-01","021SD2","SAND, NATURAL /02"]
["IRVING-ANGOLA,IN  (04161-01)","04161-01","021SD2","SAND, NATURAL /02"]
["IRVING-WOLCOTTVILE,IN  (04162-01)","04162-01","021SD2","SAND, NATURAL /02"]
["J.D. DIVERSIFIED SERVICES, INC.  (04308-01)","04308-01","021SD2","SAND, NATURAL /02"]
["JEFFERSON-STREETSBORO  (04316-01)","04316-01",23057,"57 GRAVEL 57/02"]
["JEFFERSON-STREETSBORO  (04316-01)","04316-01",23008,"8 GRAVEL 8/02"]
["JEFFERSON-STREETSBORO  (04316-01)","04316-01",230080,"8 GRAVEL 8SS/02"]
["JEFFERSON-STREETSBORO  (04316-01)","04316-01","021SD2","SAND, NATURAL /02"]
["JEFFERSON-STREETSBORO  (04316-01)","04316-01","021SD23","SAND, NATURAL AI/02"]
["JONES MATERIAL-GROVE CITY  (04539-01)","04539-01","021SD2","SAND, NATURAL /02"]
["K.C.I. S&G-LOGAN  (04953-01)","04953-01","021SD2","SAND, NATURAL /02"]
["KIMBLE CLAY&LS-E.SPARTA  (05068-01)","05068-01",25057,"57 CR STONE 57/02"]
["KIMBLE CLAY&LS-E.SPARTA  (05068-01)","05068-01",25067,"67 CR STONE 67/02"]
["KIMBLE CLAY&LS-E.SPARTA  (05068-01)","05068-01",25008,"8 CR STONE 8/02"]
["KIRBY S&G-U.SANDUSKY  (04023-01)","04023-01","021SD2","SAND, NATURAL /02"]
["LAFARGE-MANITOULIN  (05114-01)","05114-01",25057,"57 CR STONE 57/02"]
["LAFARGE-MANITOULIN  (05114-01)","05114-01",250570,"57 CR STONE 57SS/02"]
["LAFARGE-MANITOULIN  (05114-01)","05114-01",250081,"8 CR ST 8SS/02 (.25)"]
["LAFARGE-MANITOULIN  (05114-01)","05114-01",25008,"8 CR STONE 8/02"]
["LAFARGE-MANITOULIN  (05114-01)","05114-01",250080,"8 CR STONE 8SS/02"]
["LAFARGE-MARBLEHEAD  (04105-01)","04105-01",25057,"57 CR STONE 57/02"]
["LAFARGE-MARBLEHEAD  (04105-01)","04105-01",250570,"57 CR STONE 57SS/02"]
["LAFARGE-MARBLEHEAD  (04105-01)","04105-01",250081,"8 CR ST 8SS/02 (.25)"]
["LAFARGE-MARBLEHEAD  (04105-01)","04105-01",25008,"8 CR STONE 8/02"]
["LAFARGE-MARBLEHEAD  (04105-01)","04105-01",250080,"8 CR STONE 8SS/02"]
["LAFARGE-PRESQUE ISLE,MI  (05109-01)","05109-01",25057,"57 CR STONE 57/02"]
["LAFARGE-PRESQUE ISLE,MI  (05109-01)","05109-01",250570,"57 CR STONE 57SS/02"]
["LAFARGE-PRESQUE ISLE,MI  (05109-01)","05109-01",250081,"8 CR ST 8SS/02 (.25)"]
["LAFARGE-PRESQUE ISLE,MI  (05109-01)","05109-01",25008,"8 CR STONE 8/02"]
["LAFARGE-PRESQUE ISLE,MI  (05109-01)","05109-01",250080,"8 CR STONE 8SS/02"]
["LAFARGE-W. MIFFLIN  (04363-01)","04363-01",26057,"57 ACBF SLAG 57/02"]
["LAFARGE-W. MIFFLIN  (04363-01)","04363-01",26008,"8 ACBF SLAG 8/02"]
["LAKELAND AGGREGATES  (04319-01)","04319-01",23057,"57 GRAVEL 57/02"]
["LAKELAND AGGREGATES  (04319-01)","04319-01",230570,"57 GRAVEL 57SS/02"]
["LAKELAND AGGREGATES  (04319-01)","04319-01",23008,"8 GRAVEL 8/02"]
["LAKELAND AGGREGATES  (04319-01)","04319-01",230080,"8 GRAVEL 8SS/02"]
["LAKELAND AGGREGATES  (04319-01)","04319-01","021SD2","SAND, NATURAL /02"]
["LAKESIDE S&G-MANTUA  (04320-01)","04320-01",23008,"8 GRAVEL 8/02"]
["LAKESIDE S&G-MANTUA  (04320-01)","04320-01",230080,"8 GRAVEL 8SS/02"]
["LAKESIDE S&G-MANTUA  (04320-01)","04320-01","021SD2","SAND, NATURAL /02"]
["LAKESIDE S&G-MANTUA  (04320-01)","04320-01","021SD23","SAND, NATURAL AI/02"]
["LATHAM LS-LATHAM  (04818-01)","04818-01",25057,"57 CR STONE 57/02"]
["LATHAM LS-LATHAM  (04818-01)","04818-01",250570,"57 CR STONE 57SS/02"]
["LATHAM LS-LATHAM  (04818-01)","04818-01",250081,"8 CR ST 8SS/02 (.25)"]
["LATHAM LS-LATHAM  (04818-01)","04818-01",25008,"8 CR STONE 8/02"]
["LATHAM LS-LATHAM  (04818-01)","04818-01",250080,"8 CR STONE 8SS/02"]
["LEHIGH HANSON-ANGOLA  (04139-01)","04139-01","021SD2","SAND, NATURAL /02"]
["LEHIGH HANSON-BLOOMVILLE  (04114-01)","04114-01",25057,"57 CR STONE 57/02"]
["LEHIGH HANSON-BLOOMVILLE  (04114-01)","04114-01",250570,"57 CR STONE 57SS/02"]
["LEHIGH HANSON-BLOOMVILLE  (04114-01)","04114-01",25067,"67 CR STONE 67/02"]
["LEHIGH HANSON-BLOOMVILLE  (04114-01)","04114-01",250670,"67 CR STONE 67SS/02"]
["LEHIGH HANSON-BLOOMVILLE  (04114-01)","04114-01",250081,"8 CR ST 8SS/02 (.25)"]
["LEHIGH HANSON-BLOOMVILLE  (04114-01)","04114-01",25008,"8 CR STONE 8/02"]
["LEHIGH HANSON-BLOOMVILLE  (04114-01)","04114-01",250080,"8 CR STONE 8SS/02"]
["LEHIGH HANSON-CASTALIA  (4205C-01)","4205C-01",25004,"4 CR STONE 4/02"]
["LEHIGH HANSON-CASTALIA  (4205C-01)","4205C-01",250081,"8 CR ST 8SS/02 (.25)"]
["LEHIGH HANSON-CASTALIA  (4205C-01)","4205C-01",25008,"8 CR STONE 8/02"]
["LEHIGH HANSON-CASTALIA  (4205C-01)","4205C-01",250080,"8 CR STONE 8SS/02"]
["LEHIGH HANSON-CASTALIA  (4205D-01)","4205D-01",250572,"57 CR ST 451-452"]
["LEHIGH HANSON-CASTALIA  (4205D-01)","4205D-01",25057,"57 CR STONE 57/02"]
["LEHIGH HANSON-CASTALIA  (4205D-01)","4205D-01",250570,"57 CR STONE 57SS/02"]
["LEHIGH HANSON-CLEVES  (04772-01)","04772-01",23057,"57 GRAVEL 57/02"]
["LEHIGH HANSON-CLEVES  (04772-01)","04772-01",230570,"57 GRAVEL 57SS/02"]
["LEHIGH HANSON-CLEVES  (04772-01)","04772-01",23008,"8 GRAVEL 8/02"]
["LEHIGH HANSON-CLEVES  (04772-01)","04772-01",230080,"8 GRAVEL 8SS/02"]
["LEHIGH HANSON-CLEVES  (04772-01)","04772-01",230081,"8 GRAVEL 8SS/02(.25)"]
["LEHIGH HANSON-CLEVES  (04772-01)","04772-01","021SD2","SAND, NATURAL /02"]
["LEHIGH HANSON-GRAYSON,KY  (4837A-01)","4837A-01",25067,"67 CR STONE 67/02"]
["LEHIGH HANSON-HILLSBORO  (04815-01)","04815-01",250081,"8 CR ST 8SS/02 (.25)"]
["LEHIGH HANSON-HILLSBORO  (04815-01)","04815-01",25008,"8 CR STONE 8/02"]
["LEHIGH HANSON-HILLSBORO  (04815-01)","04815-01",250080,"8 CR STONE 8SS/02"]
["LEHIGH HANSON-PAULDING  (04002-01)","04002-01",250572,"57 CR ST 451-452"]
["LEHIGH HANSON-PAULDING  (04002-01)","04002-01",25057,"57 CR STONE 57/02"]
["LEHIGH HANSON-PAULDING  (04002-01)","04002-01",250570,"57 CR STONE 57SS/02"]
["LEHIGH HANSON-PAULDING  (04002-01)","04002-01",250081,"8 CR ST 8SS/02 (.25)"]
["LEHIGH HANSON-PAULDING  (04002-01)","04002-01",25008,"8 CR STONE 8/02"]
["LEHIGH HANSON-PAULDING  (04002-01)","04002-01",250080,"8 CR STONE 8SS/02"]
["LEHIGH HANSON-PAULDING  (4002A-01)","4002A-01",25057,"57 CR STONE 57/02"]
["LEHIGH HANSON-PAULDING  (4002A-01)","4002A-01",25008,"8 CR STONE 8/02"]
["LEHIGH HANSON-PEEBLES  (04820-01)","04820-01",250572,"57 CR ST 451-452"]
["LEHIGH HANSON-PEEBLES  (04820-01)","04820-01",25057,"57 CR STONE 57/02"]
["LEHIGH HANSON-PEEBLES  (04820-01)","04820-01",250570,"57 CR STONE 57SS/02"]
["LEHIGH HANSON-PEEBLES  (04820-01)","04820-01",25067,"67 CR STONE 67/02"]
["LEHIGH HANSON-PEEBLES  (04820-01)","04820-01",250670,"67 CR STONE 67SS/02"]
["LEHIGH HANSON-PEEBLES  (04820-01)","04820-01",250081,"8 CR ST 8SS/02 (.25)"]
["LEHIGH HANSON-PEEBLES  (04820-01)","04820-01",25008,"8 CR STONE 8/02"]
["LEHIGH HANSON-PEEBLES  (04820-01)","04820-01",250080,"8 CR STONE 8SS/02"]
["LEHIGH HANSON-SARGENTS  (04811-01)","04811-01",23057,"57 GRAVEL 57/02"]
["LEHIGH HANSON-SARGENTS  (04811-01)","04811-01",230570,"57 GRAVEL 57SS/02"]
["LEHIGH HANSON-SARGENTS  (04811-01)","04811-01",23008,"8 GRAVEL 8/02"]
["LEHIGH HANSON-SARGENTS  (04811-01)","04811-01","021SD2","SAND, NATURAL /02"]
["LEHIGH HANSON-SARGENTS  (04811-01)","04811-01","021SD23","SAND, NATURAL AI/02"]
["LEHIGH HANSON-SYLVANIA  (04111-01)","04111-01",250572,"57 CR ST 451-452"]
["LEHIGH HANSON-SYLVANIA  (04111-01)","04111-01",25057,"57 CR STONE 57/02"]
["LEHIGH HANSON-SYLVANIA  (04111-01)","04111-01",250570,"57 CR STONE 57SS/02"]
["LEHIGH HANSON-SYLVANIA  (04111-01)","04111-01",25067,"67 CR STONE 67/02"]
["LEHIGH HANSON-SYLVANIA  (04111-01)","04111-01",250670,"67 CR STONE 67SS/02"]
["LEHIGH HANSON-SYLVANIA  (04111-01)","04111-01",250081,"8 CR ST 8SS/02 (.25)"]
["LEHIGH HANSON-SYLVANIA  (04111-01)","04111-01",25008,"8 CR STONE 8/02"]
["LEHIGH HANSON-SYLVANIA  (04111-01)","04111-01",250080,"8 CR STONE 8SS/02"]
["LEHIGH HANSON-WATERVILLE  (04110-01)","04110-01",250572,"57 CR ST 451-452"]
["LEHIGH HANSON-WATERVILLE  (04110-01)","04110-01",25057,"57 CR STONE 57/02"]
["LEHIGH HANSON-WATERVILLE  (04110-01)","04110-01",250570,"57 CR STONE 57SS/02"]
["LEHIGH HANSON-WATERVILLE  (04110-01)","04110-01",250672,"67 CR ST 451-452"]
["LEHIGH HANSON-WATERVILLE  (04110-01)","04110-01",25067,"67 CR STONE 67/02"]
["LEHIGH HANSON-WATERVILLE  (04110-01)","04110-01",250081,"8 CR ST 8SS/02 (.25)"]
["LEHIGH HANSON-WATERVILLE  (04110-01)","04110-01",25008,"8 CR STONE 8/02"]
["LEHIGH HANSON-WATERVILLE  (04110-01)","04110-01",250080,"8 CR STONE 8SS/02"]
["LEHIGH HANSON-WINCHESTER  (04833-01)","04833-01",25057,"57 CR STONE 57/02"]
["LEHIGH HANSON-WINCHESTER  (04833-01)","04833-01",250570,"57 CR STONE 57SS/02"]
["LEHIGH HANSON-WINCHESTER  (04833-01)","04833-01",25067,"67 CR STONE 67/02"]
["LEHIGH HANSON-WINCHESTER  (04833-01)","04833-01",25008,"8 CR STONE 8/02"]
["LEHIGH HANSON-WINCHESTER  (04833-01)","04833-01",250080,"8 CR STONE 8SS/02"]
["LEHIGH HANSON-WOODBURN,IN  (04025-01)","04025-01",250572,"57 CR ST 451-452"]
["LEHIGH HANSON-WOODBURN,IN  (04025-01)","04025-01",25057,"57 CR STONE 57/02"]
["LEHIGH HANSON-WOODBURN,IN  (04025-01)","04025-01",25008,"8 CR STONE 8/02"]
["LETART-GALLIPOLIS,WV  (04912-01)","04912-01","021SD2","SAND, NATURAL /02"]
["MAR-ZANE#1-ZANESVILLE  (04416-01)","04416-01",23008,"8 GRAVEL 8/02"]
["MAR-ZANE#1-ZANESVILLE  (04416-01)","04416-01",230080,"8 GRAVEL 8SS/02"]
["MAR-ZANE#1-ZANESVILLE  (04416-01)","04416-01",230081,"8 GRAVEL 8SS/02(.25)"]
["MAR-ZANE#1-ZANESVILLE  (04416-01)","04416-01","021SD2","SAND, NATURAL /02"]
["MAR-ZANE#1-ZANESVILLE  (04416-01)","04416-01","021SD23","SAND, NATURAL AI/02"]
["MAR-ZANE#14-MELCO  (4212A-01)","4212A-01","021SD2","SAND, NATURAL /02"]
["MAR-ZANE#16-RAVENNA  (04373-01)","04373-01","021SD2","SAND, NATURAL /02"]
["MAR-ZANE#8-HAYDENVILLE  (04903-01)","04903-01","021SD2","SAND, NATURAL /02"]
["MAR-ZANE#8-HAYDENVILLE  (04903-01)","04903-01","021SD23","SAND, NATURAL AI/02"]
["MAR-ZANE-CHILLICOTHE  (04807-01)","04807-01","021SD2","SAND, NATURAL /02"]
["MAR-ZANE-CHILLICOTHE  (04807-01)","04807-01","021SD23","SAND, NATURAL AI/02"]
["MAR-ZANE-LOGAN  (04959-01)","04959-01","021SD2","SAND, NATURAL /02"]
["MAR-ZANE-LOGAN  (4959A-01)","4959A-01","021SD2","SAND, NATURAL /02"]
["MARTIN MARIETTA-CEDARVILLE  (04737-01)","04737-01",25057,"57 CR STONE 57/02"]
["MARTIN MARIETTA-CEDARVILLE  (04737-01)","04737-01",250570,"57 CR STONE 57SS/02"]
["MARTIN MARIETTA-CEDARVILLE  (04737-01)","04737-01",250081,"8 CR ST 8SS/02 (.25)"]
["MARTIN MARIETTA-CEDARVILLE  (04737-01)","04737-01",25008,"8 CR STONE 8/02"]
["MARTIN MARIETTA-CEDARVILLE  (04737-01)","04737-01",250080,"8 CR STONE 8SS/02"]
["MARTIN MARIETTA-ELIZABETHTOWN  (04749-01)","04749-01",23057,"57 GRAVEL 57/02"]
["MARTIN MARIETTA-ELIZABETHTOWN  (04749-01)","04749-01",230570,"57 GRAVEL 57SS/02"]
["MARTIN MARIETTA-ELIZABETHTOWN  (04749-01)","04749-01",23008,"8 GRAVEL 8/02"]
["MARTIN MARIETTA-ELIZABETHTOWN  (04749-01)","04749-01",230080,"8 GRAVEL 8SS/02"]
["MARTIN MARIETTA-ELIZABETHTOWN  (04749-01)","04749-01",230081,"8 GRAVEL 8SS/02(.25)"]
["MARTIN MARIETTA-ELIZABETHTOWN  (04749-01)","04749-01","021SD2","SAND, NATURAL /02"]
["MARTIN MARIETTA-FAIRBORN  (04601-01)","04601-01",23057,"57 GRAVEL 57/02"]
["MARTIN MARIETTA-FAIRBORN  (04601-01)","04601-01",230570,"57 GRAVEL 57SS/02"]
["MARTIN MARIETTA-FAIRBORN  (04601-01)","04601-01",23008,"8 GRAVEL 8/02"]
["MARTIN MARIETTA-FAIRBORN  (04601-01)","04601-01",230080,"8 GRAVEL 8SS/02"]
["MARTIN MARIETTA-FAIRBORN  (04601-01)","04601-01",230081,"8 GRAVEL 8SS/02(.25)"]
["MARTIN MARIETTA-FAIRBORN  (04601-01)","04601-01","021SD2","SAND, NATURAL /02"]
["MARTIN MARIETTA-FAIRBORN  (04601-01)","04601-01","021SD23","SAND, NATURAL AI/02"]
["MARTIN MARIETTA-FAIRFIELD  (04703-01)","04703-01",23057,"57 GRAVEL 57/02"]
["MARTIN MARIETTA-FAIRFIELD  (04703-01)","04703-01",230570,"57 GRAVEL 57SS/02"]
["MARTIN MARIETTA-FAIRFIELD  (04703-01)","04703-01",230082,"8 GRAVEL 451-452 02"]
["MARTIN MARIETTA-FAIRFIELD  (04703-01)","04703-01",23008,"8 GRAVEL 8/02"]
["MARTIN MARIETTA-FAIRFIELD  (04703-01)","04703-01",230080,"8 GRAVEL 8SS/02"]
["MARTIN MARIETTA-FAIRFIELD  (04703-01)","04703-01",230081,"8 GRAVEL 8SS/02(.25)"]
["MARTIN MARIETTA-FAIRFIELD  (04703-01)","04703-01","021SD2","SAND, NATURAL /02"]
["MARTIN MARIETTA-FAIRFIELD  (4703A-01)","4703A-01",24057,"57 CR GRAVEL 57/02"]
["MARTIN MARIETTA-FAIRFIELD  (4703A-01)","4703A-01",240570,"57 CR GRAVEL 57SS/02"]
["MARTIN MARIETTA-FRANKLIN  (04705-01)","04705-01",23057,"57 GRAVEL 57/02"]
["MARTIN MARIETTA-FRANKLIN  (04705-01)","04705-01",230570,"57 GRAVEL 57SS/02"]
["MARTIN MARIETTA-FRANKLIN  (04705-01)","04705-01",23008,"8 GRAVEL 8/02"]
["MARTIN MARIETTA-FRANKLIN  (04705-01)","04705-01",230080,"8 GRAVEL 8SS/02"]
["MARTIN MARIETTA-FRANKLIN  (04705-01)","04705-01",230081,"8 GRAVEL 8SS/02(.25)"]
["MARTIN MARIETTA-FRANKLIN  (04705-01)","04705-01","021SD2","SAND, NATURAL /02"]
["MARTIN MARIETTA-HAMILTON  (04708-01)","04708-01","021SD2","SAND, NATURAL /02"]
["MARTIN MARIETTA-LEBANON  (04780-01)","04780-01",23057,"57 GRAVEL 57/02"]
["MARTIN MARIETTA-LEBANON  (04780-01)","04780-01",23008,"8 GRAVEL 8/02"]
["MARTIN MARIETTA-PETERSBURG,KY  (04782-01)","04782-01",230572,"57 GR 451-452/02"]
["MARTIN MARIETTA-PETERSBURG,KY  (04782-01)","04782-01",23057,"57 GRAVEL 57/02"]
["MARTIN MARIETTA-PETERSBURG,KY  (04782-01)","04782-01",230570,"57 GRAVEL 57SS/02"]
["MARTIN MARIETTA-PETERSBURG,KY  (04782-01)","04782-01",23008,"8 GRAVEL 8/02"]
["MARTIN MARIETTA-PETERSBURG,KY  (04782-01)","04782-01",230080,"8 GRAVEL 8SS/02"]
["MARTIN MARIETTA-PETERSBURG,KY  (04782-01)","04782-01",230081,"8 GRAVEL 8SS/02(.25)"]
["MARTIN MARIETTA-PETROLEUM  (04954-01)","04954-01",25057,"57 CR STONE 57/02"]
["MARTIN MARIETTA-PETROLEUM  (04954-01)","04954-01",25067,"67 CR STONE 67/02"]
["MARTIN MARIETTA-PETROLEUM  (04954-01)","04954-01",25008,"8 CR STONE 8/02"]
["MARTIN MARIETTA-PHILLIPSBURG  (04604-01)","04604-01",25057,"57 CR STONE 57/02"]
["MARTIN MARIETTA-PHILLIPSBURG  (04604-01)","04604-01",250570,"57 CR STONE 57SS/02"]
["MARTIN MARIETTA-PHILLIPSBURG  (04604-01)","04604-01",230570,"57 GRAVEL 57SS/02"]
["MARTIN MARIETTA-PHILLIPSBURG  (04604-01)","04604-01",250081,"8 CR ST 8SS/02 (.25)"]
["MARTIN MARIETTA-PHILLIPSBURG  (04604-01)","04604-01",25008,"8 CR STONE 8/02"]
["MARTIN MARIETTA-PHILLIPSBURG  (04604-01)","04604-01",250080,"8 CR STONE 8SS/02"]
["MARTIN MARIETTA-RACINE  (04915-01)","04915-01",23057,"57 GRAVEL 57/02"]
["MARTIN MARIETTA-RACINE  (04915-01)","04915-01",230570,"57 GRAVEL 57SS/02"]
["MARTIN MARIETTA-RACINE  (04915-01)","04915-01","021SD2","SAND, NATURAL /02"]
["MARTIN MARIETTA-RACINE  (04915-01)","04915-01","021SD23","SAND, NATURAL AI/02"]
["MARTIN MARIETTA-ROSS  (04715-01)","04715-01","021SD2","SAND, NATURAL /02"]
["MARTIN MARIETTA-SABINA  (04785-01)","04785-01",25057,"57 CR STONE 57/02"]
["MARTIN MARIETTA-SABINA  (04785-01)","04785-01",25008,"8 CR STONE 8/02"]
["MARTIN MARIETTA-SPRING VALLEY  (04784-01)","04784-01",23057,"57 GRAVEL 57/02"]
["MARTIN MARIETTA-SPRING VALLEY  (04784-01)","04784-01",230570,"57 GRAVEL 57SS/02"]
["MARTIN MARIETTA-SPRING VALLEY  (04784-01)","04784-01",23008,"8 GRAVEL 8/02"]
["MARTIN MARIETTA-SPRING VALLEY  (04784-01)","04784-01",230080,"8 GRAVEL 8SS/02"]
["MARTIN MARIETTA-SPRING VALLEY  (04784-01)","04784-01",230081,"8 GRAVEL 8SS/02(.25)"]
["MARTIN MARIETTA-SPRING VALLEY  (04784-01)","04784-01","021SD2","SAND, NATURAL /02"]
["MARTIN MARIETTA-TROY  (04607-01)","04607-01",23057,"57 GRAVEL 57/02"]
["MARTIN MARIETTA-TROY  (04607-01)","04607-01",230570,"57 GRAVEL 57SS/02"]
["MARTIN MARIETTA-TROY  (04607-01)","04607-01",23008,"8 GRAVEL 8/02"]
["MARTIN MARIETTA-TROY  (04607-01)","04607-01",230080,"8 GRAVEL 8SS/02"]
["MARTIN MARIETTA-TROY  (04607-01)","04607-01","021SD2","SAND, NATURAL /02"]
["MARTIN MARIETTA-TROY  (04607-01)","04607-01","021SD23","SAND, NATURAL AI/02"]
["MARTIN MARIETTA-WOODVILLE  (04106-01)","04106-01",25057,"57 CR STONE 57/02"]
["MARTIN MARIETTA-WOODVILLE  (04106-01)","04106-01",250570,"57 CR STONE 57SS/02"]
["MARTIN MARIETTA-WOODVILLE  (04106-01)","04106-01",250081,"8 CR ST 8SS/02 (.25)"]
["MARTIN MARIETTA-WOODVILLE  (04106-01)","04106-01",25008,"8 CR STONE 8/02"]
["MARTIN MARIETTA-WOODVILLE  (04106-01)","04106-01",250080,"8 CR STONE 8SS/02"]
["MARTIN QUARRY-NEW PHILADELPHIA  (05035-01)","05035-01",23057,"57 GRAVEL 57/02"]
["MARTIN QUARRY-NEW PHILADELPHIA  (05035-01)","05035-01",23008,"8 GRAVEL 8/02"]
["MARTIN QUARRY-NEW PHILADELPHIA  (05035-01)","05035-01","021SD2","SAND, NATURAL /02"]
["MASSILLON WASHED-NAVARRE  (04322-01)","04322-01",23057,"57 GRAVEL 57/02"]
["MASSILLON WASHED-NAVARRE  (04322-01)","04322-01",230570,"57 GRAVEL 57SS/02"]
["MASSILLON WASHED-NAVARRE  (04322-01)","04322-01",23008,"8 GRAVEL 8/02"]
["MASSILLON WASHED-NAVARRE  (04322-01)","04322-01","021SD2","SAND, NATURAL /02"]
["MASSILLON WASHED-NAVARRE  (04322-01)","04322-01","021SD23","SAND, NATURAL AI/02"]
["MASSILLON#2-MASSILLON  (04352-01)","04352-01","021SD2","SAND, NATURAL /02"]
["MASSILLON#2-MASSILLON  (04352-01)","04352-01","021SD23","SAND, NATURAL AI/02"]
["MECHANICSBURG-MECHANICSBURG  (04637-01)","04637-01",23057,"57 GRAVEL 57/02"]
["MECHANICSBURG-MECHANICSBURG  (04637-01)","04637-01","021SD2","SAND, NATURAL /02"]
["MECHANICSBURG-MECHANICSBURG  (04637-01)","04637-01","021SD23","SAND, NATURAL AI/02"]
["MELVIN STONE CO-OAK HILL  (04822-01)","04822-01",25057,"57 CR STONE 57/02"]
["MELVIN STONE CO-OAK HILL  (04822-01)","04822-01",250570,"57 CR STONE 57SS/02"]
["MELVIN STONE CO-OAK HILL  (04822-01)","04822-01",250081,"8 CR ST 8SS/02 (.25)"]
["MELVIN STONE CO-OAK HILL  (04822-01)","04822-01",25008,"8 CR STONE 8/02"]
["MELVIN STONE CO-OAK HILL  (04822-01)","04822-01",250080,"8 CR STONE 8SS/02"]
["MELVIN-BOWERSVILLE  (04777-01)","04777-01",250572,"57 CR ST 451-452"]
["MELVIN-CIRCLEVILLE  (04526-01)","04526-01","021SD2","SAND, NATURAL /02"]
["MELVIN-MELVIN  (04721-01)","04721-01",250572,"57 CR ST 451-452"]
["MELVIN-MELVIN  (04721-01)","04721-01",25057,"57 CR STONE 57/02"]
["MELVIN-MELVIN  (04721-01)","04721-01",250570,"57 CR STONE 57SS/02"]
["MELVIN-MELVIN  (04721-01)","04721-01",25067,"67 CR STONE 67/02"]
["MELVIN-MELVIN  (04721-01)","04721-01",250670,"67 CR STONE 67SS/02"]
["MELVIN-MELVIN  (04721-01)","04721-01",25078,"78 CR STONE 78/02"]
["MELVIN-MELVIN  (04721-01)","04721-01",250081,"8 CR ST 8SS/02 (.25)"]
["MELVIN-MELVIN  (04721-01)","04721-01",25008,"8 CR STONE 8/02"]
["MELVIN-MELVIN  (04721-01)","04721-01",250080,"8 CR STONE 8SS/02"]
["MELVIN-WILLIAMSPORT  (04511-01)","04511-01",250572,"57 CR ST 451-452"]
["MELVIN-WILLIAMSPORT  (04511-01)","04511-01",25057,"57 CR STONE 57/02"]
["MELVIN-WILLIAMSPORT  (04511-01)","04511-01",250570,"57 CR STONE 57SS/02"]
["MELVIN-WILLIAMSPORT  (04511-01)","04511-01",25008,"8 CR STONE 8/02"]
["MELVIN-WILLIAMSPORT  (04511-01)","04511-01",250080,"8 CR STONE 8SS/02"]
["MGQ-OLD FORT  (04107-01)","04107-01",25057,"57 CR STONE 57/02"]
["MGQ-OLD FORT  (04107-01)","04107-01",250570,"57 CR STONE 57SS/02"]
["MGQ-OLD FORT  (04107-01)","04107-01",250081,"8 CR ST 8SS/02 (.25)"]
["MGQ-OLD FORT  (04107-01)","04107-01",25008,"8 CR STONE 8/02"]
["MGQ-OLD FORT  (04107-01)","04107-01",250080,"8 CR STONE 8SS/02"]
["MIDVALE-MIDVALE  (05029-01)","05029-01",23057,"57 GRAVEL 57/02"]
["MIDVALE-MIDVALE  (05029-01)","05029-01",230570,"57 GRAVEL 57SS/02"]
["MIDVALE-MIDVALE  (05029-01)","05029-01",23008,"8 GRAVEL 8/02"]
["MIDVALE-MIDVALE  (05029-01)","05029-01",230080,"8 GRAVEL 8SS/02"]
["MIDVALE-MIDVALE  (05029-01)","05029-01",230081,"8 GRAVEL 8SS/02(.25)"]
["MIDVALE-MIDVALE  (05029-01)","05029-01","021SD2","SAND, NATURAL /02"]
["MIDVALE-MIDVALE  (05029-01)","05029-01","021SD23","SAND, NATURAL AI/02"]
["MILTON-LUDLOW FALLS  (04612-01)","04612-01","021SD2","SAND, NATURAL /02"]
["MILTON-LUDLOW FALLS  (04612-01)","04612-01","021SD23","SAND, NATURAL AI/02"]
["MORROW S&G-MORROW  (04723-01)","04723-01",23057,"57 GRAVEL 57/02"]
["MORROW S&G-MORROW  (04723-01)","04723-01",230570,"57 GRAVEL 57SS/02"]
["MORROW S&G-MORROW  (04723-01)","04723-01",23008,"8 GRAVEL 8/02"]
["MORROW S&G-MORROW  (04723-01)","04723-01","021SD2","SAND, NATURAL /02"]
["MULZER CR-CAPE SANDY  (04932-01)","04932-01",25057,"57 CR STONE 57/02"]
["MULZER CR-CAPE SANDY  (04932-01)","04932-01",250570,"57 CR STONE 57SS/02"]
["MULZER CR-CAPE SANDY  (04932-01)","04932-01",25008,"8 CR STONE 8/02"]
["MULZER CR-CAPE SANDY  (04932-01)","04932-01",250080,"8 CR STONE 8SS/02"]
["MULZER CR-CHARLESTOWN  (04933-01)","04933-01",250572,"57 CR ST 451-452"]
["MULZER CR-CHARLESTOWN  (04933-01)","04933-01",25057,"57 CR STONE 57/02"]
["MULZER CR-CHARLESTOWN  (04933-01)","04933-01",250570,"57 CR STONE 57SS/02"]
["MULZER CR-CHARLESTOWN  (04933-01)","04933-01",250081,"8 CR ST 8SS/02 (.25)"]
["MULZER CR-CHARLESTOWN  (04933-01)","04933-01",25008,"8 CR STONE 8/02"]
["MULZER CR-CHARLESTOWN  (04933-01)","04933-01",250080,"8 CR STONE 8SS/02"]
["MULZER-NEW AMSTERDAM  (04769-01)","04769-01",25057,"57 CR STONE 57/02"]
["MULZER-NEW AMSTERDAM  (04769-01)","04769-01",250570,"57 CR STONE 57SS/02"]
["MULZER-NEW AMSTERDAM  (04769-01)","04769-01",25067,"67 CR STONE 67/02"]
["MULZER-NEW AMSTERDAM  (04769-01)","04769-01",250670,"67 CR STONE 67SS/02"]
["MULZER-NEW AMSTERDAM  (04769-01)","04769-01",250081,"8 CR ST 8SS/02 (.25)"]
["MULZER-NEW AMSTERDAM  (04769-01)","04769-01",25008,"8 CR STONE 8/02"]
["MULZER-NEW AMSTERDAM  (04769-01)","04769-01",250080,"8 CR STONE 8SS/02"]
["NATIONAL L&S-BUCKLAND  (4636B-01)","4636B-01",250572,"57 CR ST 451-452"]
["NATIONAL L&S-BUCKLAND  (4636B-01)","4636B-01",25057,"57 CR STONE 57/02"]
["NATIONAL L&S-BUCKLAND  (4636B-01)","4636B-01",25008,"8 CR STONE 8/02"]
["NATIONAL L&S-CAREY C-6  (04030-01)","04030-01",250572,"57 CR ST 451-452"]
["NATIONAL L&S-CAREY C-6  (04030-01)","04030-01",25057,"57 CR STONE 57/02"]
["NATIONAL L&S-CAREY C-6  (04030-01)","04030-01",250570,"57 CR STONE 57SS/02"]
["NATIONAL L&S-CAREY C-6  (04030-01)","04030-01",25067,"67 CR STONE 67/02"]
["NATIONAL L&S-CAREY C-6  (04030-01)","04030-01",250081,"8 CR ST 8SS/02 (.25)"]
["NATIONAL L&S-CAREY C-6  (04030-01)","04030-01",25008,"8 CR STONE 8/02"]
["NATIONAL L&S-CAREY C-6  (04030-01)","04030-01",250080,"8 CR STONE 8SS/02"]
["NATIONAL L&S-DELAWARE  (04505-01)","04505-01",25057,"57 CR STONE 57/02"]
["NATIONAL L&S-DELAWARE  (04505-01)","04505-01",250570,"57 CR STONE 57SS/02"]
["NATIONAL L&S-DELAWARE  (04505-01)","04505-01",25067,"67 CR STONE 67/02"]
["NATIONAL L&S-DELAWARE  (04505-01)","04505-01",250081,"8 CR ST 8SS/02 (.25)"]
["NATIONAL L&S-DELAWARE  (04505-01)","04505-01",25008,"8 CR STONE 8/02"]
["NATIONAL L&S-DELAWARE  (04505-01)","04505-01",250080,"8 CR STONE 8SS/02"]
["NATIONAL L&S-FINDLAY  (04007-01)","04007-01",250572,"57 CR ST 451-452"]
["NATIONAL L&S-FINDLAY  (04007-01)","04007-01",25057,"57 CR STONE 57/02"]
["NATIONAL L&S-FINDLAY  (04007-01)","04007-01",250570,"57 CR STONE 57SS/02"]
["NATIONAL L&S-FINDLAY  (04007-01)","04007-01",25067,"67 CR STONE 67/02"]
["NATIONAL L&S-FINDLAY  (04007-01)","04007-01",250670,"67 CR STONE 67SS/02"]
["NATIONAL L&S-FINDLAY  (04007-01)","04007-01",25008,"8 CR STONE 8/02"]
["NATIONAL L&S-FINDLAY  (04007-01)","04007-01",250080,"8 CR STONE 8SS/02"]
["NATIONAL L&S-LIMA  (04008-01)","04008-01",250572,"57 CR ST 451-452"]
["NATIONAL L&S-LIMA  (04008-01)","04008-01",25057,"57 CR STONE 57/02"]
["NATIONAL L&S-LIMA  (04008-01)","04008-01",250570,"57 CR STONE 57SS/02"]
["NATIONAL L&S-LIMA  (04008-01)","04008-01",25067,"67 CR STONE 67/02"]
["NATIONAL L&S-LIMA  (04008-01)","04008-01",250670,"67 CR STONE 67SS/02"]
["NATIONAL L&S-LIMA  (04008-01)","04008-01",25008,"8 CR STONE 8/02"]
["NATIONAL L&S-LIMA  (04008-01)","04008-01",250080,"8 CR STONE 8SS/02"]
["NATIONAL L&S-LIMA  (04008-01)","04008-01","025SD2","SAND STONE /02"]
["NATIONAL L&S-MARION  (04512-01)","04512-01",25057,"57 CR STONE 57/02"]
["NATIONAL L&S-MARION  (04512-01)","04512-01",250570,"57 CR STONE 57SS/02"]
["NATIONAL L&S-MARION  (04512-01)","04512-01",25067,"67 CR STONE 67/02"]
["NATIONAL L&S-MARION  (04512-01)","04512-01",250670,"67 CR STONE 67SS/02"]
["NATIONAL L&S-MARION  (04512-01)","04512-01",250081,"8 CR ST 8SS/02 (.25)"]
["NATIONAL L&S-MARION  (04512-01)","04512-01",25008,"8 CR STONE 8/02"]
["NATIONAL L&S-MARION  (04512-01)","04512-01",250080,"8 CR STONE 8SS/02"]
["NATIONAL L&S-MARION  (4512A-01)","4512A-01",250572,"57 CR ST 451-452"]
["NATIONAL L&S-MARION  (4512A-01)","4512A-01",25057,"57 CR STONE 57/02"]
["NATIONAL L&S-RIMER  (04027-01)","04027-01",250572,"57 CR ST 451-452"]
["NATIONAL L&S-RIMER  (04027-01)","04027-01",25057,"57 CR STONE 57/02"]
["NATIONAL L&S-RIMER  (04027-01)","04027-01",250570,"57 CR STONE 57SS/02"]
["NATIONAL L&S-RIMER  (04027-01)","04027-01",250081,"8 CR ST 8SS/02 (.25)"]
["NATIONAL L&S-RIMER  (04027-01)","04027-01",25008,"8 CR STONE 8/02"]
["NATIONAL L&S-RIMER  (04027-01)","04027-01",250080,"8 CR STONE 8SS/02"]
["NATIONAL-BUCYRUS  (04202-01)","04202-01",25057,"57 CR STONE 57/02"]
["NATIONAL-BUCYRUS  (04202-01)","04202-01",250570,"57 CR STONE 57SS/02"]
["NATIONAL-BUCYRUS  (04202-01)","04202-01",250081,"8 CR ST 8SS/02 (.25)"]
["NATIONAL-BUCYRUS  (04202-01)","04202-01",25008,"8 CR STONE 8/02"]
["NATIONAL-BUCYRUS  (04202-01)","04202-01",250080,"8 CR STONE 8SS/02"]
["NATIONAL-U.SANDUSKY  (04019-01)","04019-01","021SD2","SAND, NATURAL /02"]
["NEERS S&G-BELLEFONTAINE  (04629-01)","04629-01","021SD2","SAND, NATURAL /02"]
["NEERS S&G-BELLEFONTAINE  (04629-01)","04629-01","021SD23","SAND, NATURAL AI/02"]
["NELSON S&G-KINGSVILLE  (04301-01)","04301-01","021SD2","SAND, NATURAL /02"]
["NELSON S&G-KINGSVILLE  (04301-01)","04301-01","021SD23","SAND, NATURAL AI/02"]
["NEWARK MATERIALS LLC.-NEWARK  (04434-01)","04434-01","021SD2","SAND, NATURAL /02"]
["NEWTON AGG-DOVER  (05020-01)","05020-01",23057,"57 GRAVEL 57/02"]
["NEWTON AGG-DOVER  (05020-01)","05020-01",230570,"57 GRAVEL 57SS/02"]
["NEWTON AGG-DOVER  (05020-01)","05020-01",23008,"8 GRAVEL 8/02"]
["NEWTON AGG-DOVER  (05020-01)","05020-01",230080,"8 GRAVEL 8SS/02"]
["NEWTON AGG-DOVER  (05020-01)","05020-01",230081,"8 GRAVEL 8SS/02(.25)"]
["NEWTON AGG-DOVER  (05020-01)","05020-01","021SD2","SAND, NATURAL /02"]
["NORTHERN KENTUCKY-PETERSBURG  (04745-01)","04745-01",23057,"57 GRAVEL 57/02"]
["NORTHERN KENTUCKY-PETERSBURG  (04745-01)","04745-01",230570,"57 GRAVEL 57SS/02"]
["NORTHERN KENTUCKY-PETERSBURG  (04745-01)","04745-01",23008,"8 GRAVEL 8/02"]
["NORTHERN KENTUCKY-PETERSBURG  (04745-01)","04745-01","021SD2","SAND, NATURAL /02"]
["NORTHERN KENTUCKY-PETERSBURG  (04745-01)","04745-01","021SD23","SAND, NATURAL AI/02"]
["NORTHERN KENTUCKY-PETERSBURG  (4745A-01)","4745A-01",240572,"57 CR GR 451-452"]
["NORTHERN KENTUCKY-PETERSBURG  (4745A-01)","4745A-01",24057,"57 CR GRAVEL 57/02"]
["NORTHERN KENTUCKY-PETERSBURG  (4745A-01)","4745A-01",24008,"8 CR GRAVEL 8/02"]
["OEDER S&G-LEBANON  (04724-01)","04724-01",23057,"57 GRAVEL 57/02"]
["OEDER S&G-LEBANON  (04724-01)","04724-01",230570,"57 GRAVEL 57SS/02"]
["OEDER S&G-LEBANON  (04724-01)","04724-01",23008,"8 GRAVEL 8/02"]
["OEDER S&G-LEBANON  (04724-01)","04724-01",230080,"8 GRAVEL 8SS/02"]
["OEDER S&G-LEBANON  (04724-01)","04724-01",230081,"8 GRAVEL 8SS/02(.25)"]
["OEDER S&G-LEBANON  (04724-01)","04724-01","021SD2","SAND, NATURAL /02"]
["OLEN CORP-COLUMBUS CR GR  (04509-01)","04509-01",24057,"57 CR GRAVEL 57/02"]
["OLEN CORP-COLUMBUS CR GR  (04509-01)","04509-01",240672,"67 CR GR 451-452"]
["OLEN CORP-COLUMBUS CR GR  (04509-01)","04509-01",24067,"67 CR GRAVEL 67/02"]
["OLEN CORP-COLUMBUS CR GR  (04509-01)","04509-01",24008,"8 CR GRAVEL 8/02"]
["OLEN CORP-COLUMBUS LIMESTONE  (04538-01)","04538-01",250572,"57 CR ST 451-452"]
["OLEN CORP-COLUMBUS LIMESTONE  (04538-01)","04538-01",25057,"57 CR STONE 57/02"]
["OLEN CORP-COLUMBUS LIMESTONE  (04538-01)","04538-01",25008,"8 CR STONE 8/02"]
["OLEN CORP-COLUMBUS40%  (4509A-01)","4509A-01","021SD2","SAND, NATURAL /02"]
["OLEN CORP-COLUMBUS40%  (4509A-01)","4509A-01","021SD23","SAND, NATURAL AI/02"]
["OLEN CORP-FREDERICKTOWN  (04420-01)","04420-01","021SD2","SAND, NATURAL /02"]
["OLEN CORP-FREDERICKTOWN  (04420-01)","04420-01","021SD23","SAND, NATURAL AI/02"]
["OLEN CORP-ST.LOUISVILLE  (04410-01)","04410-01","021SD2","SAND, NATURAL /02"]
["OLEN CORP-ST.LOUISVILLE  (04410-01)","04410-01","021SD23","SAND, NATURAL AI/02"]
["OLEN CORP-WOOSTER  (04215-01)","04215-01","021SD2","SAND, NATURAL /02"]
["OLEN CORP-WOOSTER  (04215-01)","04215-01","021SD23","SAND, NATURAL AI/02"]
["OLEN CORP-WOOSTER  (4215A-01)","4215A-01",24057,"57 CR GRAVEL 57/02"]
["OLEN-UPPER SANDUSKY  (04004-01)","04004-01",250572,"57 CR ST 451-452"]
["OLEN-UPPER SANDUSKY  (04004-01)","04004-01",25057,"57 CR STONE 57/02"]
["OLEN-UPPER SANDUSKY  (04004-01)","04004-01",25008,"8 CR STONE 8/02"]
["OLEN-UPPER SANDUSKY  (4004A-01)","4004A-01",250572,"57 CR ST 451-452"]
["OLEN-UPPER SANDUSKY  (4004A-01)","4004A-01",25057,"57 CR STONE 57/02"]
["OLEN-UPPER SANDUSKY  (4004A-01)","4004A-01",25008,"8 CR STONE 8/02"]
["ONTARIO ROCK-ONTARIO  (04144-01)","04144-01",25057,"57 CR STONE 57/02"]
["ONTARIO ROCK-ONTARIO  (04144-01)","04144-01",250570,"57 CR STONE 57SS/02"]
["ONTARIO ROCK-ONTARIO  (04144-01)","04144-01",250081,"8 CR ST 8SS/02 (.25)"]
["ONTARIO ROCK-ONTARIO  (04144-01)","04144-01",25008,"8 CR STONE 8/02"]
["ONTARIO ROCK-ONTARIO  (04144-01)","04144-01",250080,"8 CR STONE 8SS/02"]
["ONTARIO ROCK-ONTARIO  (04144-01)","04144-01","025SD2","SAND STONE /02"]
["OSTER S&G-BOLIVAR#2  (05027-01)","05027-01",23008,"8 GRAVEL 8/02"]
["OSTER S&G-BOLIVAR#2  (05027-01)","05027-01",230080,"8 GRAVEL 8SS/02"]
["OSTER S&G-BOLIVAR#2  (05027-01)","05027-01",230081,"8 GRAVEL 8SS/02(.25)"]
["OSTER S&G-BOLIVAR#2  (05027-01)","05027-01","021SD2","SAND, NATURAL /02"]
["OSTER S&G-BOLIVAR#2  (05027-01)","05027-01","021SD23","SAND, NATURAL AI/02"]
["OSTER S&G-MASSILLON  (04325-01)","04325-01",23008,"8 GRAVEL 8/02"]
["OSTER S&G-MASSILLON  (04325-01)","04325-01",230080,"8 GRAVEL 8SS/02"]
["OSTER S&G-MASSILLON  (04325-01)","04325-01",230081,"8 GRAVEL 8SS/02(.25)"]
["OSTER S&G-MASSILLON  (04325-01)","04325-01","021SD2","SAND, NATURAL /02"]
["OSTER S&G-MASSILLON  (04325-01)","04325-01","021SD23","SAND, NATURAL AI/02"]
["PHILLIPS COMPANIES-VANDALIA  (04614-01)","04614-01",23057,"57 GRAVEL 57/02"]
["PHILLIPS COMPANIES-VANDALIA  (04614-01)","04614-01",230570,"57 GRAVEL 57SS/02"]
["PHILLIPS COMPANIES-VANDALIA  (04614-01)","04614-01",23008,"8 GRAVEL 8/02"]
["PHILLIPS COMPANIES-VANDALIA  (04614-01)","04614-01","021SD2","SAND, NATURAL /02"]
["PHILLIPS-XENIA  (04725-01)","04725-01",23057,"57 GRAVEL 57/02"]
["PHILLIPS-XENIA  (04725-01)","04725-01",230570,"57 GRAVEL 57SS/02"]
["PHILLIPS-XENIA  (04725-01)","04725-01",23008,"8 GRAVEL 8/02"]
["PHILLIPS-XENIA  (04725-01)","04725-01","021SD2","SAND, NATURAL /02"]
["PHILLIPS-XENIA  (04725-01)","04725-01","021SD23","SAND, NATURAL AI/02"]
["PHOENIX-MAGNOLIA  (05064-01)","05064-01","021SD2","SAND, NATURAL /02"]
["PIQUA MINERALS-PIQUA  (04615-01)","04615-01",250572,"57 CR ST 451-452"]
["PIQUA MINERALS-PIQUA  (04615-01)","04615-01",25057,"57 CR STONE 57/02"]
["PIQUA MINERALS-PIQUA  (04615-01)","04615-01",250570,"57 CR STONE 57SS/02"]
["PIQUA MINERALS-PIQUA  (04615-01)","04615-01",25008,"8 CR STONE 8/02"]
["PIQUA MINERALS-PIQUA  (04615-01)","04615-01",250080,"8 CR STONE 8SS/02"]
["POEPPELMAN-BRADFORD  (04631-01)","04631-01",25057,"57 CR STONE 57/02"]
["POEPPELMAN-BRADFORD  (04631-01)","04631-01",250570,"57 CR STONE 57SS/02"]
["POEPPELMAN-BRADFORD  (04631-01)","04631-01",250081,"8 CR ST 8SS/02 (.25)"]
["POEPPELMAN-BRADFORD  (04631-01)","04631-01",25008,"8 CR STONE 8/02"]
["POEPPELMAN-BRADFORD  (04631-01)","04631-01",250080,"8 CR STONE 8SS/02"]
["PORTAGE-MANTUA  (04389-01)","04389-01","021SD2","SAND, NATURAL /02"]
["PRECISION-PORTAGE  (04133-01)","04133-01",25057,"57 CR STONE 57/02"]
["PRECISION-PORTAGE  (04133-01)","04133-01",250570,"57 CR STONE 57SS/02"]
["PRECISION-PORTAGE  (04133-01)","04133-01",250081,"8 CR ST 8SS/02 (.25)"]
["PRECISION-PORTAGE  (04133-01)","04133-01",25008,"8 CR STONE 8/02"]
["PRECISION-PORTAGE  (04133-01)","04133-01",250080,"8 CR STONE 8SS/02"]
["PUTNAM AGGREGATES-OTTAWA  (04011-01)","04011-01",25057,"57 CR STONE 57/02"]
["PUTNAM AGGREGATES-OTTAWA  (04011-01)","04011-01",250570,"57 CR STONE 57SS/02"]
["PUTNAM AGGREGATES-OTTAWA  (04011-01)","04011-01",250081,"8 CR ST 8SS/02 (.25)"]
["PUTNAM AGGREGATES-OTTAWA  (04011-01)","04011-01",25008,"8 CR STONE 8/02"]
["PUTNAM AGGREGATES-OTTAWA  (04011-01)","04011-01",250080,"8 CR STONE 8SS/02"]
["QUALITY-WAPAKONETA  (04633-01)","04633-01","021SD2","SAND, NATURAL /02"]
["QUALITY-WAPAKONETA  (04633-01)","04633-01","021SD23","SAND, NATURAL AI/02"]
["R.W.SIDLEY S&G-N.KINGSVILLE  (04335-01)","04335-01","021SD2","SAND, NATURAL /02"]
["R.W.SIDLEY S&G-N.KINGSVILLE  (04335-01)","04335-01","021SD23","SAND, NATURAL AI/02"]
["R.W.SIDLEY-THOMPSON  (05113-01)","05113-01",23067,"67 GRAVEL 67/02"]
["R.W.SIDLEY-THOMPSON  (05113-01)","05113-01",23008,"8 GRAVEL 8/02"]
["R.W.SIDLEY-THOMPSON  (05113-01)","05113-01",230080,"8 GRAVEL 8SS/02"]
["R.W.SIDLEY-THOMPSON  (05113-01)","05113-01",230081,"8 GRAVEL 8SS/02(.25)"]
["R.W.SIDLEY-THOMPSON  (05113-01)","05113-01","021SD2","SAND, NATURAL /02"]
["RIVER S&G-VANCEBURG  (04845-01)","04845-01","021SD2","SAND, NATURAL /02"]
["RIVERSIDE-BATTLETOWN  (04937-01)","04937-01",25057,"57 CR STONE 57/02"]
["RIVERSIDE-BATTLETOWN  (04937-01)","04937-01",25067,"67 CR STONE 67/02"]
["ROCK BOTTOM-PLEASANT  (04153-01)","04153-01","021SD2","SAND, NATURAL /02"]
["ROUND LAKE-ADDISON  (04122-01)","04122-01",23008,"8 GRAVEL 8/02"]
["ROUND LAKE-ADDISON  (04122-01)","04122-01","021SD2","SAND, NATURAL /02"]
["ROUND LAKE-ADDISON  (04122-01)","04122-01","021SD23","SAND, NATURAL AI/02"]
["RUPP-MARSHALLVILLE  (04214-01)","04214-01","021SD2","SAND, NATURAL /02"]
["RUPP-MARSHALLVILLE  (04214-01)","04214-01","021SD23","SAND, NATURAL AI/02"]
["S.COLUMBUS AGG-LOCKBOURNE  (04522-01)","04522-01","021SD2","SAND, NATURAL /02"]
["SHAMROCK S&G-TRENTON  (04726-01)","04726-01",230572,"57 GR 451-452/02"]
["SHAMROCK S&G-TRENTON  (04726-01)","04726-01",23057,"57 GRAVEL 57/02"]
["SHAMROCK S&G-TRENTON  (04726-01)","04726-01",230570,"57 GRAVEL 57SS/02"]
["SHAMROCK S&G-TRENTON  (04726-01)","04726-01",23008,"8 GRAVEL 8/02"]
["SHAMROCK S&G-TRENTON  (04726-01)","04726-01",230080,"8 GRAVEL 8SS/02"]
["SHAMROCK S&G-TRENTON  (04726-01)","04726-01",230081,"8 GRAVEL 8SS/02(.25)"]
["SHAMROCK S&G-TRENTON  (04726-01)","04726-01","021SD2","SAND, NATURAL /02"]
["SHELLY MATLS-BELLE CENTER  (04626-01)","04626-01",250572,"57 CR ST 451-452"]
["SHELLY MATLS-BELLE CENTER  (04626-01)","04626-01",25057,"57 CR STONE 57/02"]
["SHELLY MATLS-BELLE CENTER  (04626-01)","04626-01",250570,"57 CR STONE 57SS/02"]
["SHELLY MATLS-BELLE CENTER  (04626-01)","04626-01",250081,"8 CR ST 8SS/02 (.25)"]
["SHELLY MATLS-BELLE CENTER  (04626-01)","04626-01",25008,"8 CR STONE 8/02"]
["SHELLY MATLS-BELLE CENTER  (04626-01)","04626-01",250080,"8 CR STONE 8SS/02"]
["SHELLY MATLS-CHILLICOTHE-1  (04804-01)","04804-01","021SD2","SAND, NATURAL /02"]
["SHELLY MATLS-CHILLICOTHE-1  (04804-01)","04804-01","021SD23","SAND, NATURAL AI/02"]
["SHELLY MATLS-COLUMBUS GR  (04503-01)","04503-01","021SD2","SAND, NATURAL /02"]
["SHELLY MATLS-COLUMBUS LS  (04502-01)","04502-01",25057,"57 CR STONE 57/02"]
["SHELLY MATLS-COLUMBUS LS  (04502-01)","04502-01",250570,"57 CR STONE 57SS/02"]
["SHELLY MATLS-COLUMBUS LS  (04502-01)","04502-01",250081,"8 CR ST 8SS/02 (.25)"]
["SHELLY MATLS-COLUMBUS LS  (04502-01)","04502-01",25008,"8 CR STONE 8/02"]
["SHELLY MATLS-COLUMBUS LS  (04502-01)","04502-01",250080,"8 CR STONE 8SS/02"]
["SHELLY MATLS-COSHOCTON  (04403-01)","04403-01",230572,"57 GR 451-452/02"]
["SHELLY MATLS-COSHOCTON  (04403-01)","04403-01",23057,"57 GRAVEL 57/02"]
["SHELLY MATLS-COSHOCTON  (04403-01)","04403-01",230570,"57 GRAVEL 57SS/02"]
["SHELLY MATLS-COSHOCTON  (04403-01)","04403-01",23008,"8 GRAVEL 8/02"]
["SHELLY MATLS-COSHOCTON  (04403-01)","04403-01",230080,"8 GRAVEL 8SS/02"]
["SHELLY MATLS-COSHOCTON  (04403-01)","04403-01",230081,"8 GRAVEL 8SS/02(.25)"]
["SHELLY MATLS-COSHOCTON  (04403-01)","04403-01","021SD2","SAND, NATURAL /02"]
["SHELLY MATLS-COSHOCTON  (04403-01)","04403-01","021SD23","SAND, NATURAL AI/02"]
["SHELLY MATLS-E.FULTONHAM  (04413-01)","04413-01",25057,"57 CR STONE 57/02"]
["SHELLY MATLS-E.FULTONHAM  (04413-01)","04413-01",25008,"8 CR STONE 8/02"]
["SHELLY MATLS-FOREST  (04020-01)","04020-01",250572,"57 CR ST 451-452"]
["SHELLY MATLS-FOREST  (04020-01)","04020-01",25057,"57 CR STONE 57/02"]
["SHELLY MATLS-FOREST  (04020-01)","04020-01",250570,"57 CR STONE 57SS/02"]
["SHELLY MATLS-FOREST  (04020-01)","04020-01",250081,"8 CR ST 8SS/02 (.25)"]
["SHELLY MATLS-FOREST  (04020-01)","04020-01",25008,"8 CR STONE 8/02"]
["SHELLY MATLS-FOREST  (04020-01)","04020-01",250080,"8 CR STONE 8SS/02"]
["SHELLY MATLS-LANCASTER  (04411-01)","04411-01","021SD2","SAND, NATURAL /02"]
["SHELLY MATLS-LANCASTER  (04411-01)","04411-01","021SD23","SAND, NATURAL AI/02"]
["SHELLY MATLS-MANTUA  (04390-01)","04390-01",23057,"57 GRAVEL 57/02"]
["SHELLY MATLS-MANTUA  (04390-01)","04390-01",23008,"8 GRAVEL 8/02"]
["SHELLY MATLS-MANTUA  (04390-01)","04390-01","021SD2","SAND, NATURAL /02"]
["SHELLY MATLS-NEWARK  (04407-01)","04407-01","021SD2","SAND, NATURAL /02"]
["SHELLY MATLS-NEWARK  (04407-01)","04407-01","021SD23","SAND, NATURAL AI/02"]
["SHELLY MATLS-OSTRANDER  (04519-01)","04519-01",25057,"57 CR STONE 57/02"]
["SHELLY MATLS-OSTRANDER  (04519-01)","04519-01",250570,"57 CR STONE 57SS/02"]
["SHELLY MATLS-OSTRANDER  (04519-01)","04519-01",250081,"8 CR ST 8SS/02 (.25)"]
["SHELLY MATLS-OSTRANDER  (04519-01)","04519-01",25008,"8 CR STONE 8/02"]
["SHELLY MATLS-OSTRANDER  (04519-01)","04519-01",250080,"8 CR STONE 8SS/02"]
["SHELLY MATLS-PORTLAND  (04958-01)","04958-01",230572,"57 GR 451-452/02"]
["SHELLY MATLS-PORTLAND  (04958-01)","04958-01",23057,"57 GRAVEL 57/02"]
["SHELLY MATLS-PORTLAND  (04958-01)","04958-01",230570,"57 GRAVEL 57SS/02"]
["SHELLY MATLS-PORTLAND  (04958-01)","04958-01",23008,"8 GRAVEL 8/02"]
["SHELLY MATLS-PORTLAND  (04958-01)","04958-01",230080,"8 GRAVEL 8SS/02"]
["SHELLY MATLS-PORTLAND  (04958-01)","04958-01","021SD2","SAND, NATURAL /02"]
["SHELLY MATLS-REEDSVILLE  (04945-01)","04945-01",230572,"57 GR 451-452/02"]
["SHELLY MATLS-REEDSVILLE  (04945-01)","04945-01",23057,"57 GRAVEL 57/02"]
["SHELLY MATLS-REEDSVILLE  (04945-01)","04945-01",230570,"57 GRAVEL 57SS/02"]
["SHELLY MATLS-REEDSVILLE  (04945-01)","04945-01",23008,"8 GRAVEL 8/02"]
["SHELLY MATLS-REEDSVILLE  (04945-01)","04945-01",230080,"8 GRAVEL 8SS/02"]
["SHELLY MATLS-REEDSVILLE  (04945-01)","04945-01",230081,"8 GRAVEL 8SS/02(.25)"]
["SHELLY MATLS-REEDSVILLE  (04945-01)","04945-01","021SD2","SAND, NATURAL /02"]
["SHELLY MATLS-SPRINGFIELD  (04652-01)","04652-01",23057,"57 GRAVEL 57/02"]
["SHELLY MATLS-WILLOW ISLAND  (04948-01)","04948-01",230572,"57 GR 451-452/02"]
["SHELLY MATLS-WILLOW ISLAND  (04948-01)","04948-01",23057,"57 GRAVEL 57/02"]
["SHELLY MATLS-WILLOW ISLAND  (04948-01)","04948-01",23008,"8 GRAVEL 8/02"]
["SHELLY MATLS-WILLOW ISLAND  (04948-01)","04948-01","021SD2","SAND, NATURAL /02"]
["SHELLY MATLS-YORK CENTER  (04513-01)","04513-01",250572,"57 CR ST 451-452"]
["SHELLY MATLS-YORK CENTER  (04513-01)","04513-01",25057,"57 CR STONE 57/02"]
["SHELLY MATLS-YORK CENTER  (04513-01)","04513-01",250570,"57 CR STONE 57SS/02"]
["SHELLY MATLS-YORK CENTER  (04513-01)","04513-01",250081,"8 CR ST 8SS/02 (.25)"]
["SHELLY MATLS-YORK CENTER  (04513-01)","04513-01",25008,"8 CR STONE 8/02"]
["SHELLY MATLS-YORK CENTER  (04513-01)","04513-01",250080,"8 CR STONE 8SS/02"]
["SIMAK-N.KINGSVILLE  (04380-01)","04380-01","021SD2","SAND, NATURAL /02"]
["SMALLS S&G-GAMBIER  (04419-01)","04419-01",23057,"57 GRAVEL 57/02"]
["SMALLS S&G-GAMBIER  (04419-01)","04419-01",23008,"8 GRAVEL 8/02"]
["SMALLS S&G-GAMBIER  (04419-01)","04419-01","021SD2","SAND, NATURAL /02"]
["SMALLS S&G-GAMBIER  (04419-01)","04419-01","021SD23","SAND, NATURAL AI/02"]
["SMELTER SD-THESSALON  (04126-01)","04126-01","021SD2","SAND, NATURAL /02"]
["SMELTER SD-THESSALON  (04126-01)","04126-01","021SD23","SAND, NATURAL AI/02"]
["SOBER S&G-ROOTSTOWN  (04377-01)","04377-01","021SD2","SAND, NATURAL /02"]
["SOEHNLEN-BEACH CITY  (05069-01)","05069-01","021SD2","SAND, NATURAL /02"]
["SOEHNLEN-BEACH CITY  (05069-01)","05069-01","021SD23","SAND, NATURAL AI/02"]
["SOUTH S&G-PIKETON  (04805-01)","04805-01","021SD2","SAND, NATURAL /02"]
["STAFFORD GR-BUTLER  (04135-01)","04135-01","021SD2","SAND, NATURAL /02"]
["STAFFORD GR-BUTLER  (04135-01)","04135-01","021SD23","SAND, NATURAL AI/02"]
["STANSLEY-GENOA  (04118-01)","04118-01",25057,"57 CR STONE 57/02"]
["STANSLEY-GENOA  (04118-01)","04118-01",250570,"57 CR STONE 57SS/02"]
["STANSLEY-GENOA  (04118-01)","04118-01",25067,"67 CR STONE 67/02"]
["STANSLEY-GENOA  (04118-01)","04118-01",250670,"67 CR STONE 67SS/02"]
["STANSLEY-GENOA  (04118-01)","04118-01",250081,"8 CR ST 8SS/02 (.25)"]
["STANSLEY-GENOA  (04118-01)","04118-01",25008,"8 CR STONE 8/02"]
["STANSLEY-GENOA  (04118-01)","04118-01",250080,"8 CR STONE 8SS/02"]
["STEIN-LORAIN,ACBF SL  (04208-01)","04208-01",260081,"8 ACBF SL 8SS/02 .25"]
["STEIN-LORAIN,ACBF SL  (04208-01)","04208-01",26008,"8 ACBF SLAG 8/02"]
["STOCKER-GNADENHUTTEN  (09552-01)","09552-01",23057,"57 GRAVEL 57/02"]
["STOCKER-GNADENHUTTEN  (09552-01)","09552-01",230570,"57 GRAVEL 57SS/02"]
["STOCKER-GNADENHUTTEN  (09552-01)","09552-01",23008,"8 GRAVEL 8/02"]
["STOCKER-GNADENHUTTEN  (09552-01)","09552-01",230080,"8 GRAVEL 8SS/02"]
["STOCKER-GNADENHUTTEN  (09552-01)","09552-01",230081,"8 GRAVEL 8SS/02(.25)"]
["STOCKER-GNADENHUTTEN  (09552-01)","09552-01","021SD2","SAND, NATURAL /02"]
["STOCKER-GNADENHUTTEN  (09552-01)","09552-01","021SD23","SAND, NATURAL AI/02"]
["STOCKER-PT.WASHINGTON  (05038-01)","05038-01",23057,"57 GRAVEL 57/02"]
["STOCKER-PT.WASHINGTON  (05038-01)","05038-01",230570,"57 GRAVEL 57SS/02"]
["STOCKER-PT.WASHINGTON  (05038-01)","05038-01",23008,"8 GRAVEL 8/02"]
["STOCKER-PT.WASHINGTON  (05038-01)","05038-01",230080,"8 GRAVEL 8SS/02"]
["STOCKER-PT.WASHINGTON  (05038-01)","05038-01",230081,"8 GRAVEL 8SS/02(.25)"]
["STOCKER-PT.WASHINGTON  (05038-01)","05038-01","021SD2","SAND, NATURAL /02"]
["STOCKER-PT.WASHINGTON  (05038-01)","05038-01","021SD23","SAND, NATURAL AI/02"]
["STONECO-ANN ARBOR,MI  (04160-01)","04160-01","021SD2","SAND, NATURAL /02"]
["STONECO-CELINA  (04622-01)","04622-01",25057,"57 CR STONE 57/02"]
["STONECO-CELINA  (04622-01)","04622-01",250570,"57 CR STONE 57SS/02"]
["STONECO-CELINA  (04622-01)","04622-01",250081,"8 CR ST 8SS/02 (.25)"]
["STONECO-CELINA  (04622-01)","04622-01",25008,"8 CR STONE 8/02"]
["STONECO-CELINA  (04622-01)","04622-01",250080,"8 CR STONE 8SS/02"]
["STONECO-LIME CITY  (04101-01)","04101-01",250572,"57 CR ST 451-452"]
["STONECO-LIME CITY  (04101-01)","04101-01",25057,"57 CR STONE 57/02"]
["STONECO-LIME CITY  (04101-01)","04101-01",250570,"57 CR STONE 57SS/02"]
["STONECO-LIME CITY  (04101-01)","04101-01",250081,"8 CR ST 8SS/02 (.25)"]
["STONECO-LIME CITY  (04101-01)","04101-01",25008,"8 CR STONE 8/02"]
["STONECO-LIME CITY  (04101-01)","04101-01",250080,"8 CR STONE 8SS/02"]
["STONECO-MAUMEE  (04123-01)","04123-01",250572,"57 CR ST 451-452"]
["STONECO-MAUMEE  (04123-01)","04123-01",25057,"57 CR STONE 57/02"]
["STONECO-MAUMEE  (04123-01)","04123-01",250570,"57 CR STONE 57SS/02"]
["STONECO-MOSCOW,MI  (04131-01)","04131-01","021SD2","SAND, NATURAL /02"]
["STONECO-OAKWOOD  (04012-01)","04012-01",250572,"57 CR ST 451-452"]
["STONECO-OAKWOOD  (04012-01)","04012-01",25057,"57 CR STONE 57/02"]
["STONECO-OAKWOOD  (04012-01)","04012-01",250570,"57 CR STONE 57SS/02"]
["STONECO-OAKWOOD  (04012-01)","04012-01",250081,"8 CR ST 8SS/02 (.25)"]
["STONECO-OAKWOOD  (04012-01)","04012-01",25008,"8 CR STONE 8/02"]
["STONECO-OAKWOOD  (04012-01)","04012-01",250080,"8 CR STONE 8SS/02"]
["STONECO-OTTAWA LAKE, MI  (04132-01)","04132-01",25057,"57 CR STONE 57/02"]
["STONECO-OTTAWA LAKE, MI  (04132-01)","04132-01",250570,"57 CR STONE 57SS/02"]
["STONECO-PORTAGE  (04103-01)","04103-01",250572,"57 CR ST 451-452"]
["STONECO-PORTAGE  (04103-01)","04103-01",25057,"57 CR STONE 57/02"]
["STONECO-PORTAGE  (04103-01)","04103-01",250570,"57 CR STONE 57SS/02"]
["STONECO-PORTAGE  (04103-01)","04103-01",250081,"8 CR ST 8SS/02 (.25)"]
["STONECO-PORTAGE  (04103-01)","04103-01",25008,"8 CR STONE 8/02"]
["STONECO-PORTAGE  (04103-01)","04103-01",250080,"8 CR STONE 8SS/02"]
["STONECO-SCOTT  (04013-01)","04013-01",250572,"57 CR ST 451-452"]
["STONECO-SCOTT  (04013-01)","04013-01",25057,"57 CR STONE 57/02"]
["STONECO-SCOTT  (04013-01)","04013-01",250570,"57 CR STONE 57SS/02"]
["STONECO-SCOTT  (04013-01)","04013-01",250081,"8 CR ST 8SS/02 (.25)"]
["STONECO-SCOTT  (04013-01)","04013-01",25008,"8 CR STONE 8/02"]
["STONECO-SCOTT  (04013-01)","04013-01",250080,"8 CR STONE 8SS/02"]
["SUBTROPILIS-PETERSBURG  (04394-01)","04394-01",250572,"57 CR ST 451-452"]
["SUBTROPILIS-PETERSBURG  (04394-01)","04394-01",25057,"57 CR STONE 57/02"]
["SUBTROPILIS-PETERSBURG  (04394-01)","04394-01",250570,"57 CR STONE 57SS/02"]
["SUBTROPILIS-PETERSBURG  (04394-01)","04394-01",25067,"67 CR STONE 67/02"]
["SUBTROPILIS-PETERSBURG  (04394-01)","04394-01",25008,"8 CR STONE 8/02"]
["SUBTROPILIS-PETERSBURG  (04394-01)","04394-01",250080,"8 CR STONE 8SS/02"]
["SUFFIELD-MOGADORE  (04399-01)","04399-01","021SD2","SAND, NATURAL /02"]
["TERRA-MERCER,PA  (04396-01)","04396-01","021SD2","SAND, NATURAL /02"]
["THREE RIVERS AGGREGATE, LLC.-SLIPPERY ROCK #2  (04395-01)","04395-01","021SD2","SAND, NATURAL /02"]
["THREE RIVERS AGGREGATE, LLC.-WAMPUM QUARRY  (04388-01)","04388-01","021SD2","SAND, NATURAL /02"]
["THREE RIVERS AGGREGATES, LLC - BLACK RUN  (04375-01)","04375-01","021SD2","SAND, NATURAL /02"]
["THREE RIVERS AGGREGATES, LLC. - PALMER QUARRY  (04398-01)","04398-01","021SD2","SAND, NATURAL /02"]
["THREE RIVERS AGGREGATES, LLC.- MERCER QUARRY  (04349-01)","04349-01","021SD2","SAND, NATURAL /02"]
["THREE RIVERS AGGREGATES, LLC.- MERCER QUARRY  (04349-01)","04349-01","021SD23","SAND, NATURAL AI/02"]
["TIGER S&G-MASSILLON  (04344-01)","04344-01","021SD2","SAND, NATURAL /02"]
["TOW PATH-FRANKFORT  (04841-01)","04841-01","021SD2","SAND, NATURAL /02"]
["TOW PATH-LUCASVILLE  (04838-01)","04838-01",23008,"8 GRAVEL 8/02"]
["TOW PATH-LUCASVILLE  (04838-01)","04838-01",230080,"8 GRAVEL 8SS/02"]
["TOW PATH-LUCASVILLE  (04838-01)","04838-01",230081,"8 GRAVEL 8SS/02(.25)"]
["TOW PATH-LUCASVILLE  (04838-01)","04838-01","021SD2","SAND, NATURAL /02"]
["TOW PATH-LUCASVILLE  (04838-01)","04838-01","021SD23","SAND, NATURAL AI/02"]
["TUBE CITY-MIDDLETOWN  (04707-01)","04707-01",26057,"57 ACBF SLAG 57/02"]
["TUBE CITY-MIDDLETOWN  (04707-01)","04707-01",260081,"8 ACBF SL 8SS/02 .25"]
["TUBE CITY-MIDDLETOWN  (04707-01)","04707-01",26008,"8 ACBF SLAG 8/02"]
["TUFFCO-PLAIN CITY  (04516-01)","04516-01","021SD2","SAND, NATURAL /02"]
["TUFFCO-PLAIN CITY  (04516-01)","04516-01","021SD23","SAND, NATURAL AI/02"]
["U.S. AGGREGATES, INC.-DECATUR  (04005-01)","04005-01",25068,"68 CR STONE 68/02"]
["U.S. AGGREGATES-RICHMOND,IN  (04709-01)","04709-01",23057,"57 GRAVEL 57/02"]
["U.S. AGGREGATES-RICHMOND,IN  (04709-01)","04709-01",23008,"8 GRAVEL 8/02"]
["U.S. AGGREGATES-RICHMOND,IN  (04709-01)","04709-01","021SD2","SAND, NATURAL /02"]
["UNITED AGG-DANVILLE  (04405-01)","04405-01","021SD2","SAND, NATURAL /02"]
["UNITED AGG-MT.VERNON  (04409-01)","04409-01","021SD2","SAND, NATURAL /02"]
["UNITED AGG-MT.VERNON  (04409-01)","04409-01","021SD23","SAND, NATURAL AI/02"]
["URBANA MATLS-URBANA  (04628-01)","04628-01",23057,"57 GRAVEL 57/02"]
["URBANA MATLS-URBANA  (04628-01)","04628-01",230570,"57 GRAVEL 57SS/02"]
["URBANA MATLS-URBANA  (04628-01)","04628-01",23008,"8 GRAVEL 8/02"]
["URBANA MATLS-URBANA  (04628-01)","04628-01","021SD2","SAND, NATURAL /02"]
["URBANA MATLS-URBANA  (04628-01)","04628-01","021SD23","SAND, NATURAL AI/02"]
["WALHONDLING VALLEY SAND & GRAVEL-WALHONDLING  (04433-01)","04433-01","021SD2","SAND, NATURAL /02"]
["WATSON-CLEVES  (04787-01)","04787-01",23057,"57 GRAVEL 57/02"]
["WATSON-CLEVES  (04787-01)","04787-01",230570,"57 GRAVEL 57SS/02"]
["WATSON-CLEVES  (04787-01)","04787-01",23008,"8 GRAVEL 8/02"]
["WATSON-CLEVES  (04787-01)","04787-01",230080,"8 GRAVEL 8SS/02"]
["WATSON-CLEVES  (04787-01)","04787-01","021SD2","SAND, NATURAL /02"]
["WATSON-HARRISON#2  (04779-01)","04779-01",23057,"57 GRAVEL 57/02"]
["WATSON-HARRISON#2  (04779-01)","04779-01",230570,"57 GRAVEL 57SS/02"]
["WATSON-HARRISON#2  (04779-01)","04779-01",23008,"8 GRAVEL 8/02"]
["WATSON-HARRISON#2  (04779-01)","04779-01",230080,"8 GRAVEL 8SS/02"]
["WATSON-HARRISON#2  (04779-01)","04779-01",230081,"8 GRAVEL 8SS/02(.25)"]
["WATSON-HARRISON#2  (04779-01)","04779-01","021SD2","SAND, NATURAL /02"]
["WATSON-HARRISON#2  (04779-01)","04779-01","021SD23","SAND, NATURAL AI/02"]
["WATSON-MIDDLETOWN  (04744-01)","04744-01",23057,"57 GRAVEL 57/02"]
["WATSON-MIDDLETOWN  (04744-01)","04744-01",230570,"57 GRAVEL 57SS/02"]
["WATSON-MIDDLETOWN  (04744-01)","04744-01",23008,"8 GRAVEL 8/02"]
["WATSON-MIDDLETOWN  (04744-01)","04744-01","021SD2","SAND, NATURAL /02"]
["WATSON-ROSS  (04729-01)","04729-01",23057,"57 GRAVEL 57/02"]
["WATSON-ROSS  (04729-01)","04729-01",230570,"57 GRAVEL 57SS/02"]
["WATSON-ROSS  (04729-01)","04729-01",23008,"8 GRAVEL 8/02"]
["WATSON-ROSS  (04729-01)","04729-01",230080,"8 GRAVEL 8SS/02"]
["WATSON-ROSS  (04729-01)","04729-01",230081,"8 GRAVEL 8SS/02(.25)"]
["WATSON-ROSS  (04729-01)","04729-01","021SD2","SAND, NATURAL /02"]
["WEBER S&G-EDGERTON  (04117-01)","04117-01","021SD2","SAND, NATURAL /02"]
["WEBER S&G-EDGERTON  (04117-01)","04117-01","021SD23","SAND, NATURAL AI/02"]
["WEIDLE S&G-GERMANTOWN  (04650-01)","04650-01",23057,"57 GRAVEL 57/02"]
["WEIDLE S&G-GERMANTOWN  (04650-01)","04650-01",23008,"8 GRAVEL 8/02"]
["WEIDLE S&G-GERMANTOWN  (04650-01)","04650-01","021SD2","SAND, NATURAL /02"]
["WELCH S&G-HAMILTON  (04733-01)","04733-01",23057,"57 GRAVEL 57/02"]
["WELCH S&G-HAMILTON  (04733-01)","04733-01",230570,"57 GRAVEL 57SS/02"]
["WELCH S&G-HAMILTON  (04733-01)","04733-01",23008,"8 GRAVEL 8/02"]
["WELCH S&G-HAMILTON  (04733-01)","04733-01",230080,"8 GRAVEL 8SS/02"]
["WELCH S&G-HAMILTON  (04733-01)","04733-01","021SD2","SAND, NATURAL /02"]
["WEST MILLGROVE STONE-W.MILLGROVE  (04108-01)","04108-01",250572,"57 CR ST 451-452"]
["WEST MILLGROVE STONE-W.MILLGROVE  (04108-01)","04108-01",25057,"57 CR STONE 57/02"]
["WEST MILLGROVE STONE-W.MILLGROVE  (04108-01)","04108-01",250570,"57 CR STONE 57SS/02"]
["WEST MILLGROVE STONE-W.MILLGROVE  (04108-01)","04108-01",25067,"67 CR STONE 67/02"]
["WEST MILLGROVE STONE-W.MILLGROVE  (04108-01)","04108-01",250081,"8 CR ST 8SS/02 (.25)"]
["WEST MILLGROVE STONE-W.MILLGROVE  (04108-01)","04108-01",25008,"8 CR STONE 8/02"]
["WEST MILLGROVE STONE-W.MILLGROVE  (04108-01)","04108-01",250080,"8 CR STONE 8SS/02"]
["WEST MILLGROVE STONE-W.MILLGROVE  (04108-01)","04108-01","025SD2","SAND STONE /02"]
["WEST MILLGROVE STONE-W.MILLGROVE  (4108A-01)","4108A-01",25067,"67 CR STONE 67/02"]
["WESTFALL-CIRCLEVILLE  (04535-01)","04535-01","021SD2","SAND, NATURAL /02"]
["WYANDOT-CAREY  (04017-01)","04017-01",250572,"57 CR ST 451-452"]
["WYANDOT-CAREY  (04017-01)","04017-01",25057,"57 CR STONE 57/02"]
["WYANDOT-CAREY  (04017-01)","04017-01",250570,"57 CR STONE 57SS/02"]
["WYANDOT-CAREY  (04017-01)","04017-01",250081,"8 CR ST 8SS/02 (.25)"]
["WYANDOT-CAREY  (04017-01)","04017-01",25008,"8 CR STONE 8/02"]
["WYANDOT-CAREY  (04017-01)","04017-01",250080,"8 CR STONE 8SS/02"]
["XL S&G-NEGLEY  (05039-01)","05039-01","021SD2","SAND, NATURAL /02"]
["XL S&G-NEGLEY  (05039-01)","05039-01","021SD23","SAND, NATURAL AI/02"]
["YOUNGS S&G-LOUDONVILLE  (04201-01)","04201-01","021SD2","SAND, NATURAL /02"]
["YOUNGS S&G-LOUDONVILLE  (04201-01)","04201-01","021SD23","SAND, NATURAL AI/02"]

{"sheet":"Cm MATL LIST","index":8,"n_rows":130,"n_cols":4,"rows_kept":130,"cut":false,"hidden":true,"merged":[]}
["375IL","CERTIFIED CEMENT SUPPLIER","04302-02","BLENDED CEMENT 1L"]
["375IL","HOLCIM/GENEVIEVE,MO (BLOOMSVILLE)","06868-01","BLENDED CEMENT 1L"]
[37504,"ARMSTRONG/CABOT","06645-01","CEM TYPE 1"]
[37504,"BUZZI UNICEM/CAPE GR","06585-01","CEM TYPE 1"]
[37504,"BUZZI UNICEM/FESTUS","06885-01","CEM TYPE 1"]
[37504,"BUZZI UNICEM/GRNCAST","06586-01","CEM TYPE 1"]
[37504,"CEMEX-KOSMOS/LOUISVL","06590-01","CEM TYPE 1"]
[37504,"CEMEX/FAIRBORN","06564-01","CEM TYPE 1"]
[37504,"CERTIFIED CEMENT SUPPLIER","04302-02","CEM TYPE 1"]
[37504,"CTS CEM-RAPID SET/CA","06789-01","CEM TYPE 1"]
[37504,"ESSROC/LOGANSPORT IN","06566-01","CEM TYPE 1"]
[37504,"ESSROC/MARTNSBURG WV","06772-01","CEM TYPE 1"]
[37504,"ESSROC/NAZARETH PA","06567-01","CEM TYPE 1"]
[37504,"ESSROC/PICTON ONT","06580-01","CEM TYPE 1"]
[37504,"ESSROC/SPEED IN","06569-01","CEM TYPE 1"]
[37504,"FEDERAL WHITE CEM/CN","06858-01","CEM TYPE 1"]
[37504,"HOLCIM/GENEVIEVE,MO (BLOOMSVILLE)","06868-01","CEM TYPE 1"]
[37504,"HOLCIM/HOLLYHILL SC","06574-01","CEM TYPE 1"]
[37504,"HOLCIM/MISSISSAUGA","06575-01","CEM TYPE 1"]
[37504,"LAFARGE/ALPENA MI","06579-01","CEM TYPE 1"]
[37504,"LAFARGE/BATH,ONT","06578-01","CEM TYPE 1"]
[37504,"LAFARGE/DAVENPORT","06709-01","CEM TYPE 1"]
[37504,"LAFARGE/JOPPA-GRAND","06619-01","CEM TYPE 1"]
[37504,"LAFARGE/PAULDING OH","06576-01","CEM TYPE 1"]
[37504,"LAFARGE/WHITEHALL,PA","06581-01","CEM TYPE 1"]
[37504,"LEHIGH/LEEDS AL","06582-01","CEM TYPE 1"]
[37504,"LEHIGH/MITCHELL IN","06563-01","CEM TYPE 1"]
[37504,"LEHIGH/UNION BR MD","06583-01","CEM TYPE 1"]
[37504,"ST.MARYS/BOWMANVILLE","06665-01","CEM TYPE 1"]
[37504,"ST.MARYS/CHARLEVOIX","06587-01","CEM TYPE 1"]
[37504,"ST.MARYS/DETROIT","06592-01","CEM TYPE 1"]
[37504,"ST.MARYS/ST.MARYS","06666-01","CEM TYPE 1"]
[37501,"CEMEX-KOSMOS/LOUISVL","06590-01","CEM TYPE 1A"]
[37501,"CEMEX/FAIRBORN","06564-01","CEM TYPE 1A"]
[37501,"CERTIFIED CEMENT SUPPLIER","04302-02","CEM TYPE 1A"]
[37501,"ESSROC/LOGANSPORT IN","06566-01","CEM TYPE 1A"]
[37501,"ESSROC/SPEED IN","06569-01","CEM TYPE 1A"]
[37501,"LAFARGE/ALPENA MI","06579-01","CEM TYPE 1A"]
[37501,"LAFARGE/PAULDING OH","06576-01","CEM TYPE 1A"]
[37501,"ST.MARYS/DETROIT","06592-01","CEM TYPE 1A"]
[37506,"CERTIFIED CEMENT SUPPLIER","04302-02","CEM TYPE 1SM"]
[37506,"LAFARGE/PAULDING OH","06576-01","CEM TYPE 1SM"]
[37502,"ARMSTRONG/CABOT","06645-01","CEM TYPE 2"]
[37502,"BUZZI UNICEM/CAPE GR","06585-01","CEM TYPE 2"]
[37502,"BUZZI UNICEM/FESTUS","06885-01","CEM TYPE 2"]
[37502,"BUZZI UNICEM/TN","06875-01","CEM TYPE 2"]
[37502,"CEMEX-KOSMOS/LOUISVL","06590-01","CEM TYPE 2"]
[37502,"CEMEX/FAIRBORN","06564-01","CEM TYPE 2"]
[37502,"CERTIFIED CEMENT SUPPLIER","04302-02","CEM TYPE 2"]
[37502,"ESSROC/NAZARETH PA","06567-01","CEM TYPE 2"]
[37502,"ESSROC/PICTON ONT","06580-01","CEM TYPE 2"]
[37502,"ESSROC/SPEED IN","06569-01","CEM TYPE 2"]
[37502,"HOLCIM/GENEVIEVE,MO (BLOOMSVILLE)","06868-01","CEM TYPE 2"]
[37502,"HOLCIM/HOLLYHILL SC","06574-01","CEM TYPE 2"]
[37502,"LAFARGE/ALPENA MI","06579-01","CEM TYPE 2"]
[37502,"LAFARGE/BATH,ONT","06578-01","CEM TYPE 2"]
[37502,"LAFARGE/JOPPA-GRAND","06619-01","CEM TYPE 2"]
[37502,"LEHIGH/MITCHELL IN","06563-01","CEM TYPE 2"]
[37502,"ST.MARYS/ST.MARYS","06666-01","CEM TYPE 2"]
[37505,"ARMSTRONG/CABOT","06645-01","CEM TYPE 3"]
[37505,"BUZZI UNICEM/GRNCAST","06586-01","CEM TYPE 3"]
[37505,"BUZZI UNICEM/TN","06875-01","CEM TYPE 3"]
[37505,"CEMEX/FAIRBORN","06564-01","CEM TYPE 3"]
[37505,"CERTIFIED CEMENT SUPPLIER","04302-02","CEM TYPE 3"]
[37505,"ESSROC/LOGANSPORT IN","06566-01","CEM TYPE 3"]
[37505,"ESSROC/SPEED IN","06569-01","CEM TYPE 3"]
[37505,"HOLCIM/MISSISSAUGA","06575-01","CEM TYPE 3"]
[37505,"LAFARGE/ALPENA MI","06579-01","CEM TYPE 3"]
[37505,"LAFARGE/BATH,ONT","06578-01","CEM TYPE 3"]
[37505,"LAFARGE/PAULDING OH","06576-01","CEM TYPE 3"]
[37505,"LEHIGH/MITCHELL IN","06563-01","CEM TYPE 3"]
[37505,"ST.MARYS/BOWMANVILLE","06665-01","CEM TYPE 3"]
[37505,"ST.MARYS/CHARLEVOIX","06587-01","CEM TYPE 3"]
[37505,"ST.MARYS/DETROIT","06592-01","CEM TYPE 3"]
[37505,"ST.MARYS/ST.MARYS","06666-01","CEM TYPE 3"]
[375121,"CERTIFIED CEMENT SUPPLIER","04302-02","CEM TYPE GU /8% MS"]
[375121,"LAFARGE/PAULDING OH","06576-01","CEM TYPE GU /8% MS"]
[375121,"ST.MARYS/ST.MARYS","06666-01","CEM TYPE GU /8% MS"]
[2002,"AEP/ROCKPORT","06633-01","FLYASH CLASS C"]
[2002,"ALLIANT EDGEWATER","06719-01","FLYASH CLASS C"]
[2002,"ALLIANT/COLUMBIA #1","06720-01","FLYASH CLASS C"]
[2002,"AMEREN/NEWTOWN STA","06855-01","FLYASH CLASS C"]
[2002,"CERTIFIED FLY ASH SUPPLIER","04302-03","FLYASH CLASS C"]
[2002,"CONSUMERS/CAMPBELL","06798-01","FLYASH CLASS C"]
[2002,"DETROIT/BELLE RIV#1","06703-01","FLYASH CLASS C"]
[2002,"DETROIT/BELLE RIV#2","06704-01","FLYASH CLASS C"]
[2002,"FIRST ENERGY/ASHTABU","06774-01","FLYASH CLASS C"]
[2002,"FIRST ENERGY/E LAKE","06795-01","FLYASH CLASS C"]
[2002,"LANSING/ECKERT","06878-01","FLYASH CLASS C"]
[2002,"LANSING/ERICKSON","06879-01","FLYASH CLASS C"]
[2002,"NIPSCO/SCHAFER","06794-01","FLYASH CLASS C"]
[2002,"UNION ELECTRIC/LABADIE","06893-01","FLYASH CLASS C"]
[2002,"UNION POWER/RUSH ISLAND","06894-01","FLYASH CLASS C"]
[2002,"WE ENERGIES/OAK CRK #7","06860-01","FLYASH CLASS C"]
[2002,"WE ENERGIES/OAK CRK #8","06861-01","FLYASH CLASS C"]
[2002,"WE ENGERGIES/PLEASANT PRAIRIE","06707-01","FLYASH CLASS C"]
[2002,"WISC PUB SERV/WESTON #3","06718-01","FLYASH CLASS C"]
[2003,"AEP/AMOS","06649-01","FLYASH CLASS F"]
[2003,"ALLEGHENY ENERGY/FT MARTIN","06769-01","FLYASH CLASS F"]
[2003,"ALLEGHENY/HATFIELD","06708-01","FLYASH CLASS F"]
[2003,"CERTIFIED FLY ASH SUPPLIER","04302-03","FLYASH CLASS F"]
[2003,"CLEV ILL/EASTLAKE #5","06636-01","FLYASH CLASS F"]
[2003,"DETROIT/MONROE","06865-01","FLYASH CLASS F"]
[2003,"DUKE ENERGY/MIAMI #7","06640-01","FLYASH CLASS F"]
[2003,"DUKE ENERGY/MIAMI #8","06694-01","FLYASH CLASS F"]
[2003,"DUKE ENERGY/ZIMMER","06779-01","FLYASH CLASS F"]
[2003,"IPL/PETERSBURG","06827-01","FLYASH CLASS F"]
[2003,"LOUISVL GAS/MILL CRK","06702-01","FLYASH CLASS F"]
[2003,"LOUISVLE GAS/TRIMBLE","06728-01","FLYASH CLASS F"]
[2003,"OHIO EDISON/SAMMIS","06639-01","FLYASH CLASS F"]
[2003,"RELIANT ENERGY/AVON","06642-01","FLYASH CLASS F"]
[37603,"CERTIFIED GGBF SLAG SUPPLIER","04302-04","GRAN SLAG GR 100"]
[37603,"ESSROC SLAG/MIDDLEBR","06595-02","GRAN SLAG GR 100"]
[37603,"HOLCIM SLAG/CHICAGO","06725-01","GRAN SLAG GR 100"]
[37603,"HOLCIM/DETROIT","06856-01","GRAN SLAG GR 100"]
[37603,"LAFARGE SLAG/CHICAGO","06799-01","GRAN SLAG GR 100"]
[37603,"ST.MARYS/DETROIT","06592-01","GRAN SLAG GR 100"]
[37604,"BUZZI UNICEM SLAG/IL","06847-01","GRAN SLAG GR 120"]
[37604,"BUZZI UNICEM SLAG/LA","06781-01","GRAN SLAG GR 120"]
[37604,"CERTIFIED GGBF SLAG SUPPLIER","04302-04","GRAN SLAG GR 120"]
[37604,"ESSROC SLAG/MIDDLEBR","06595-02","GRAN SLAG GR 120"]
[37604,"LAFARGE SLAG/CHICAGO","06799-01","GRAN SLAG GR 120"]
[37601,"BASF CONST CHEMICALS","06528-01","MICRO-SILICA"]
[37601,"CERTIFIED MICRO-SILICA SUPPLIER","04302-05","MICRO-SILICA"]
[37601,"ELKEM MATERIALS/PA","06643-01","MICRO-SILICA"]
[37601,"EUCLID CHEMICAL CO","06511-01","MICRO-SILICA"]
[37601,"GRACE CONST PROD/MA","06517-01","MICRO-SILICA"]
[37601,"HYDRATION KONTROL/KY","06521-01","MICRO-SILICA"]
[37601,"RUSSTECH ADMIX/KY","06546-01","MICRO-SILICA"]
[37601,"SIKA-LYNDHURST NJ","06548-01","MICRO-SILICA"]

{"sheet":"ADMIX PS LIST","index":9,"n_rows":12,"n_cols":2,"rows_kept":12,"cut":false,"hidden":true,"merged":[]}
["BASF CONST CHEMICALS","06528-01"]
["CHRYSO INC/IN","06821-01"]
["CORTEC LAB / MN","06810-01"]
["EUCLID CHEMICAL CO","06511-01"]
["GENERAL RESOURCE/MN","06712-01"]
["GRACE CONST PROD/MA","06517-01"]
["HYCRETE TECH/NJ","06806-01"]
["HYDRATION KONTROL/KY","06521-01"]
["OCCIDENTAL CHEMICAL","06870-01"]
["PREMIERE CONCRETE","06844-01"]
["RUSSTECH ADMIX/KY","06546-01"]
["SIKA-MARION","06547-01"]

{"sheet":"ADMIX PRODUCT LIST","index":10,"n_rows":274,"n_cols":4,"rows_kept":274,"cut":false,"hidden":true,"merged":[]}
["06502-01","CATEXOL 1000SP-MN-C",42106,"TYPE F"]
["06502-01","CATEXOL AE-260",42001," AEA"]
["06502-01","CATEXOL AE-360",42001," AEA"]
["06502-01","CATEXOL CN-CI",43301,"CORR INHIB"]
["06502-01","CATEXOL HYDROSENSE",42110,"TYPE A,F"]
["06502-01","DURAFLUX 44",42110,"TYPE A,F"]
["06502-01","SUPERFLUX 2000 PC",42106,"TYPE F"]
["06502-01","VR CONCENTRATE",42001," AEA"]
["06511-01","*ACCELGUARD HE",42113,"TYPE C,E"]
["06511-01","ACCELGUARD 80",42113,"TYPE C,E"]
["06511-01","ACCELGUARD 90",42113,"TYPE C,E"]
["06511-01","ACCELGUARD NCA",42113,"TYPE C,E"]
["06511-01","AIREXTRA",42001," AEA"]
["06511-01","EUCO AIR MIX",42001," AEA"]
["06511-01","EUCON 1037",42106,"TYPE F"]
["06511-01","EUCON 37",42110,"TYPE A,F"]
["06511-01","EUCON 537",42107,"TYPE G"]
["06511-01","EUCON 727",42104,"TYPE D"]
["06511-01","EUCON A+",42101,"TYPE A"]
["06511-01","EUCON AEA 92S",42001," AEA"]
["06511-01","EUCON AEA-92",42001," AEA"]
["06511-01","EUCON AIR MAC 12",42001," AEA"]
["06511-01","EUCON AIR MIX 200",42001," AEA"]
["06511-01","EUCON AIR MIX 250",42001," AEA"]
["06511-01","EUCON AWA",42203,"ANTI-WASHOUT"]
["06511-01","EUCON CIA",42103,"TYPE C"]
["06511-01","EUCON CIA",43301,"CORR INHIB"]
["06511-01","EUCON MR",42110,"TYPE A,F"]
["06511-01","EUCON MRX",42106,"TYPE F"]
["06511-01","EUCON RETARDER 100",42112,"TYPE B,D"]
["06511-01","EUCON RETARDER 75",42112,"TYPE B,D"]
["06511-01","EUCON SPC",42106,"TYPE F"]
["06511-01","EUCON STASIS",42104,"TYPE D"]
["06511-01","EUCON WR",42109,"TYPE A,D"]
["06511-01","EUCON WR-75",42109,"TYPE A,D"]
["06511-01","EUCON WR-91",42109,"TYPE A,D"]
["06511-01","PLASTOL 341",42110,"TYPE A,F"]
["06511-01","PLASTOL 5000",42106,"TYPE F"]
["06511-01","PLASTOL 5500",42110,"TYPE A,F"]
["06511-01","PLASTOL 6200EXT",42106,"TYPE F"]
["06511-01","PLASTOL 6200EXT",42117," A,F,G/SCC"]
["06511-01","PLASTOL 6400",42110,"TYPE A,F"]
["06511-01","PLASTOL 6400",42117," A,F,G/SCC"]
["06511-01","PLASTOL 6420",42106,"TYPE F"]
["06511-01","PLASTOL 6420",42117," A,F,G/SCC"]
["06511-01","PLASTOL 6425",42106,"TYPE F"]
["06511-01","PLASTOL 6425",42117," A,F,G/SCC"]
["06517-01"," ADVA  XT 2",42101,"TYPE A"]
["06517-01","*DARACCEL",42105,"TYPE E"]
["06517-01","ADVA 140M",42106,"TYPE F"]
["06517-01","ADVA 190",42106,"TYPE F"]
["06517-01","ADVA 195",42110,"TYPE A,F"]
["06517-01","ADVA 405",42117," A,F,G/SCC"]
["06517-01","ADVA CAST 530",42117," A,F,G/SCC"]
["06517-01","ADVA CAST 540",42117," A,F,G/SCC"]
["06517-01","ADVA CAST 555",42106,"TYPE F"]
["06517-01","ADVA CAST 575",42106,"TYPE F"]
["06517-01","ADVA CAST 585",42106,"TYPE F"]
["06517-01","ADVA FLEX",42106,"TYPE F"]
["06517-01","DARACEM-100",42111,"TYPE A,F,G"]
["06517-01","DARACEM-19",42110,"TYPE A,F"]
["06517-01","DARACEM-55",42101,"TYPE A"]
["06517-01","DARACEM-65",42101,"TYPE A"]
["06517-01","DARASET 200",42103,"TYPE C"]
["06517-01","DARASET 400",42103,"TYPE C"]
["06517-01","DARATARD 17",42104,"TYPE D"]
["06517-01","DARATARD HC",42104,"TYPE D"]
["06517-01","DARAVAIR AT60",42001," AEA"]
["06517-01","DARAVAIR-1000",42001," AEA"]
["06517-01","DARAVAIR-1400",42001," AEA"]
["06517-01","DAREX AEA ED",42001," AEA"]
["06517-01","DAREX EH AEA",42001," AEA"]
["06517-01","DAREX II AEA",42001," AEA"]
["06517-01","DCI",43301,"CORR INHIB"]
["06517-01","DCI-S",43301,"CORR INHIB"]
["06517-01","EXP 950",42106,"TYPE F"]
["06517-01","LUBRICON NCA",42113,"TYPE C,E"]
["06517-01","MIRA 110",42101,"TYPE A"]
["06517-01","MIRA 35",42101,"TYPE A"]
["06517-01","MIRA 62",42110,"TYPE A,F"]
["06517-01","POLARSET",42103,"TYPE C"]
["06517-01","RECOVER",42112,"TYPE B,D"]
["06517-01","TERAPAVE AEA",42001," AEA"]
["06517-01","WRDA WITH HYCOL",42101,"TYPE A"]
["06517-01","WRDA-20",42109,"TYPE A,D"]
["06517-01","WRDA-82",42101,"TYPE A"]
["06517-01","ZYLA 630",42101,"TYPE A"]
["06517-01","ZYLA 640",42101,"TYPE A"]
["06517-01","ZYLA R",42112,"TYPE B,D"]
["06521-01","HY-KON 2000N",42101,"TYPE A"]
["06521-01","HY-KON 2000R",42104,"TYPE D"]
["06521-01","HY-KON A E 260",42001," AEA"]
["06521-01","HY-KON NCA",42105,"TYPE E"]
["06521-01","HY-KON WR",42101,"TYPE A"]
["06523-01","IPANEX",42116,"WATERPROOFING"]
["06528-01","*POZZOLITH 122HE",42113,"TYPE C,E"]
["06528-01","DELVO STABILIZER",42112,"TYPE B,D"]
["06528-01","EVERAIR PLUS",42001," AEA"]
["06528-01","GLENIUM 3000NS",42117," A,F,G/SCC"]
["06528-01","GLENIUM 3030NS",42117," A,F,G/SCC"]
["06528-01","GLENIUM 3200HES",42117," A,F,G/SCC"]
["06528-01","GLENIUM 3400 NV",42106,"TYPE F"]
["06528-01","GLENIUM 3400 NV",42110,"TYPE A,F"]
["06528-01","GLENIUM 7500",42110,"TYPE A,F"]
["06528-01","GLENIUM 7700",42106,"TYPE F"]
["06528-01","GLENIUM 7710",42106,"TYPE F"]
["06528-01","GLENIUM 7920",42106,"TYPE F"]
["06528-01","MASTER AIR AE 90",42001," AEA"]
["06528-01","MASTER LIFE CI 222",43301,"CORR INHIB"]
["06528-01","MASTER LIFE CI 30",43301,"CORR INHIB"]
["06528-01","MASTERAIR AE 200",42001," AEA"]
["06528-01","MASTERAIR AE 400",42001," AEA"]
["06528-01","MASTERAIR VR 10",42001," AEA"]
["06528-01","MASTERAIR VR 20",42001," AEA"]
["06528-01","MASTERCELL 25PI",42001," AEA"]
["06528-01","MASTERGLENIUM 3030",42117," A,F,G/SCC"]
["06528-01","MASTERGLENIUM 3400",42106,"TYPE F"]
["06528-01","MASTERGLENIUM 7500",42110,"TYPE A,F"]
["06528-01","MASTERGLENIUM 7700",42106,"TYPE F"]
["06528-01","MASTERGLENIUM 7710",42106,"TYPE F"]
["06528-01","MASTERGLENIUM 7920",42110,"TYPE A,F"]
["06528-01","MASTERPOLYHEED 100",42113,"TYPE C,E"]
["06528-01","MASTERPOLYHEED 1020",42110,"TYPE A,F"]
["06528-01","MASTERPOLYHEED 1025",42110,"TYPE A,F"]
["06528-01","MASTERPOLYHEED 1720",42110,"TYPE A,F"]
["06528-01","MASTERPOLYHEED 1725",42110,"TYPE A,F"]
["06528-01","MASTERPOLYHEED 900",42101,"TYPE A"]
["06528-01","MASTERPOZZOLITH 200",42108,"TYPE A,B,D"]
["06528-01","MASTERPOZZOLITH 322",42101,"TYPE A"]
["06528-01","MASTERPOZZOLITH 700",42108,"TYPE A,B,D"]
["06528-01","MASTERRHEOBUILD 1000",42106,"TYPE F"]
["06528-01","MASTERSET AC 122",42113,"TYPE C,E"]
["06528-01","MASTERSET AC 534",42103,"TYPE C"]
["06528-01","MASTERSET DELVO",42112,"TYPE B,D"]
["06528-01","MASTERSET FP 20",42113,"TYPE C,E"]
["06528-01","MASTERSET R 100",42112,"TYPE B,D"]
["06528-01","MASTERSET R 300",42112,"TYPE B,D"]
["06528-01","MASTERSET R 961",42112,"TYPE B,D"]
["06528-01","MATERPOLYHEED 997",42110,"TYPE A,F"]
["06528-01","MATERPOZZLITH 80",42108,"TYPE A,B,D"]
["06528-01","MB AE 90",42001," AEA"]
["06528-01","MB-VR CONCENTRATE",42001," AEA"]
["06528-01","MB-VR STANDARD",42001," AEA"]
["06528-01","MICRO-AIR",42001," AEA"]
["06528-01","POLYHEED 1020",42110,"TYPE A,F"]
["06528-01","POLYHEED 1025",42110,"TYPE A,F"]
["06528-01","POLYHEED 1720",42110,"TYPE A,F"]
["06528-01","POLYHEED 1725",42110,"TYPE A,F"]
["06528-01","POLYHEED 900",42101,"TYPE A"]
["06528-01","POLYHEED 997",42110,"TYPE A,F"]
["06528-01","POLYHEED FC100",42113,"TYPE C,E"]
["06528-01","POZZOLITH 100XR",42112,"TYPE B,D"]
["06528-01","POZZOLITH 200N",42108,"TYPE A,B,D"]
["06528-01","POZZOLITH 300R",42112,"TYPE B,D"]
["06528-01","POZZOLITH 322N",42101,"TYPE A"]
["06528-01","POZZOLITH 700 N",42108,"TYPE A,B,D"]
["06528-01","POZZOLITH 80",42108,"TYPE A,B,D"]
["06528-01","POZZOLITH 961R",42112,"TYPE B,D"]
["06528-01","POZZOLITH NC534",42103,"TYPE C"]
["06528-01","POZZUTEC 20",42105,"TYPE E"]
["06528-01","POZZUTEC 20+",42113,"TYPE C,E"]
["06528-01","PS-1466",42110,"TYPE A,F"]
["06528-01","PS1466",42110,"TYPE A,F"]
["06528-01","RHEOBUILD 1000",42106,"TYPE F"]
["06528-01","RHEOCELL RHEOFILL",42001," AEA"]
["06528-01","RHEOCRETE 222+",43301,"CORR INHIB"]
["06528-01","RHEOCRETE CNI",43301,"CORR INHIB"]
["06528-01","RHEOMAC UW 450",42203,"ANTI-WASHOUT"]
["06546-01","FINISHEASE NC",42101,"TYPE A"]
["06546-01","LC-400",42101,"TYPE A"]
["06546-01","LC-400P",42109,"TYPE A,D"]
["06546-01","LC-400R",42104,"TYPE D"]
["06546-01","LC-500",42109,"TYPE A,D"]
["06546-01","LCNC-166",42113,"TYPE C,E"]
["06546-01","RAE-260",42001," AEA"]
["06546-01","RSA-10",42001," AEA"]
["06546-01","RUSSTECH RCI",42103,"TYPE C"]
["06546-01","RUSSTECH RCI",43301,"CORR INHIB"]
["06546-01","RUSSTECH RENU",42104,"TYPE D"]
["06546-01","RVR-15",42001," AEA"]
["06546-01","SUPERFLO 2000 RM",42110,"TYPE A,F"]
["06546-01","SUPERFLO 2000 SCC",42117," A,F,G/SCC"]
["06546-01","SUPERFLO 2040 RM",42110,"TYPE A,F"]
["06546-01","SUPERFLO 440",42106,"TYPE F"]
["06546-01","SUPERFLO 443",42106,"TYPE F"]
["06547-01","FERROGARD 901",43301,"CORR INHIB"]
["06547-01","KELCO CRETE",42203,"ANTI-WASHOUT"]
["06547-01","PLASTIMENT",42104,"TYPE D"]
["06547-01","PLASTIMENT ES",42112,"TYPE B,D"]
["06547-01","PLASTOCRETE 100",42101,"TYPE A"]
["06547-01","PLASTOCRETE 161",42108,"TYPE A,B,D"]
["06547-01","PLASTOCRETE-10N",42108,"TYPE A,B,D"]
["06547-01","PLASTOCRETE-80",42101,"TYPE A"]
["06547-01","SIKA AEA-14",42001," AEA"]
["06547-01","SIKA AEA-15",42001," AEA"]
["06547-01","SIKA AER-C",42001," AEA"]
["06547-01","SIKA AIR-260",42001," AEA"]
["06547-01","SIKA AIR-360",42001," AEA"]
["06547-01","SIKA CNI",43301,"CORR INHIB"]
["06547-01","SIKA MULTI AIR",42001," AEA"]
["06547-01","SIKA RAPID 1",42103,"TYPE C"]
["06547-01","SIKA VISCOCRETE 4100",42110,"TYPE A,F"]
["06547-01","SIKA VISCOCRETE 6100",42117," A,F,G/SCC"]
["06547-01","SIKAMENT 100SC",42203,"ANTI-WASHOUT"]
["06547-01","SIKAMENT 686",42110,"TYPE A,F"]
["06547-01","SIKAMENT AFM",42110,"TYPE A,F"]
["06547-01","SIKAMENT SPMN",42110,"TYPE A,F"]
["06547-01","SIKAPLAST 500",42110,"TYPE A,F"]
["06547-01","SIKAPLAST-200",42101,"TYPE A"]
["06547-01","SIKAPLAST-200",42107,"TYPE G"]
["06547-01","SIKAPLAST-300GP",42101,"TYPE A"]
["06547-01","SIKASET NC",42113,"TYPE C,E"]
["06547-01","SIKASET R.H.E.",42113,"TYPE C,E"]
["06547-01","SIKATARD 440",42102,"TYPE B"]
["06547-01","VISCOCRETE 1000",42110,"TYPE A,F"]
["06547-01","VISCOCRETE 2100",42110,"TYPE A,F"]
["06547-01","ViscoCrete 2100",42117," A,F,G/SCC"]
["06547-01","VISCOCRETE 2110",42106,"TYPE F"]
["06547-01","VISOCRETE 6100",42110,"TYPE A,F"]
["06712-01","KB-1200",42101,"TYPE A"]
["06712-01","POLYCHEM 400 NC",42101,"TYPE A"]
["06712-01","POLYCHEM 775",42110,"TYPE A,F"]
["06712-01","POLYCHEM AE",42001," AEA"]
["06712-01","POLYCHEM CI",43301,"CORR INHIB"]
["06712-01","POLYCHEM KB1000",42101,"TYPE A"]
["06712-01","POLYCHEM R",42104,"TYPE D"]
["06712-01","POLYCHEM SA",42001," AEA"]
["06712-01","POLYCHEM SPC",42110,"TYPE A,F"]
["06712-01","POLYCHEM VR",42001," AEA"]
["06712-01","SUPER SET",42103,"TYPE C"]
["06806-01","HYCRETE X1000",43301,"CORR INHIB"]
["06810-01","MCI 2005",43301,"CORR INHIB"]
["06810-01","MCI 2005 NS",43301,"CORR INHIB"]
["06821-01","CHRYSOAIR NVR",42001," AEA"]
["06821-01","CHRYSOAIR R2",42001," AEA"]
["06821-01","CHRYSOFLPROPEL AG",42106,"TYPE F"]
["06821-01","CHRYSOTARD CHR",42102,"TYPE B"]
["06821-01","FLUID OPTIMA 203",42111,"TYPE A,F,G"]
["06821-01","FLUID PREMA 180",42106,"TYPE F"]
["06821-01","FLUID PRIMA 180",42110,"TYPE A,F"]
["06821-01","PLAST OMEGA 101",42101,"TYPE A"]
["06844-01","CONAIR",42001," AEA"]
["06844-01","CONAIR 260",42001," AEA"]
["06844-01","CONAIR TX",42001," AEA"]
["06844-01","CONAIR VR",42001," AEA"]
["06844-01","ECOFLO GREEN",42110,"TYPE A,F"]
["06844-01","IMPEDE CNI",43301,"CORR INHIB"]
["06844-01","NITROCAST 701",42103,"TYPE C"]
["06844-01","NITROCAST K",42103,"TYPE C"]
["06844-01","NITROCAST NC",42103,"TYPE C"]
["06844-01","OPTIFLO 100R",42102,"TYPE B"]
["06844-01","OPTIFLO 100R",42104,"TYPE D"]
["06844-01","OPTIFLO 100R",42112,"TYPE B,D"]
["06844-01","OPTIFLO 50",42101,"TYPE A"]
["06844-01","OPTIFLO 50",42104,"TYPE D"]
["06844-01","OPTIFLO 500",42109,"TYPE A,D"]
["06844-01","OPTIFLO 700",42101,"TYPE A"]
["06844-01","OPTIFLO MR",42101,"TYPE A"]
["06844-01","OPTIFLO MR",42106,"TYPE F"]
["06844-01","OPTIFLO MR",42110,"TYPE A,F"]
["06844-01","OPTIFLO PLUS",42101,"TYPE A"]
["06844-01","OPTIFLO RENU",42104,"TYPE D"]
["06844-01","PROLONG",42102,"TYPE B"]
["06844-01","PROLONG L",42104,"TYPE D"]
["06844-01","PROLONG L",42112,"TYPE B,D"]
["06844-01","ULTRAFLO 2000",42106,"TYPE F"]
["06844-01","ULTRAFLO 4600",42106,"TYPE F"]
["06844-01","ULTRAFLO 5600",42106,"TYPE F"]
["06844-01","ULTRAFLO DP-40",42106,"TYPE F"]
["06870-01","ANHYDROUS",42201,"CA CL 94% MIN"]
["06870-01","DOWFLAKE XTRA",42202,"CA CL32% MIN"]
["06870-01","LIQUIDOW",42202,"CA CL32% MIN"]
["06870-01","LIQUIDOW 32%",42204,"CALC CHLR LIQ 28-42%"]
["08543-01","TETRA FLAKE",42202,"CA CL32% MIN"]